{"id":30357,"date":"2025-03-17T14:48:13","date_gmt":"2025-03-17T13:48:13","guid":{"rendered":"https:\/\/somo-sam.com\/?post_type=product&#038;p=30357"},"modified":"2025-03-17T15:02:10","modified_gmt":"2025-03-17T14:02:10","slug":"bequille-avec-cylindre-europeen-jolly","status":"publish","type":"product","link":"http:\/\/somo-sam.com\/?product=bequille-avec-cylindre-europeen-jolly","title":{"rendered":"BEQUILLE AVEC CYLINDRE EUROPEEN JOLLY"},"content":{"rendered":"<p data-start=\"104\" data-end=\"416\">La <strong data-start=\"128\" data-end=\"145\">poign\u00e9e Jolly<\/strong> est une poign\u00e9e externe universelle et ind\u00e9pendante, con\u00e7ue pour les dispositifs de sortie de secours \u00e0 barillet. Elle est adapt\u00e9e pour l\u2019installation sur des portes avec des profils m\u00e9talliques et est compatible avec une large gamme de dispositifs de sortie de secours.<\/p>\n<p data-start=\"418\" data-end=\"468\"><strong data-start=\"418\" data-end=\"468\">Dispositifs de Sortie de Secours Compatibles :<\/strong><\/p>\n<ul data-start=\"469\" data-end=\"536\">\n<li data-start=\"469\" data-end=\"483\">Ministar 429<\/li>\n<li data-start=\"484\" data-end=\"497\">Minipad 423<\/li>\n<li data-start=\"498\" data-end=\"509\">Touch 445<\/li>\n<li data-start=\"510\" data-end=\"521\">Millenium<\/li>\n<li data-start=\"522\" data-end=\"536\">Composit New<\/li>\n<\/ul>\n<p data-start=\"538\" data-end=\"564\"><strong data-start=\"538\" data-end=\"564\">Versions Disponibles :<\/strong><\/p>\n<ul data-start=\"565\" data-end=\"609\">\n<li data-start=\"565\" data-end=\"579\"><strong data-start=\"567\" data-end=\"579\">Standard<\/strong><\/li>\n<li data-start=\"580\" data-end=\"609\"><strong data-start=\"582\" data-end=\"609\">Avec Micro-Interrupteur<\/strong><\/li>\n<\/ul>\n<p data-start=\"611\" data-end=\"626\"><strong data-start=\"611\" data-end=\"626\">Finitions :<\/strong><\/p>\n<ul data-start=\"627\" data-end=\"647\">\n<li data-start=\"627\" data-end=\"633\">Noir<\/li>\n<li data-start=\"634\" data-end=\"640\">Gris<\/li>\n<li data-start=\"641\" data-end=\"647\">Inox<\/li>\n<\/ul>\n","protected":false},"excerpt":{"rendered":"<p>La poign\u00e9e Jolly est une poign\u00e9e externe universelle et ind\u00e9pendante, con\u00e7ue pour les dispositifs de sortie de secours \u00e0 barillet.<\/p>\n","protected":false},"featured_media":30358,"template":"","meta":{"_acf_changed":false,"_monsterinsights_skip_tracking":false,"_monsterinsights_sitenote_active":false,"_monsterinsights_sitenote_note":"","_monsterinsights_sitenote_category":0},"product_brand":[286],"product_cat":[288,256],"product_tag":[],"class_list":{"0":"post-30357","1":"product","2":"type-product","3":"status-publish","4":"has-post-thumbnail","6":"product_brand-corni","7":"product_cat-accessoire-pour-barre-anti-panique-a-appliquer","8":"product_cat-technique-fermeture","10":"first","11":"instock","12":"taxable","13":"shipping-taxable","14":"purchasable","15":"product-type-variable","16":"add-to-wishlist-after_add_to_cart"},"acf":[],"yoast_head":"<!-- This site is optimized with the Yoast SEO plugin v23.6 - https:\/\/yoast.com\/wordpress\/plugins\/seo\/ -->\n<title>BEQUILLE AVEC CYLINDRE EUROPEEN JOLLY - SOMO S.A.M<\/title>\n<meta name=\"robots\" content=\"index, follow, max-snippet:-1, max-image-preview:large, max-video-preview:-1\" \/>\n<link rel=\"canonical\" href=\"http:\/\/somo-sam.com\/?product=bequille-avec-cylindre-europeen-jolly\" \/>\n<meta property=\"og:locale\" content=\"fr_FR\" \/>\n<meta property=\"og:type\" content=\"article\" \/>\n<meta property=\"og:title\" content=\"BEQUILLE AVEC CYLINDRE EUROPEEN JOLLY - SOMO S.A.M\" \/>\n<meta property=\"og:description\" content=\"La poign\u00e9e Jolly est une poign\u00e9e externe universelle et ind\u00e9pendante, con\u00e7ue pour les dispositifs de sortie de secours \u00e0 barillet.\" \/>\n<meta property=\"og:url\" content=\"http:\/\/somo-sam.com\/?product=bequille-avec-cylindre-europeen-jolly\" \/>\n<meta property=\"og:site_name\" content=\"SOMO S.A.M\" \/>\n<meta property=\"article:modified_time\" content=\"2025-03-17T14:02:10+00:00\" \/>\n<meta property=\"og:image\" content=\"http:\/\/somo-sam.com\/wp-content\/uploads\/2025\/03\/black-jolly-handle-with-nickel-gemma-cylinder_1x1-1.webp\" \/>\n\t<meta property=\"og:image:width\" content=\"1520\" \/>\n\t<meta property=\"og:image:height\" content=\"1520\" \/>\n\t<meta property=\"og:image:type\" content=\"image\/webp\" \/>\n<meta name=\"twitter:card\" content=\"summary_large_image\" \/>\n<meta name=\"twitter:label1\" content=\"Dur\u00e9e de lecture estim\u00e9e\" \/>\n\t<meta name=\"twitter:data1\" content=\"1 minute\" \/>\n<script type=\"application\/ld+json\" class=\"yoast-schema-graph\">{\"@context\":\"https:\/\/schema.org\",\"@graph\":[{\"@type\":\"WebPage\",\"@id\":\"http:\/\/somo-sam.com\/?product=bequille-avec-cylindre-europeen-jolly\",\"url\":\"http:\/\/somo-sam.com\/?product=bequille-avec-cylindre-europeen-jolly\",\"name\":\"BEQUILLE AVEC CYLINDRE EUROPEEN JOLLY - SOMO S.A.M\",\"isPartOf\":{\"@id\":\"http:\/\/somo-sam.com\/#website\"},\"primaryImageOfPage\":{\"@id\":\"http:\/\/somo-sam.com\/?product=bequille-avec-cylindre-europeen-jolly#primaryimage\"},\"image\":{\"@id\":\"http:\/\/somo-sam.com\/?product=bequille-avec-cylindre-europeen-jolly#primaryimage\"},\"thumbnailUrl\":\"http:\/\/somo-sam.com\/wp-content\/uploads\/2025\/03\/black-jolly-handle-with-nickel-gemma-cylinder_1x1-1.webp\",\"datePublished\":\"2025-03-17T13:48:13+00:00\",\"dateModified\":\"2025-03-17T14:02:10+00:00\",\"breadcrumb\":{\"@id\":\"http:\/\/somo-sam.com\/?product=bequille-avec-cylindre-europeen-jolly#breadcrumb\"},\"inLanguage\":\"fr-FR\",\"potentialAction\":[{\"@type\":\"ReadAction\",\"target\":[\"http:\/\/somo-sam.com\/?product=bequille-avec-cylindre-europeen-jolly\"]}]},{\"@type\":\"ImageObject\",\"inLanguage\":\"fr-FR\",\"@id\":\"http:\/\/somo-sam.com\/?product=bequille-avec-cylindre-europeen-jolly#primaryimage\",\"url\":\"http:\/\/somo-sam.com\/wp-content\/uploads\/2025\/03\/black-jolly-handle-with-nickel-gemma-cylinder_1x1-1.webp\",\"contentUrl\":\"http:\/\/somo-sam.com\/wp-content\/uploads\/2025\/03\/black-jolly-handle-with-nickel-gemma-cylinder_1x1-1.webp\",\"width\":1520,\"height\":1520},{\"@type\":\"BreadcrumbList\",\"@id\":\"http:\/\/somo-sam.com\/?product=bequille-avec-cylindre-europeen-jolly#breadcrumb\",\"itemListElement\":[{\"@type\":\"ListItem\",\"position\":1,\"name\":\"Accueil\",\"item\":\"http:\/\/somo-sam.com\/\"},{\"@type\":\"ListItem\",\"position\":2,\"name\":\"Shop\",\"item\":\"https:\/\/somo-sam.com\/?page_id=413\"},{\"@type\":\"ListItem\",\"position\":3,\"name\":\"BEQUILLE AVEC CYLINDRE EUROPEEN JOLLY\"}]},{\"@type\":\"WebSite\",\"@id\":\"http:\/\/somo-sam.com\/#website\",\"url\":\"http:\/\/somo-sam.com\/\",\"name\":\"SOMO S.A.M\",\"description\":\"Votre partenaire en \u00e9quipements h\u00f4teliers et de restauration\",\"potentialAction\":[{\"@type\":\"SearchAction\",\"target\":{\"@type\":\"EntryPoint\",\"urlTemplate\":\"http:\/\/somo-sam.com\/?s={search_term_string}\"},\"query-input\":{\"@type\":\"PropertyValueSpecification\",\"valueRequired\":true,\"valueName\":\"search_term_string\"}}],\"inLanguage\":\"fr-FR\"}]}<\/script>\n<!-- \/ Yoast SEO plugin. -->","yoast_head_json":{"title":"BEQUILLE AVEC CYLINDRE EUROPEEN JOLLY - SOMO S.A.M","robots":{"index":"index","follow":"follow","max-snippet":"max-snippet:-1","max-image-preview":"max-image-preview:large","max-video-preview":"max-video-preview:-1"},"canonical":"http:\/\/somo-sam.com\/?product=bequille-avec-cylindre-europeen-jolly","og_locale":"fr_FR","og_type":"article","og_title":"BEQUILLE AVEC CYLINDRE EUROPEEN JOLLY - SOMO S.A.M","og_description":"La poign\u00e9e Jolly est une poign\u00e9e externe universelle et ind\u00e9pendante, con\u00e7ue pour les dispositifs de sortie de secours \u00e0 barillet.","og_url":"http:\/\/somo-sam.com\/?product=bequille-avec-cylindre-europeen-jolly","og_site_name":"SOMO S.A.M","article_modified_time":"2025-03-17T14:02:10+00:00","og_image":[{"width":1520,"height":1520,"url":"http:\/\/somo-sam.com\/wp-content\/uploads\/2025\/03\/black-jolly-handle-with-nickel-gemma-cylinder_1x1-1.webp","type":"image\/webp"}],"twitter_card":"summary_large_image","twitter_misc":{"Dur\u00e9e de lecture estim\u00e9e":"1 minute"},"schema":{"@context":"https:\/\/schema.org","@graph":[{"@type":"WebPage","@id":"http:\/\/somo-sam.com\/?product=bequille-avec-cylindre-europeen-jolly","url":"http:\/\/somo-sam.com\/?product=bequille-avec-cylindre-europeen-jolly","name":"BEQUILLE AVEC CYLINDRE EUROPEEN JOLLY - SOMO S.A.M","isPartOf":{"@id":"http:\/\/somo-sam.com\/#website"},"primaryImageOfPage":{"@id":"http:\/\/somo-sam.com\/?product=bequille-avec-cylindre-europeen-jolly#primaryimage"},"image":{"@id":"http:\/\/somo-sam.com\/?product=bequille-avec-cylindre-europeen-jolly#primaryimage"},"thumbnailUrl":"http:\/\/somo-sam.com\/wp-content\/uploads\/2025\/03\/black-jolly-handle-with-nickel-gemma-cylinder_1x1-1.webp","datePublished":"2025-03-17T13:48:13+00:00","dateModified":"2025-03-17T14:02:10+00:00","breadcrumb":{"@id":"http:\/\/somo-sam.com\/?product=bequille-avec-cylindre-europeen-jolly#breadcrumb"},"inLanguage":"fr-FR","potentialAction":[{"@type":"ReadAction","target":["http:\/\/somo-sam.com\/?product=bequille-avec-cylindre-europeen-jolly"]}]},{"@type":"ImageObject","inLanguage":"fr-FR","@id":"http:\/\/somo-sam.com\/?product=bequille-avec-cylindre-europeen-jolly#primaryimage","url":"http:\/\/somo-sam.com\/wp-content\/uploads\/2025\/03\/black-jolly-handle-with-nickel-gemma-cylinder_1x1-1.webp","contentUrl":"http:\/\/somo-sam.com\/wp-content\/uploads\/2025\/03\/black-jolly-handle-with-nickel-gemma-cylinder_1x1-1.webp","width":1520,"height":1520},{"@type":"BreadcrumbList","@id":"http:\/\/somo-sam.com\/?product=bequille-avec-cylindre-europeen-jolly#breadcrumb","itemListElement":[{"@type":"ListItem","position":1,"name":"Accueil","item":"http:\/\/somo-sam.com\/"},{"@type":"ListItem","position":2,"name":"Shop","item":"https:\/\/somo-sam.com\/?page_id=413"},{"@type":"ListItem","position":3,"name":"BEQUILLE AVEC CYLINDRE EUROPEEN JOLLY"}]},{"@type":"WebSite","@id":"http:\/\/somo-sam.com\/#website","url":"http:\/\/somo-sam.com\/","name":"SOMO S.A.M","description":"Votre partenaire en \u00e9quipements h\u00f4teliers et de restauration","potentialAction":[{"@type":"SearchAction","target":{"@type":"EntryPoint","urlTemplate":"http:\/\/somo-sam.com\/?s={search_term_string}"},"query-input":{"@type":"PropertyValueSpecification","valueRequired":true,"valueName":"search_term_string"}}],"inLanguage":"fr-FR"}]}},"_links":{"self":[{"href":"http:\/\/somo-sam.com\/index.php?rest_route=\/wp\/v2\/product\/30357","targetHints":{"allow":["GET"]}}],"collection":[{"href":"http:\/\/somo-sam.com\/index.php?rest_route=\/wp\/v2\/product"}],"about":[{"href":"http:\/\/somo-sam.com\/index.php?rest_route=\/wp\/v2\/types\/product"}],"version-history":[{"count":2,"href":"http:\/\/somo-sam.com\/index.php?rest_route=\/wp\/v2\/product\/30357\/revisions"}],"predecessor-version":[{"id":30386,"href":"http:\/\/somo-sam.com\/index.php?rest_route=\/wp\/v2\/product\/30357\/revisions\/30386"}],"wp:featuredmedia":[{"embeddable":true,"href":"http:\/\/somo-sam.com\/index.php?rest_route=\/wp\/v2\/media\/30358"}],"wp:attachment":[{"href":"http:\/\/somo-sam.com\/index.php?rest_route=%2Fwp%2Fv2%2Fmedia&parent=30357"}],"wp:term":[{"taxonomy":"product_brand","embeddable":true,"href":"http:\/\/somo-sam.com\/index.php?rest_route=%2Fwp%2Fv2%2Fproduct_brand&post=30357"},{"taxonomy":"product_cat","embeddable":true,"href":"http:\/\/somo-sam.com\/index.php?rest_route=%2Fwp%2Fv2%2Fproduct_cat&post=30357"},{"taxonomy":"product_tag","embeddable":true,"href":"http:\/\/somo-sam.com\/index.php?rest_route=%2Fwp%2Fv2%2Fproduct_tag&post=30357"}],"curies":[{"name":"wp","href":"https:\/\/api.w.org\/{rel}","templated":true}]}}