{"id":16674,"date":"2025-01-24T11:26:36","date_gmt":"2025-01-24T10:26:36","guid":{"rendered":"https:\/\/somo-sam.com\/?post_type=product&#038;p=16674"},"modified":"2025-02-27T15:44:32","modified_gmt":"2025-02-27T14:44:32","slug":"coffre-a-poser-6-l-code-electronique","status":"publish","type":"product","link":"https:\/\/somo-sam.com\/?product=coffre-a-poser-6-l-code-electronique","title":{"rendered":"COFFRE A POSER 6 L &#8211; CODE ELECTRONIQUE"},"content":{"rendered":"<p>Id\u00e9al pour les h\u00f4tels, complexes touristiques et r\u00e9sidences, ce coffre-fort offre un niveau sup\u00e9rieur de s\u00e9curit\u00e9 et de commodit\u00e9.<\/p>\n<p>\u00c9quip\u00e9 d\u2019une serrure digitale motoris\u00e9e et d\u2019un \u00e9clairage int\u00e9rieur LED, il garantit une visibilit\u00e9 optimale en toutes circonstances.<br \/>\nL\u2019\u00e9cran int\u00e9gr\u00e9 permet de consulter l\u2019historique des 100 derni\u00e8res op\u00e9rations, offrant un contr\u00f4le d\u00e9taill\u00e9 de son utilisation.<br \/>\nPour les situations d\u2019urgence, une cl\u00e9 passe-partout m\u00e9canique est fournie, assurant un acc\u00e8s s\u00e9curis\u00e9 au contenu.<br \/>\nSa fonctionnalit\u00e9 est encore renforc\u00e9e par la pr\u00e9sence d\u2019un port USB pour t\u00e9l\u00e9charger l\u2019historique des op\u00e9rations et d\u2019une option PLUG pour une alimentation directe en 220 V, garantissant un fonctionnement ininterrompu.<\/p>\n<p>Gr\u00e2ce \u00e0 ses trous d\u2019ancrage \u00e0 l\u2019arri\u00e8re et \u00e0 la base pour une installation s\u00e9curis\u00e9e, ce coffre-fort constitue un choix id\u00e9al pour les \u00e9tablissements souhaitant offrir \u00e0 leurs clients une solution fiable pour le stockage des objets de valeur.<\/p>\n","protected":false},"excerpt":{"rendered":"<p>&nbsp;<\/p>\n<p>&nbsp;<\/p>\n","protected":false},"featured_media":16675,"template":"","meta":{"_acf_changed":false,"_monsterinsights_skip_tracking":false,"_monsterinsights_sitenote_active":false,"_monsterinsights_sitenote_note":"","_monsterinsights_sitenote_category":0},"product_brand":[282],"product_cat":[250,35,252],"product_tag":[],"class_list":{"0":"post-16674","1":"product","2":"type-product","3":"status-publish","4":"has-post-thumbnail","6":"product_brand-stark","7":"product_cat-chambre","8":"product_cat-coffre-forts","9":"product_cat-hotellerie","11":"first","12":"instock","13":"taxable","14":"shipping-taxable","15":"purchasable","16":"product-type-simple","17":"add-to-wishlist-after_add_to_cart"},"acf":[],"yoast_head":"<!-- This site is optimized with the Yoast SEO plugin v23.6 - https:\/\/yoast.com\/wordpress\/plugins\/seo\/ -->\n<title>COFFRE A POSER 6 L - CODE ELECTRONIQUE - SOMO S.A.M<\/title>\n<meta name=\"description\" content=\"\u00c9quip\u00e9 d\u2019une serrure digitale motoris\u00e9e et d\u2019un \u00e9clairage int\u00e9rieur LED, il garantit une visibilit\u00e9 optimale en toutes circonstances.L\u2019\u00e9cran int\u00e9gr\u00e9 permet de consulter l\u2019historique des 100 derni\u00e8res op\u00e9rations, offrant un contr\u00f4le d\u00e9taill\u00e9 de son utilisation.\" \/>\n<meta name=\"robots\" content=\"index, follow, max-snippet:-1, max-image-preview:large, max-video-preview:-1\" \/>\n<link rel=\"canonical\" href=\"http:\/\/somo-sam.com\/?product=coffre-a-poser-6-l-code-electronique\" \/>\n<meta property=\"og:locale\" content=\"fr_FR\" \/>\n<meta property=\"og:type\" content=\"article\" \/>\n<meta property=\"og:title\" content=\"COFFRE A POSER 6 L - CODE ELECTRONIQUE - SOMO S.A.M\" \/>\n<meta property=\"og:description\" content=\"\u00c9quip\u00e9 d\u2019une serrure digitale motoris\u00e9e et d\u2019un \u00e9clairage int\u00e9rieur LED, il garantit une visibilit\u00e9 optimale en toutes circonstances.L\u2019\u00e9cran int\u00e9gr\u00e9 permet de consulter l\u2019historique des 100 derni\u00e8res op\u00e9rations, offrant un contr\u00f4le d\u00e9taill\u00e9 de son utilisation.\" \/>\n<meta property=\"og:url\" content=\"http:\/\/somo-sam.com\/?product=coffre-a-poser-6-l-code-electronique\" \/>\n<meta property=\"og:site_name\" content=\"SOMO S.A.M\" \/>\n<meta property=\"article:modified_time\" content=\"2025-02-27T14:44:32+00:00\" \/>\n<meta property=\"og:image\" content=\"http:\/\/somo-sam.com\/wp-content\/uploads\/2025\/01\/Design-sans-titre-3.png\" \/>\n\t<meta property=\"og:image:width\" content=\"1080\" \/>\n\t<meta property=\"og:image:height\" content=\"1080\" \/>\n\t<meta property=\"og:image:type\" content=\"image\/png\" \/>\n<meta name=\"twitter:card\" content=\"summary_large_image\" \/>\n<meta name=\"twitter:label1\" content=\"Dur\u00e9e de lecture estim\u00e9e\" \/>\n\t<meta name=\"twitter:data1\" content=\"1 minute\" \/>\n<script type=\"application\/ld+json\" class=\"yoast-schema-graph\">{\"@context\":\"https:\/\/schema.org\",\"@graph\":[{\"@type\":\"WebPage\",\"@id\":\"http:\/\/somo-sam.com\/?product=coffre-a-poser-6-l-code-electronique\",\"url\":\"http:\/\/somo-sam.com\/?product=coffre-a-poser-6-l-code-electronique\",\"name\":\"COFFRE A POSER 6 L - CODE ELECTRONIQUE - SOMO S.A.M\",\"isPartOf\":{\"@id\":\"http:\/\/somo-sam.com\/#website\"},\"primaryImageOfPage\":{\"@id\":\"http:\/\/somo-sam.com\/?product=coffre-a-poser-6-l-code-electronique#primaryimage\"},\"image\":{\"@id\":\"http:\/\/somo-sam.com\/?product=coffre-a-poser-6-l-code-electronique#primaryimage\"},\"thumbnailUrl\":\"https:\/\/somo-sam.com\/wp-content\/uploads\/2025\/01\/Design-sans-titre-3.png\",\"datePublished\":\"2025-01-24T10:26:36+00:00\",\"dateModified\":\"2025-02-27T14:44:32+00:00\",\"description\":\"\u00c9quip\u00e9 d\u2019une serrure digitale motoris\u00e9e et d\u2019un \u00e9clairage int\u00e9rieur LED, il garantit une visibilit\u00e9 optimale en toutes circonstances.L\u2019\u00e9cran int\u00e9gr\u00e9 permet de consulter l\u2019historique des 100 derni\u00e8res op\u00e9rations, offrant un contr\u00f4le d\u00e9taill\u00e9 de son utilisation.\",\"breadcrumb\":{\"@id\":\"http:\/\/somo-sam.com\/?product=coffre-a-poser-6-l-code-electronique#breadcrumb\"},\"inLanguage\":\"fr-FR\",\"potentialAction\":[{\"@type\":\"ReadAction\",\"target\":[\"http:\/\/somo-sam.com\/?product=coffre-a-poser-6-l-code-electronique\"]}]},{\"@type\":\"ImageObject\",\"inLanguage\":\"fr-FR\",\"@id\":\"http:\/\/somo-sam.com\/?product=coffre-a-poser-6-l-code-electronique#primaryimage\",\"url\":\"https:\/\/somo-sam.com\/wp-content\/uploads\/2025\/01\/Design-sans-titre-3.png\",\"contentUrl\":\"https:\/\/somo-sam.com\/wp-content\/uploads\/2025\/01\/Design-sans-titre-3.png\",\"width\":1080,\"height\":1080},{\"@type\":\"BreadcrumbList\",\"@id\":\"http:\/\/somo-sam.com\/?product=coffre-a-poser-6-l-code-electronique#breadcrumb\",\"itemListElement\":[{\"@type\":\"ListItem\",\"position\":1,\"name\":\"Accueil\",\"item\":\"http:\/\/somo-sam.com\/\"},{\"@type\":\"ListItem\",\"position\":2,\"name\":\"Shop\",\"item\":\"https:\/\/somo-sam.com\/?page_id=413\"},{\"@type\":\"ListItem\",\"position\":3,\"name\":\"COFFRE A POSER 6 L &#8211; CODE ELECTRONIQUE\"}]},{\"@type\":\"WebSite\",\"@id\":\"http:\/\/somo-sam.com\/#website\",\"url\":\"http:\/\/somo-sam.com\/\",\"name\":\"SOMO S.A.M\",\"description\":\"Votre partenaire en \u00e9quipements h\u00f4teliers et de restauration\",\"potentialAction\":[{\"@type\":\"SearchAction\",\"target\":{\"@type\":\"EntryPoint\",\"urlTemplate\":\"http:\/\/somo-sam.com\/?s={search_term_string}\"},\"query-input\":{\"@type\":\"PropertyValueSpecification\",\"valueRequired\":true,\"valueName\":\"search_term_string\"}}],\"inLanguage\":\"fr-FR\"}]}<\/script>\n<!-- \/ Yoast SEO plugin. -->","yoast_head_json":{"title":"COFFRE A POSER 6 L - CODE ELECTRONIQUE - SOMO S.A.M","description":"\u00c9quip\u00e9 d\u2019une serrure digitale motoris\u00e9e et d\u2019un \u00e9clairage int\u00e9rieur LED, il garantit une visibilit\u00e9 optimale en toutes circonstances.L\u2019\u00e9cran int\u00e9gr\u00e9 permet de consulter l\u2019historique des 100 derni\u00e8res op\u00e9rations, offrant un contr\u00f4le d\u00e9taill\u00e9 de son utilisation.","robots":{"index":"index","follow":"follow","max-snippet":"max-snippet:-1","max-image-preview":"max-image-preview:large","max-video-preview":"max-video-preview:-1"},"canonical":"http:\/\/somo-sam.com\/?product=coffre-a-poser-6-l-code-electronique","og_locale":"fr_FR","og_type":"article","og_title":"COFFRE A POSER 6 L - CODE ELECTRONIQUE - SOMO S.A.M","og_description":"\u00c9quip\u00e9 d\u2019une serrure digitale motoris\u00e9e et d\u2019un \u00e9clairage int\u00e9rieur LED, il garantit une visibilit\u00e9 optimale en toutes circonstances.L\u2019\u00e9cran int\u00e9gr\u00e9 permet de consulter l\u2019historique des 100 derni\u00e8res op\u00e9rations, offrant un contr\u00f4le d\u00e9taill\u00e9 de son utilisation.","og_url":"http:\/\/somo-sam.com\/?product=coffre-a-poser-6-l-code-electronique","og_site_name":"SOMO S.A.M","article_modified_time":"2025-02-27T14:44:32+00:00","og_image":[{"width":1080,"height":1080,"url":"http:\/\/somo-sam.com\/wp-content\/uploads\/2025\/01\/Design-sans-titre-3.png","type":"image\/png"}],"twitter_card":"summary_large_image","twitter_misc":{"Dur\u00e9e de lecture estim\u00e9e":"1 minute"},"schema":{"@context":"https:\/\/schema.org","@graph":[{"@type":"WebPage","@id":"http:\/\/somo-sam.com\/?product=coffre-a-poser-6-l-code-electronique","url":"http:\/\/somo-sam.com\/?product=coffre-a-poser-6-l-code-electronique","name":"COFFRE A POSER 6 L - CODE ELECTRONIQUE - SOMO S.A.M","isPartOf":{"@id":"http:\/\/somo-sam.com\/#website"},"primaryImageOfPage":{"@id":"http:\/\/somo-sam.com\/?product=coffre-a-poser-6-l-code-electronique#primaryimage"},"image":{"@id":"http:\/\/somo-sam.com\/?product=coffre-a-poser-6-l-code-electronique#primaryimage"},"thumbnailUrl":"https:\/\/somo-sam.com\/wp-content\/uploads\/2025\/01\/Design-sans-titre-3.png","datePublished":"2025-01-24T10:26:36+00:00","dateModified":"2025-02-27T14:44:32+00:00","description":"\u00c9quip\u00e9 d\u2019une serrure digitale motoris\u00e9e et d\u2019un \u00e9clairage int\u00e9rieur LED, il garantit une visibilit\u00e9 optimale en toutes circonstances.L\u2019\u00e9cran int\u00e9gr\u00e9 permet de consulter l\u2019historique des 100 derni\u00e8res op\u00e9rations, offrant un contr\u00f4le d\u00e9taill\u00e9 de son utilisation.","breadcrumb":{"@id":"http:\/\/somo-sam.com\/?product=coffre-a-poser-6-l-code-electronique#breadcrumb"},"inLanguage":"fr-FR","potentialAction":[{"@type":"ReadAction","target":["http:\/\/somo-sam.com\/?product=coffre-a-poser-6-l-code-electronique"]}]},{"@type":"ImageObject","inLanguage":"fr-FR","@id":"http:\/\/somo-sam.com\/?product=coffre-a-poser-6-l-code-electronique#primaryimage","url":"https:\/\/somo-sam.com\/wp-content\/uploads\/2025\/01\/Design-sans-titre-3.png","contentUrl":"https:\/\/somo-sam.com\/wp-content\/uploads\/2025\/01\/Design-sans-titre-3.png","width":1080,"height":1080},{"@type":"BreadcrumbList","@id":"http:\/\/somo-sam.com\/?product=coffre-a-poser-6-l-code-electronique#breadcrumb","itemListElement":[{"@type":"ListItem","position":1,"name":"Accueil","item":"http:\/\/somo-sam.com\/"},{"@type":"ListItem","position":2,"name":"Shop","item":"https:\/\/somo-sam.com\/?page_id=413"},{"@type":"ListItem","position":3,"name":"COFFRE A POSER 6 L &#8211; CODE ELECTRONIQUE"}]},{"@type":"WebSite","@id":"http:\/\/somo-sam.com\/#website","url":"http:\/\/somo-sam.com\/","name":"SOMO S.A.M","description":"Votre partenaire en \u00e9quipements h\u00f4teliers et de restauration","potentialAction":[{"@type":"SearchAction","target":{"@type":"EntryPoint","urlTemplate":"http:\/\/somo-sam.com\/?s={search_term_string}"},"query-input":{"@type":"PropertyValueSpecification","valueRequired":true,"valueName":"search_term_string"}}],"inLanguage":"fr-FR"}]}},"_links":{"self":[{"href":"https:\/\/somo-sam.com\/index.php?rest_route=\/wp\/v2\/product\/16674","targetHints":{"allow":["GET"]}}],"collection":[{"href":"https:\/\/somo-sam.com\/index.php?rest_route=\/wp\/v2\/product"}],"about":[{"href":"https:\/\/somo-sam.com\/index.php?rest_route=\/wp\/v2\/types\/product"}],"version-history":[{"count":3,"href":"https:\/\/somo-sam.com\/index.php?rest_route=\/wp\/v2\/product\/16674\/revisions"}],"predecessor-version":[{"id":29504,"href":"https:\/\/somo-sam.com\/index.php?rest_route=\/wp\/v2\/product\/16674\/revisions\/29504"}],"wp:featuredmedia":[{"embeddable":true,"href":"https:\/\/somo-sam.com\/index.php?rest_route=\/wp\/v2\/media\/16675"}],"wp:attachment":[{"href":"https:\/\/somo-sam.com\/index.php?rest_route=%2Fwp%2Fv2%2Fmedia&parent=16674"}],"wp:term":[{"taxonomy":"product_brand","embeddable":true,"href":"https:\/\/somo-sam.com\/index.php?rest_route=%2Fwp%2Fv2%2Fproduct_brand&post=16674"},{"taxonomy":"product_cat","embeddable":true,"href":"https:\/\/somo-sam.com\/index.php?rest_route=%2Fwp%2Fv2%2Fproduct_cat&post=16674"},{"taxonomy":"product_tag","embeddable":true,"href":"https:\/\/somo-sam.com\/index.php?rest_route=%2Fwp%2Fv2%2Fproduct_tag&post=16674"}],"curies":[{"name":"wp","href":"https:\/\/api.w.org\/{rel}","templated":true}]}}