{"id":16694,"date":"2025-01-24T11:45:52","date_gmt":"2025-01-24T10:45:52","guid":{"rendered":"https:\/\/somo-sam.com\/?post_type=product&#038;p=16694"},"modified":"2025-02-25T15:21:54","modified_gmt":"2025-02-25T14:21:54","slug":"valera-premium-push-1200w-1600w","status":"publish","type":"product","link":"https:\/\/somo-sam.com\/?product=valera-premium-push-1200w-1600w","title":{"rendered":"Valera Premium PUSH 1200W\/ 1600W"},"content":{"rendered":"<h3 data-start=\"244\" data-end=\"276\">Caract\u00e9ristiques Principales<\/h3>\n<p data-start=\"280\" data-end=\"310\"><strong data-start=\"280\" data-end=\"310\">Interrupteur \u00e0 glissi\u00e8re :<\/strong><\/p>\n<ul>\n<li><strong data-start=\"315\" data-end=\"345\">2 positions de ventilation<\/strong><\/li>\n<li><strong data-start=\"350\" data-end=\"376\">3 positions de chauffe<\/strong><br data-start=\"376\" data-end=\"379\" \/>Permettant un r\u00e9glage pr\u00e9cis pour optimiser la diffusion de la chaleur ou l\u2019air frais.<\/li>\n<\/ul>\n<p><strong data-start=\"471\" data-end=\"490\">Fonction COOL :<\/strong><\/p>\n<p>Position d\u00e9di\u00e9e \u00e0 l\u2019air ti\u00e8de pour rafra\u00eechir l\u2019ambiance sans cr\u00e9er de froid excessif<\/p>\n<p><strong data-start=\"585\" data-end=\"624\">\u00c9l\u00e9ment chauffant \u00e0 onde SECURITY :<\/strong><\/p>\n<p>Technologie innovante assurant une diffusion homog\u00e8ne et s\u00e9curis\u00e9e de la chaleur.<\/p>\n<p data-start=\"714\" data-end=\"728\"><strong data-start=\"714\" data-end=\"728\">Commande :<\/strong><\/p>\n<p>Bouton poussoir on\/off pour une utilisation simple et intuitive.<\/p>\n<p data-start=\"801\" data-end=\"826\"><strong data-start=\"801\" data-end=\"826\">Concentrateur d&#8217;air :<\/strong><\/p>\n<p>Optimise la circulation de l\u2019air pour un confort thermique accru.<\/p>\n<p data-start=\"900\" data-end=\"920\"><strong data-start=\"900\" data-end=\"920\">Cordon spiral\u00e9 :<\/strong><\/p>\n<p>Design pratique facilitant l\u2019installation et le rangement.<\/p>\n<p data-start=\"987\" data-end=\"1018\"><strong data-start=\"987\" data-end=\"1018\">Indice de protection IP20 :<\/strong><\/p>\n<p>Adapt\u00e9 pour une utilisation en int\u00e9rieur.<\/p>\n<p data-start=\"1068\" data-end=\"1096\"><strong data-start=\"1068\" data-end=\"1096\">Puissances disponibles :<\/strong><\/p>\n<p>Choix entre <strong data-start=\"1113\" data-end=\"1122\">1200W<\/strong> et <strong data-start=\"1126\" data-end=\"1135\">1600W<\/strong> pour r\u00e9pondre \u00e0 vos besoins sp\u00e9cifiques.<strong data-start=\"1180\" data-end=\"1209\">Design et Certification :<\/strong><\/p>\n<p><strong data-start=\"1214\" data-end=\"1227\">Couleur :<\/strong> Blanc, s\u2019harmonisant avec tout type d\u2019int\u00e9rieur.<\/p>\n<p><strong data-start=\"1281\" data-end=\"1316\">Certification Europ\u00e9enne (CE) :<\/strong> Version 1200W conforme aux normes de s\u00e9curit\u00e9.<\/p>\n<p data-start=\"1367\" data-end=\"1383\"><strong data-start=\"1367\" data-end=\"1383\">Dimensions :<\/strong><\/p>\n<p><strong data-start=\"1388\" data-end=\"1394\">H:<\/strong> 223 mm <strong data-start=\"1406\" data-end=\"1412\">L:<\/strong> 179 mm <strong data-start=\"1424\" data-end=\"1430\">P:<\/strong> 73 mm<br data-start=\"1436\" data-end=\"1439\" \/>Compact et discret, il s\u2019int\u00e8gre facilement dans votre espace.<\/p>\n<p data-start=\"1507\" data-end=\"1521\"><strong data-start=\"1507\" data-end=\"1521\">Garantie :<\/strong><\/p>\n<p>2 ans pour une tranquillit\u00e9 d\u2019esprit.<\/p>\n","protected":false},"excerpt":{"rendered":"<p data-pm-slice=\"1 1 []\">Bouton poussoir on\/off<\/p>\n<p>Niveau de refroidissement Cool<\/p>\n<p>C\u00e2ble en spirale<\/p>\n<p>2 niveaux de ventilation<\/p>\n<p>3 niveaux de temp\u00e9rature<\/p>\n<p>&nbsp;<\/p>\n<table border=\"0\" cellspacing=\"1\" cellpadding=\"5\">\n<tbody>\n<tr>\n<td colspan=\"2\" bgcolor=\"#F5F5F5\"><b>Donn\u00e9es Techniques<\/b><\/td>\n<\/tr>\n<tr>\n<td valign=\"top\">Puissance<\/td>\n<td valign=\"top\">1600 W<\/td>\n<\/tr>\n<tr>\n<td valign=\"top\">Poids<\/td>\n<td valign=\"top\">410 g (sans c\u00e2ble)<\/td>\n<\/tr>\n<\/tbody>\n<\/table>\n<p>&nbsp;<\/p>\n","protected":false},"featured_media":16695,"template":"","meta":{"_acf_changed":false,"_monsterinsights_skip_tracking":false,"_monsterinsights_sitenote_active":false,"_monsterinsights_sitenote_note":"","_monsterinsights_sitenote_category":0},"product_brand":[279],"product_cat":[252,247,125],"product_tag":[],"class_list":{"0":"post-16694","1":"product","2":"type-product","3":"status-publish","4":"has-post-thumbnail","6":"product_brand-valera","7":"product_cat-hotellerie","8":"product_cat-salle-de-bains","9":"product_cat-seche-cheveux-pistolets","11":"first","12":"instock","13":"taxable","14":"shipping-taxable","15":"purchasable","16":"product-type-variable","17":"add-to-wishlist-after_add_to_cart"},"acf":[],"yoast_head":"<!-- This site is optimized with the Yoast SEO plugin v23.6 - https:\/\/yoast.com\/wordpress\/plugins\/seo\/ -->\n<title>Valera Premium PUSH 1200W\/ 1600W - SOMO S.A.M<\/title>\n<meta name=\"description\" content=\"Ce radiateur chauffant est l\u2019alliance parfaite entre design moderne, performance et s\u00e9curit\u00e9. Gr\u00e2ce \u00e0 ses multiples r\u00e9glages, il s\u2019adapte facilement \u00e0 vos besoins en offrant une chaleur douce ou une ventilation efficace\" \/>\n<meta name=\"robots\" content=\"index, follow, max-snippet:-1, max-image-preview:large, max-video-preview:-1\" \/>\n<link rel=\"canonical\" href=\"https:\/\/somo-sam.com\/?product=valera-premium-push-1200w-1600w\" \/>\n<meta property=\"og:locale\" content=\"fr_FR\" \/>\n<meta property=\"og:type\" content=\"article\" \/>\n<meta property=\"og:title\" content=\"Valera Premium PUSH 1200W\/ 1600W - SOMO S.A.M\" \/>\n<meta property=\"og:description\" content=\"Ce radiateur chauffant est l\u2019alliance parfaite entre design moderne, performance et s\u00e9curit\u00e9. Gr\u00e2ce \u00e0 ses multiples r\u00e9glages, il s\u2019adapte facilement \u00e0 vos besoins en offrant une chaleur douce ou une ventilation efficace\" \/>\n<meta property=\"og:url\" content=\"https:\/\/somo-sam.com\/?product=valera-premium-push-1200w-1600w\" \/>\n<meta property=\"og:site_name\" content=\"SOMO S.A.M\" \/>\n<meta property=\"article:modified_time\" content=\"2025-02-25T14:21:54+00:00\" \/>\n<meta property=\"og:image\" content=\"https:\/\/somo-sam.com\/wp-content\/uploads\/2025\/01\/Design-sans-titre-11.png\" \/>\n\t<meta property=\"og:image:width\" content=\"1080\" \/>\n\t<meta property=\"og:image:height\" content=\"1080\" \/>\n\t<meta property=\"og:image:type\" content=\"image\/png\" \/>\n<meta name=\"twitter:card\" content=\"summary_large_image\" \/>\n<meta name=\"twitter:label1\" content=\"Dur\u00e9e de lecture estim\u00e9e\" \/>\n\t<meta name=\"twitter:data1\" content=\"2 minutes\" \/>\n<script type=\"application\/ld+json\" class=\"yoast-schema-graph\">{\"@context\":\"https:\/\/schema.org\",\"@graph\":[{\"@type\":\"WebPage\",\"@id\":\"https:\/\/somo-sam.com\/?product=valera-premium-push-1200w-1600w\",\"url\":\"https:\/\/somo-sam.com\/?product=valera-premium-push-1200w-1600w\",\"name\":\"Valera Premium PUSH 1200W\/ 1600W - SOMO S.A.M\",\"isPartOf\":{\"@id\":\"http:\/\/somo-sam.com\/#website\"},\"primaryImageOfPage\":{\"@id\":\"https:\/\/somo-sam.com\/?product=valera-premium-push-1200w-1600w#primaryimage\"},\"image\":{\"@id\":\"https:\/\/somo-sam.com\/?product=valera-premium-push-1200w-1600w#primaryimage\"},\"thumbnailUrl\":\"https:\/\/somo-sam.com\/wp-content\/uploads\/2025\/01\/Design-sans-titre-11.png\",\"datePublished\":\"2025-01-24T10:45:52+00:00\",\"dateModified\":\"2025-02-25T14:21:54+00:00\",\"description\":\"Ce radiateur chauffant est l\u2019alliance parfaite entre design moderne, performance et s\u00e9curit\u00e9. Gr\u00e2ce \u00e0 ses multiples r\u00e9glages, il s\u2019adapte facilement \u00e0 vos besoins en offrant une chaleur douce ou une ventilation efficace\",\"breadcrumb\":{\"@id\":\"https:\/\/somo-sam.com\/?product=valera-premium-push-1200w-1600w#breadcrumb\"},\"inLanguage\":\"fr-FR\",\"potentialAction\":[{\"@type\":\"ReadAction\",\"target\":[\"https:\/\/somo-sam.com\/?product=valera-premium-push-1200w-1600w\"]}]},{\"@type\":\"ImageObject\",\"inLanguage\":\"fr-FR\",\"@id\":\"https:\/\/somo-sam.com\/?product=valera-premium-push-1200w-1600w#primaryimage\",\"url\":\"https:\/\/somo-sam.com\/wp-content\/uploads\/2025\/01\/Design-sans-titre-11.png\",\"contentUrl\":\"https:\/\/somo-sam.com\/wp-content\/uploads\/2025\/01\/Design-sans-titre-11.png\",\"width\":1080,\"height\":1080},{\"@type\":\"BreadcrumbList\",\"@id\":\"https:\/\/somo-sam.com\/?product=valera-premium-push-1200w-1600w#breadcrumb\",\"itemListElement\":[{\"@type\":\"ListItem\",\"position\":1,\"name\":\"Accueil\",\"item\":\"http:\/\/somo-sam.com\/\"},{\"@type\":\"ListItem\",\"position\":2,\"name\":\"Shop\",\"item\":\"https:\/\/somo-sam.com\/?page_id=413\"},{\"@type\":\"ListItem\",\"position\":3,\"name\":\"Valera Premium PUSH 1200W\/ 1600W\"}]},{\"@type\":\"WebSite\",\"@id\":\"http:\/\/somo-sam.com\/#website\",\"url\":\"http:\/\/somo-sam.com\/\",\"name\":\"SOMO S.A.M\",\"description\":\"Votre partenaire en \u00e9quipements h\u00f4teliers et de restauration\",\"potentialAction\":[{\"@type\":\"SearchAction\",\"target\":{\"@type\":\"EntryPoint\",\"urlTemplate\":\"http:\/\/somo-sam.com\/?s={search_term_string}\"},\"query-input\":{\"@type\":\"PropertyValueSpecification\",\"valueRequired\":true,\"valueName\":\"search_term_string\"}}],\"inLanguage\":\"fr-FR\"}]}<\/script>\n<!-- \/ Yoast SEO plugin. -->","yoast_head_json":{"title":"Valera Premium PUSH 1200W\/ 1600W - SOMO S.A.M","description":"Ce radiateur chauffant est l\u2019alliance parfaite entre design moderne, performance et s\u00e9curit\u00e9. Gr\u00e2ce \u00e0 ses multiples r\u00e9glages, il s\u2019adapte facilement \u00e0 vos besoins en offrant une chaleur douce ou une ventilation efficace","robots":{"index":"index","follow":"follow","max-snippet":"max-snippet:-1","max-image-preview":"max-image-preview:large","max-video-preview":"max-video-preview:-1"},"canonical":"https:\/\/somo-sam.com\/?product=valera-premium-push-1200w-1600w","og_locale":"fr_FR","og_type":"article","og_title":"Valera Premium PUSH 1200W\/ 1600W - SOMO S.A.M","og_description":"Ce radiateur chauffant est l\u2019alliance parfaite entre design moderne, performance et s\u00e9curit\u00e9. Gr\u00e2ce \u00e0 ses multiples r\u00e9glages, il s\u2019adapte facilement \u00e0 vos besoins en offrant une chaleur douce ou une ventilation efficace","og_url":"https:\/\/somo-sam.com\/?product=valera-premium-push-1200w-1600w","og_site_name":"SOMO S.A.M","article_modified_time":"2025-02-25T14:21:54+00:00","og_image":[{"width":1080,"height":1080,"url":"https:\/\/somo-sam.com\/wp-content\/uploads\/2025\/01\/Design-sans-titre-11.png","type":"image\/png"}],"twitter_card":"summary_large_image","twitter_misc":{"Dur\u00e9e de lecture estim\u00e9e":"2 minutes"},"schema":{"@context":"https:\/\/schema.org","@graph":[{"@type":"WebPage","@id":"https:\/\/somo-sam.com\/?product=valera-premium-push-1200w-1600w","url":"https:\/\/somo-sam.com\/?product=valera-premium-push-1200w-1600w","name":"Valera Premium PUSH 1200W\/ 1600W - SOMO S.A.M","isPartOf":{"@id":"http:\/\/somo-sam.com\/#website"},"primaryImageOfPage":{"@id":"https:\/\/somo-sam.com\/?product=valera-premium-push-1200w-1600w#primaryimage"},"image":{"@id":"https:\/\/somo-sam.com\/?product=valera-premium-push-1200w-1600w#primaryimage"},"thumbnailUrl":"https:\/\/somo-sam.com\/wp-content\/uploads\/2025\/01\/Design-sans-titre-11.png","datePublished":"2025-01-24T10:45:52+00:00","dateModified":"2025-02-25T14:21:54+00:00","description":"Ce radiateur chauffant est l\u2019alliance parfaite entre design moderne, performance et s\u00e9curit\u00e9. Gr\u00e2ce \u00e0 ses multiples r\u00e9glages, il s\u2019adapte facilement \u00e0 vos besoins en offrant une chaleur douce ou une ventilation efficace","breadcrumb":{"@id":"https:\/\/somo-sam.com\/?product=valera-premium-push-1200w-1600w#breadcrumb"},"inLanguage":"fr-FR","potentialAction":[{"@type":"ReadAction","target":["https:\/\/somo-sam.com\/?product=valera-premium-push-1200w-1600w"]}]},{"@type":"ImageObject","inLanguage":"fr-FR","@id":"https:\/\/somo-sam.com\/?product=valera-premium-push-1200w-1600w#primaryimage","url":"https:\/\/somo-sam.com\/wp-content\/uploads\/2025\/01\/Design-sans-titre-11.png","contentUrl":"https:\/\/somo-sam.com\/wp-content\/uploads\/2025\/01\/Design-sans-titre-11.png","width":1080,"height":1080},{"@type":"BreadcrumbList","@id":"https:\/\/somo-sam.com\/?product=valera-premium-push-1200w-1600w#breadcrumb","itemListElement":[{"@type":"ListItem","position":1,"name":"Accueil","item":"http:\/\/somo-sam.com\/"},{"@type":"ListItem","position":2,"name":"Shop","item":"https:\/\/somo-sam.com\/?page_id=413"},{"@type":"ListItem","position":3,"name":"Valera Premium PUSH 1200W\/ 1600W"}]},{"@type":"WebSite","@id":"http:\/\/somo-sam.com\/#website","url":"http:\/\/somo-sam.com\/","name":"SOMO S.A.M","description":"Votre partenaire en \u00e9quipements h\u00f4teliers et de restauration","potentialAction":[{"@type":"SearchAction","target":{"@type":"EntryPoint","urlTemplate":"http:\/\/somo-sam.com\/?s={search_term_string}"},"query-input":{"@type":"PropertyValueSpecification","valueRequired":true,"valueName":"search_term_string"}}],"inLanguage":"fr-FR"}]}},"_links":{"self":[{"href":"https:\/\/somo-sam.com\/index.php?rest_route=\/wp\/v2\/product\/16694","targetHints":{"allow":["GET"]}}],"collection":[{"href":"https:\/\/somo-sam.com\/index.php?rest_route=\/wp\/v2\/product"}],"about":[{"href":"https:\/\/somo-sam.com\/index.php?rest_route=\/wp\/v2\/types\/product"}],"version-history":[{"count":5,"href":"https:\/\/somo-sam.com\/index.php?rest_route=\/wp\/v2\/product\/16694\/revisions"}],"predecessor-version":[{"id":29194,"href":"https:\/\/somo-sam.com\/index.php?rest_route=\/wp\/v2\/product\/16694\/revisions\/29194"}],"wp:featuredmedia":[{"embeddable":true,"href":"https:\/\/somo-sam.com\/index.php?rest_route=\/wp\/v2\/media\/16695"}],"wp:attachment":[{"href":"https:\/\/somo-sam.com\/index.php?rest_route=%2Fwp%2Fv2%2Fmedia&parent=16694"}],"wp:term":[{"taxonomy":"product_brand","embeddable":true,"href":"https:\/\/somo-sam.com\/index.php?rest_route=%2Fwp%2Fv2%2Fproduct_brand&post=16694"},{"taxonomy":"product_cat","embeddable":true,"href":"https:\/\/somo-sam.com\/index.php?rest_route=%2Fwp%2Fv2%2Fproduct_cat&post=16694"},{"taxonomy":"product_tag","embeddable":true,"href":"https:\/\/somo-sam.com\/index.php?rest_route=%2Fwp%2Fv2%2Fproduct_tag&post=16694"}],"curies":[{"name":"wp","href":"https:\/\/api.w.org\/{rel}","templated":true}]}}