{"id":16770,"date":"2025-01-28T10:54:41","date_gmt":"2025-01-28T09:54:41","guid":{"rendered":"https:\/\/somo-sam.com\/?post_type=product&#038;p=16770"},"modified":"2025-02-26T16:55:27","modified_gmt":"2025-02-26T15:55:27","slug":"minibar-a-systeme-peltier-avec-porte-en-verre-30-litres","status":"publish","type":"product","link":"https:\/\/somo-sam.com\/?product=minibar-a-systeme-peltier-avec-porte-en-verre-30-litres","title":{"rendered":"Minibar \u00e0 syst\u00e8me Peltier avec porte en verre \u2013 30 litres"},"content":{"rendered":"<p>Ce minibar \u00e9l\u00e9gant avec porte en verre r\u00e9versible et finition noire s\u2019int\u00e8gre parfaitement dans n\u2019importe quelle chambre d\u2019h\u00f4tel.<\/p>\n<ul>\n<li><strong>Capacit\u00e9 et efficacit\u00e9 de refroidissement<\/strong><br \/>\nAvec une capacit\u00e9 de 30 litres, il maintient une temp\u00e9rature id\u00e9ale comprise entre 8 et 15 \u2103 gr\u00e2ce \u00e0 son syst\u00e8me de r\u00e9frig\u00e9ration R600a et sa technologie Peltier.<\/li>\n<li><strong>Silence et faible consommation<\/strong><br \/>\nFonctionnant \u00e0 une puissance de 63 W avec une tension de 110-250V~ 50-60 Hz, ce minibar est silencieux avec 0 dB, assurant ainsi un sommeil paisible aux clients. Sa faible consommation \u00e9nerg\u00e9tique de 76 kWh\/an garantit durabilit\u00e9 et \u00e9conomies.<\/li>\n<li><strong>\u00c9clairage LED et organisation int\u00e9rieure<\/strong><br \/>\nL\u2019\u00e9clairage LED met en valeur le contenu sans augmenter la consommation \u00e9nerg\u00e9tique, tandis qu\u2019une \u00e9tag\u00e8re int\u00e9rieure permet une organisation pratique de l\u2019espace.<\/li>\n<li><strong>Caract\u00e9ristiques certifi\u00e9es<\/strong><br \/>\nDot\u00e9 de toutes les certifications essentielles, dont le marquage CE, et \u00e9quip\u00e9 d\u2019une prise Schuko compatible avec diff\u00e9rents types de prises, ce minibar est le choix id\u00e9al pour les \u00e9tablissements h\u00f4teliers souhaitant allier fonctionnalit\u00e9 et \u00e9l\u00e9gance.<\/li>\n<\/ul>\n","protected":false},"excerpt":{"rendered":"<h2>Minibar \u00e0 syst\u00e8me Peltier avec porte en verre \u2013 30 litres<\/h2>\n","protected":false},"featured_media":29414,"template":"","meta":{"_acf_changed":false,"_monsterinsights_skip_tracking":false,"_monsterinsights_sitenote_active":false,"_monsterinsights_sitenote_note":"","_monsterinsights_sitenote_category":0},"product_brand":[],"product_cat":[65],"product_tag":[],"class_list":{"0":"post-16770","1":"product","2":"type-product","3":"status-publish","4":"has-post-thumbnail","6":"product_cat-minibars","8":"first","9":"instock","10":"taxable","11":"shipping-taxable","12":"purchasable","13":"product-type-simple","14":"add-to-wishlist-after_add_to_cart"},"acf":[],"yoast_head":"<!-- This site is optimized with the Yoast SEO plugin v23.6 - https:\/\/yoast.com\/wordpress\/plugins\/seo\/ -->\n<title>Minibar \u00e0 syst\u00e8me Peltier avec porte en verre \u2013 30 litres - SOMO S.A.M<\/title>\n<meta name=\"description\" content=\"Avec une capacit\u00e9 brute de 30 litres et nette de 28 litres, et class\u00e9 E en efficacit\u00e9 \u00e9nerg\u00e9tique, il offre une solution efficace pour conserver boissons et encas \u00e0 une temp\u00e9rature id\u00e9ale comprise entre 8 et 15.\" \/>\n<meta name=\"robots\" content=\"index, follow, max-snippet:-1, max-image-preview:large, max-video-preview:-1\" \/>\n<link rel=\"canonical\" href=\"https:\/\/somo-sam.com\/?product=minibar-a-systeme-peltier-avec-porte-en-verre-30-litres\" \/>\n<meta property=\"og:locale\" content=\"fr_FR\" \/>\n<meta property=\"og:type\" content=\"article\" \/>\n<meta property=\"og:title\" content=\"Minibar \u00e0 syst\u00e8me Peltier avec porte en verre \u2013 30 litres - SOMO S.A.M\" \/>\n<meta property=\"og:description\" content=\"Avec une capacit\u00e9 brute de 30 litres et nette de 28 litres, et class\u00e9 E en efficacit\u00e9 \u00e9nerg\u00e9tique, il offre une solution efficace pour conserver boissons et encas \u00e0 une temp\u00e9rature id\u00e9ale comprise entre 8 et 15.\" \/>\n<meta property=\"og:url\" content=\"https:\/\/somo-sam.com\/?product=minibar-a-systeme-peltier-avec-porte-en-verre-30-litres\" \/>\n<meta property=\"og:site_name\" content=\"SOMO S.A.M\" \/>\n<meta property=\"article:modified_time\" content=\"2025-02-26T15:55:27+00:00\" \/>\n<meta property=\"og:image\" content=\"https:\/\/somo-sam.com\/wp-content\/uploads\/2025\/01\/E30VN.png\" \/>\n\t<meta property=\"og:image:width\" content=\"1080\" \/>\n\t<meta property=\"og:image:height\" content=\"1080\" \/>\n\t<meta property=\"og:image:type\" content=\"image\/png\" \/>\n<meta name=\"twitter:card\" content=\"summary_large_image\" \/>\n<meta name=\"twitter:label1\" content=\"Dur\u00e9e de lecture estim\u00e9e\" \/>\n\t<meta name=\"twitter:data1\" content=\"2 minutes\" \/>\n<script type=\"application\/ld+json\" class=\"yoast-schema-graph\">{\"@context\":\"https:\/\/schema.org\",\"@graph\":[{\"@type\":\"WebPage\",\"@id\":\"https:\/\/somo-sam.com\/?product=minibar-a-systeme-peltier-avec-porte-en-verre-30-litres\",\"url\":\"https:\/\/somo-sam.com\/?product=minibar-a-systeme-peltier-avec-porte-en-verre-30-litres\",\"name\":\"Minibar \u00e0 syst\u00e8me Peltier avec porte en verre \u2013 30 litres - SOMO S.A.M\",\"isPartOf\":{\"@id\":\"http:\/\/somo-sam.com\/#website\"},\"primaryImageOfPage\":{\"@id\":\"https:\/\/somo-sam.com\/?product=minibar-a-systeme-peltier-avec-porte-en-verre-30-litres#primaryimage\"},\"image\":{\"@id\":\"https:\/\/somo-sam.com\/?product=minibar-a-systeme-peltier-avec-porte-en-verre-30-litres#primaryimage\"},\"thumbnailUrl\":\"https:\/\/somo-sam.com\/wp-content\/uploads\/2025\/01\/E30VN.png\",\"datePublished\":\"2025-01-28T09:54:41+00:00\",\"dateModified\":\"2025-02-26T15:55:27+00:00\",\"description\":\"Avec une capacit\u00e9 brute de 30 litres et nette de 28 litres, et class\u00e9 E en efficacit\u00e9 \u00e9nerg\u00e9tique, il offre une solution efficace pour conserver boissons et encas \u00e0 une temp\u00e9rature id\u00e9ale comprise entre 8 et 15.\",\"breadcrumb\":{\"@id\":\"https:\/\/somo-sam.com\/?product=minibar-a-systeme-peltier-avec-porte-en-verre-30-litres#breadcrumb\"},\"inLanguage\":\"fr-FR\",\"potentialAction\":[{\"@type\":\"ReadAction\",\"target\":[\"https:\/\/somo-sam.com\/?product=minibar-a-systeme-peltier-avec-porte-en-verre-30-litres\"]}]},{\"@type\":\"ImageObject\",\"inLanguage\":\"fr-FR\",\"@id\":\"https:\/\/somo-sam.com\/?product=minibar-a-systeme-peltier-avec-porte-en-verre-30-litres#primaryimage\",\"url\":\"https:\/\/somo-sam.com\/wp-content\/uploads\/2025\/01\/E30VN.png\",\"contentUrl\":\"https:\/\/somo-sam.com\/wp-content\/uploads\/2025\/01\/E30VN.png\",\"width\":1080,\"height\":1080},{\"@type\":\"BreadcrumbList\",\"@id\":\"https:\/\/somo-sam.com\/?product=minibar-a-systeme-peltier-avec-porte-en-verre-30-litres#breadcrumb\",\"itemListElement\":[{\"@type\":\"ListItem\",\"position\":1,\"name\":\"Accueil\",\"item\":\"http:\/\/somo-sam.com\/\"},{\"@type\":\"ListItem\",\"position\":2,\"name\":\"Shop\",\"item\":\"https:\/\/somo-sam.com\/?page_id=413\"},{\"@type\":\"ListItem\",\"position\":3,\"name\":\"Minibar \u00e0 syst\u00e8me Peltier avec porte en verre \u2013 30 litres\"}]},{\"@type\":\"WebSite\",\"@id\":\"http:\/\/somo-sam.com\/#website\",\"url\":\"http:\/\/somo-sam.com\/\",\"name\":\"SOMO S.A.M\",\"description\":\"Votre partenaire en \u00e9quipements h\u00f4teliers et de restauration\",\"potentialAction\":[{\"@type\":\"SearchAction\",\"target\":{\"@type\":\"EntryPoint\",\"urlTemplate\":\"http:\/\/somo-sam.com\/?s={search_term_string}\"},\"query-input\":{\"@type\":\"PropertyValueSpecification\",\"valueRequired\":true,\"valueName\":\"search_term_string\"}}],\"inLanguage\":\"fr-FR\"}]}<\/script>\n<!-- \/ Yoast SEO plugin. -->","yoast_head_json":{"title":"Minibar \u00e0 syst\u00e8me Peltier avec porte en verre \u2013 30 litres - SOMO S.A.M","description":"Avec une capacit\u00e9 brute de 30 litres et nette de 28 litres, et class\u00e9 E en efficacit\u00e9 \u00e9nerg\u00e9tique, il offre une solution efficace pour conserver boissons et encas \u00e0 une temp\u00e9rature id\u00e9ale comprise entre 8 et 15.","robots":{"index":"index","follow":"follow","max-snippet":"max-snippet:-1","max-image-preview":"max-image-preview:large","max-video-preview":"max-video-preview:-1"},"canonical":"https:\/\/somo-sam.com\/?product=minibar-a-systeme-peltier-avec-porte-en-verre-30-litres","og_locale":"fr_FR","og_type":"article","og_title":"Minibar \u00e0 syst\u00e8me Peltier avec porte en verre \u2013 30 litres - SOMO S.A.M","og_description":"Avec une capacit\u00e9 brute de 30 litres et nette de 28 litres, et class\u00e9 E en efficacit\u00e9 \u00e9nerg\u00e9tique, il offre une solution efficace pour conserver boissons et encas \u00e0 une temp\u00e9rature id\u00e9ale comprise entre 8 et 15.","og_url":"https:\/\/somo-sam.com\/?product=minibar-a-systeme-peltier-avec-porte-en-verre-30-litres","og_site_name":"SOMO S.A.M","article_modified_time":"2025-02-26T15:55:27+00:00","og_image":[{"width":1080,"height":1080,"url":"https:\/\/somo-sam.com\/wp-content\/uploads\/2025\/01\/E30VN.png","type":"image\/png"}],"twitter_card":"summary_large_image","twitter_misc":{"Dur\u00e9e de lecture estim\u00e9e":"2 minutes"},"schema":{"@context":"https:\/\/schema.org","@graph":[{"@type":"WebPage","@id":"https:\/\/somo-sam.com\/?product=minibar-a-systeme-peltier-avec-porte-en-verre-30-litres","url":"https:\/\/somo-sam.com\/?product=minibar-a-systeme-peltier-avec-porte-en-verre-30-litres","name":"Minibar \u00e0 syst\u00e8me Peltier avec porte en verre \u2013 30 litres - SOMO S.A.M","isPartOf":{"@id":"http:\/\/somo-sam.com\/#website"},"primaryImageOfPage":{"@id":"https:\/\/somo-sam.com\/?product=minibar-a-systeme-peltier-avec-porte-en-verre-30-litres#primaryimage"},"image":{"@id":"https:\/\/somo-sam.com\/?product=minibar-a-systeme-peltier-avec-porte-en-verre-30-litres#primaryimage"},"thumbnailUrl":"https:\/\/somo-sam.com\/wp-content\/uploads\/2025\/01\/E30VN.png","datePublished":"2025-01-28T09:54:41+00:00","dateModified":"2025-02-26T15:55:27+00:00","description":"Avec une capacit\u00e9 brute de 30 litres et nette de 28 litres, et class\u00e9 E en efficacit\u00e9 \u00e9nerg\u00e9tique, il offre une solution efficace pour conserver boissons et encas \u00e0 une temp\u00e9rature id\u00e9ale comprise entre 8 et 15.","breadcrumb":{"@id":"https:\/\/somo-sam.com\/?product=minibar-a-systeme-peltier-avec-porte-en-verre-30-litres#breadcrumb"},"inLanguage":"fr-FR","potentialAction":[{"@type":"ReadAction","target":["https:\/\/somo-sam.com\/?product=minibar-a-systeme-peltier-avec-porte-en-verre-30-litres"]}]},{"@type":"ImageObject","inLanguage":"fr-FR","@id":"https:\/\/somo-sam.com\/?product=minibar-a-systeme-peltier-avec-porte-en-verre-30-litres#primaryimage","url":"https:\/\/somo-sam.com\/wp-content\/uploads\/2025\/01\/E30VN.png","contentUrl":"https:\/\/somo-sam.com\/wp-content\/uploads\/2025\/01\/E30VN.png","width":1080,"height":1080},{"@type":"BreadcrumbList","@id":"https:\/\/somo-sam.com\/?product=minibar-a-systeme-peltier-avec-porte-en-verre-30-litres#breadcrumb","itemListElement":[{"@type":"ListItem","position":1,"name":"Accueil","item":"http:\/\/somo-sam.com\/"},{"@type":"ListItem","position":2,"name":"Shop","item":"https:\/\/somo-sam.com\/?page_id=413"},{"@type":"ListItem","position":3,"name":"Minibar \u00e0 syst\u00e8me Peltier avec porte en verre \u2013 30 litres"}]},{"@type":"WebSite","@id":"http:\/\/somo-sam.com\/#website","url":"http:\/\/somo-sam.com\/","name":"SOMO S.A.M","description":"Votre partenaire en \u00e9quipements h\u00f4teliers et de restauration","potentialAction":[{"@type":"SearchAction","target":{"@type":"EntryPoint","urlTemplate":"http:\/\/somo-sam.com\/?s={search_term_string}"},"query-input":{"@type":"PropertyValueSpecification","valueRequired":true,"valueName":"search_term_string"}}],"inLanguage":"fr-FR"}]}},"_links":{"self":[{"href":"https:\/\/somo-sam.com\/index.php?rest_route=\/wp\/v2\/product\/16770","targetHints":{"allow":["GET"]}}],"collection":[{"href":"https:\/\/somo-sam.com\/index.php?rest_route=\/wp\/v2\/product"}],"about":[{"href":"https:\/\/somo-sam.com\/index.php?rest_route=\/wp\/v2\/types\/product"}],"version-history":[{"count":6,"href":"https:\/\/somo-sam.com\/index.php?rest_route=\/wp\/v2\/product\/16770\/revisions"}],"predecessor-version":[{"id":29418,"href":"https:\/\/somo-sam.com\/index.php?rest_route=\/wp\/v2\/product\/16770\/revisions\/29418"}],"wp:featuredmedia":[{"embeddable":true,"href":"https:\/\/somo-sam.com\/index.php?rest_route=\/wp\/v2\/media\/29414"}],"wp:attachment":[{"href":"https:\/\/somo-sam.com\/index.php?rest_route=%2Fwp%2Fv2%2Fmedia&parent=16770"}],"wp:term":[{"taxonomy":"product_brand","embeddable":true,"href":"https:\/\/somo-sam.com\/index.php?rest_route=%2Fwp%2Fv2%2Fproduct_brand&post=16770"},{"taxonomy":"product_cat","embeddable":true,"href":"https:\/\/somo-sam.com\/index.php?rest_route=%2Fwp%2Fv2%2Fproduct_cat&post=16770"},{"taxonomy":"product_tag","embeddable":true,"href":"https:\/\/somo-sam.com\/index.php?rest_route=%2Fwp%2Fv2%2Fproduct_tag&post=16770"}],"curies":[{"name":"wp","href":"https:\/\/api.w.org\/{rel}","templated":true}]}}