{"id":28738,"date":"2025-02-17T17:21:18","date_gmt":"2025-02-17T16:21:18","guid":{"rendered":"https:\/\/somo-sam.com\/?post_type=product&#038;p=28738"},"modified":"2026-04-10T13:41:55","modified_gmt":"2026-04-10T11:41:55","slug":"valera-tuyau-de-rechange-pour-hotello-blanc","status":"publish","type":"product","link":"https:\/\/somo-sam.com\/?product=valera-tuyau-de-rechange-pour-hotello-blanc","title":{"rendered":"FLEXIBLE de rechange pour HOTELLO VALERA"},"content":{"rendered":"<p data-start=\"129\" data-end=\"210\"><strong data-start=\"129\" data-end=\"210\">Flexible de Rechange Compatible avec S\u00e8che-Cheveux Hotello &#8211; Pratique et Durable<\/strong><\/p>\n<p data-start=\"212\" data-end=\"623\">Le <strong data-start=\"215\" data-end=\"278\">flexible de rechange compatible avec les s\u00e8che-cheveux Hotello<\/strong> est la solution id\u00e9ale pour garantir la long\u00e9vit\u00e9 et le bon fonctionnement de vos appareils Hotello. Con\u00e7u pour s&#8217;adapter parfaitement \u00e0 tous les mod\u00e8les de s\u00e8che-cheveux de la marque <strong data-start=\"463\" data-end=\"474\">Hotello<\/strong>, ce tuyau est un accessoire indispensable pour remplacer un tuyau us\u00e9 ou endommag\u00e9, tout en maintenant les performances optimales de votre appareil.<\/p>\n<p data-start=\"625\" data-end=\"915\"><strong data-start=\"625\" data-end=\"641\">Applications<\/strong> :<br data-start=\"643\" data-end=\"646\" \/>Ce flexible de rechange est con\u00e7u pour une utilisation dans des environnements non publics tels que <strong data-start=\"743\" data-end=\"767\">les chambres d&#8217;h\u00f4tes<\/strong>, <strong data-start=\"769\" data-end=\"783\">les h\u00f4tels<\/strong>, <strong data-start=\"785\" data-end=\"808\">les maisons d&#8217;h\u00f4tes<\/strong>, <strong data-start=\"810\" data-end=\"835\">les cabines de bateau<\/strong> et <strong data-start=\"839\" data-end=\"862\">les maisons priv\u00e9es<\/strong>, o\u00f9 la durabilit\u00e9 et la praticit\u00e9 sont essentielles.<\/p>\n<p data-start=\"625\" data-end=\"915\"><strong>3 couleurs<\/strong> : Noir, Blanc ou Gris\/noir<\/p>\n","protected":false},"excerpt":{"rendered":"<h3>FLEXIBLE de rechange pour HOTELLO VALERA<\/h3>\n","protected":false},"featured_media":28739,"template":"","meta":{"_acf_changed":false,"_monsterinsights_skip_tracking":false,"_monsterinsights_sitenote_active":false,"_monsterinsights_sitenote_note":"","_monsterinsights_sitenote_category":0},"product_brand":[279],"product_cat":[252,247,278],"product_tag":[],"class_list":{"0":"post-28738","1":"product","2":"type-product","3":"status-publish","4":"has-post-thumbnail","6":"product_brand-valera","7":"product_cat-hotellerie","8":"product_cat-salle-de-bains","9":"product_cat-tuyau-de-rechange","11":"first","12":"instock","13":"taxable","14":"shipping-taxable","15":"purchasable","16":"product-type-variable","17":"add-to-wishlist-after_add_to_cart"},"acf":[],"yoast_head":"<!-- This site is optimized with the Yoast SEO plugin v23.6 - https:\/\/yoast.com\/wordpress\/plugins\/seo\/ -->\n<title>FLEXIBLE de rechange pour HOTELLO VALERA - SOMO S.A.M<\/title>\n<meta name=\"description\" content=\"Tuyau de rechange compatible avec tous les s\u00e8che-cheveux Hotello. Id\u00e9al pour une utilisation dans les chambres d&#039;h\u00f4tes, h\u00f4tels, maisons priv\u00e9es et cabines de bateau. Facile \u00e0 installer, pratique et durable.\" \/>\n<meta name=\"robots\" content=\"index, follow, max-snippet:-1, max-image-preview:large, max-video-preview:-1\" \/>\n<link rel=\"canonical\" href=\"http:\/\/somo-sam.com\/?product=valera-tuyau-de-rechange-pour-hotello-blanc\" \/>\n<meta property=\"og:locale\" content=\"fr_FR\" \/>\n<meta property=\"og:type\" content=\"article\" \/>\n<meta property=\"og:title\" content=\"FLEXIBLE de rechange pour HOTELLO VALERA - SOMO S.A.M\" \/>\n<meta property=\"og:description\" content=\"Tuyau de rechange compatible avec tous les s\u00e8che-cheveux Hotello. Id\u00e9al pour une utilisation dans les chambres d&#039;h\u00f4tes, h\u00f4tels, maisons priv\u00e9es et cabines de bateau. Facile \u00e0 installer, pratique et durable.\" \/>\n<meta property=\"og:url\" content=\"http:\/\/somo-sam.com\/?product=valera-tuyau-de-rechange-pour-hotello-blanc\" \/>\n<meta property=\"og:site_name\" content=\"SOMO S.A.M\" \/>\n<meta property=\"article:modified_time\" content=\"2026-04-10T11:41:55+00:00\" \/>\n<meta property=\"og:image\" content=\"http:\/\/somo-sam.com\/wp-content\/uploads\/2025\/02\/rechange-valera-hotello.png\" \/>\n\t<meta property=\"og:image:width\" content=\"1080\" \/>\n\t<meta property=\"og:image:height\" content=\"1080\" \/>\n\t<meta property=\"og:image:type\" content=\"image\/png\" \/>\n<meta name=\"twitter:card\" content=\"summary_large_image\" \/>\n<meta name=\"twitter:label1\" content=\"Dur\u00e9e de lecture estim\u00e9e\" \/>\n\t<meta name=\"twitter:data1\" content=\"1 minute\" \/>\n<script type=\"application\/ld+json\" class=\"yoast-schema-graph\">{\"@context\":\"https:\/\/schema.org\",\"@graph\":[{\"@type\":\"WebPage\",\"@id\":\"http:\/\/somo-sam.com\/?product=valera-tuyau-de-rechange-pour-hotello-blanc\",\"url\":\"http:\/\/somo-sam.com\/?product=valera-tuyau-de-rechange-pour-hotello-blanc\",\"name\":\"FLEXIBLE de rechange pour HOTELLO VALERA - SOMO S.A.M\",\"isPartOf\":{\"@id\":\"http:\/\/somo-sam.com\/#website\"},\"primaryImageOfPage\":{\"@id\":\"http:\/\/somo-sam.com\/?product=valera-tuyau-de-rechange-pour-hotello-blanc#primaryimage\"},\"image\":{\"@id\":\"http:\/\/somo-sam.com\/?product=valera-tuyau-de-rechange-pour-hotello-blanc#primaryimage\"},\"thumbnailUrl\":\"https:\/\/somo-sam.com\/wp-content\/uploads\/2025\/02\/rechange-valera-hotello.png\",\"datePublished\":\"2025-02-17T16:21:18+00:00\",\"dateModified\":\"2026-04-10T11:41:55+00:00\",\"description\":\"Tuyau de rechange compatible avec tous les s\u00e8che-cheveux Hotello. Id\u00e9al pour une utilisation dans les chambres d'h\u00f4tes, h\u00f4tels, maisons priv\u00e9es et cabines de bateau. Facile \u00e0 installer, pratique et durable.\",\"breadcrumb\":{\"@id\":\"http:\/\/somo-sam.com\/?product=valera-tuyau-de-rechange-pour-hotello-blanc#breadcrumb\"},\"inLanguage\":\"fr-FR\",\"potentialAction\":[{\"@type\":\"ReadAction\",\"target\":[\"http:\/\/somo-sam.com\/?product=valera-tuyau-de-rechange-pour-hotello-blanc\"]}]},{\"@type\":\"ImageObject\",\"inLanguage\":\"fr-FR\",\"@id\":\"http:\/\/somo-sam.com\/?product=valera-tuyau-de-rechange-pour-hotello-blanc#primaryimage\",\"url\":\"https:\/\/somo-sam.com\/wp-content\/uploads\/2025\/02\/rechange-valera-hotello.png\",\"contentUrl\":\"https:\/\/somo-sam.com\/wp-content\/uploads\/2025\/02\/rechange-valera-hotello.png\",\"width\":1080,\"height\":1080},{\"@type\":\"BreadcrumbList\",\"@id\":\"http:\/\/somo-sam.com\/?product=valera-tuyau-de-rechange-pour-hotello-blanc#breadcrumb\",\"itemListElement\":[{\"@type\":\"ListItem\",\"position\":1,\"name\":\"Accueil\",\"item\":\"http:\/\/somo-sam.com\/\"},{\"@type\":\"ListItem\",\"position\":2,\"name\":\"Shop\",\"item\":\"https:\/\/somo-sam.com\/?page_id=413\"},{\"@type\":\"ListItem\",\"position\":3,\"name\":\"FLEXIBLE de rechange pour HOTELLO VALERA\"}]},{\"@type\":\"WebSite\",\"@id\":\"http:\/\/somo-sam.com\/#website\",\"url\":\"http:\/\/somo-sam.com\/\",\"name\":\"SOMO S.A.M\",\"description\":\"Votre partenaire en \u00e9quipements h\u00f4teliers et de restauration\",\"potentialAction\":[{\"@type\":\"SearchAction\",\"target\":{\"@type\":\"EntryPoint\",\"urlTemplate\":\"http:\/\/somo-sam.com\/?s={search_term_string}\"},\"query-input\":{\"@type\":\"PropertyValueSpecification\",\"valueRequired\":true,\"valueName\":\"search_term_string\"}}],\"inLanguage\":\"fr-FR\"}]}<\/script>\n<!-- \/ Yoast SEO plugin. -->","yoast_head_json":{"title":"FLEXIBLE de rechange pour HOTELLO VALERA - SOMO S.A.M","description":"Tuyau de rechange compatible avec tous les s\u00e8che-cheveux Hotello. Id\u00e9al pour une utilisation dans les chambres d'h\u00f4tes, h\u00f4tels, maisons priv\u00e9es et cabines de bateau. Facile \u00e0 installer, pratique et durable.","robots":{"index":"index","follow":"follow","max-snippet":"max-snippet:-1","max-image-preview":"max-image-preview:large","max-video-preview":"max-video-preview:-1"},"canonical":"http:\/\/somo-sam.com\/?product=valera-tuyau-de-rechange-pour-hotello-blanc","og_locale":"fr_FR","og_type":"article","og_title":"FLEXIBLE de rechange pour HOTELLO VALERA - SOMO S.A.M","og_description":"Tuyau de rechange compatible avec tous les s\u00e8che-cheveux Hotello. Id\u00e9al pour une utilisation dans les chambres d'h\u00f4tes, h\u00f4tels, maisons priv\u00e9es et cabines de bateau. Facile \u00e0 installer, pratique et durable.","og_url":"http:\/\/somo-sam.com\/?product=valera-tuyau-de-rechange-pour-hotello-blanc","og_site_name":"SOMO S.A.M","article_modified_time":"2026-04-10T11:41:55+00:00","og_image":[{"width":1080,"height":1080,"url":"http:\/\/somo-sam.com\/wp-content\/uploads\/2025\/02\/rechange-valera-hotello.png","type":"image\/png"}],"twitter_card":"summary_large_image","twitter_misc":{"Dur\u00e9e de lecture estim\u00e9e":"1 minute"},"schema":{"@context":"https:\/\/schema.org","@graph":[{"@type":"WebPage","@id":"http:\/\/somo-sam.com\/?product=valera-tuyau-de-rechange-pour-hotello-blanc","url":"http:\/\/somo-sam.com\/?product=valera-tuyau-de-rechange-pour-hotello-blanc","name":"FLEXIBLE de rechange pour HOTELLO VALERA - SOMO S.A.M","isPartOf":{"@id":"http:\/\/somo-sam.com\/#website"},"primaryImageOfPage":{"@id":"http:\/\/somo-sam.com\/?product=valera-tuyau-de-rechange-pour-hotello-blanc#primaryimage"},"image":{"@id":"http:\/\/somo-sam.com\/?product=valera-tuyau-de-rechange-pour-hotello-blanc#primaryimage"},"thumbnailUrl":"https:\/\/somo-sam.com\/wp-content\/uploads\/2025\/02\/rechange-valera-hotello.png","datePublished":"2025-02-17T16:21:18+00:00","dateModified":"2026-04-10T11:41:55+00:00","description":"Tuyau de rechange compatible avec tous les s\u00e8che-cheveux Hotello. Id\u00e9al pour une utilisation dans les chambres d'h\u00f4tes, h\u00f4tels, maisons priv\u00e9es et cabines de bateau. Facile \u00e0 installer, pratique et durable.","breadcrumb":{"@id":"http:\/\/somo-sam.com\/?product=valera-tuyau-de-rechange-pour-hotello-blanc#breadcrumb"},"inLanguage":"fr-FR","potentialAction":[{"@type":"ReadAction","target":["http:\/\/somo-sam.com\/?product=valera-tuyau-de-rechange-pour-hotello-blanc"]}]},{"@type":"ImageObject","inLanguage":"fr-FR","@id":"http:\/\/somo-sam.com\/?product=valera-tuyau-de-rechange-pour-hotello-blanc#primaryimage","url":"https:\/\/somo-sam.com\/wp-content\/uploads\/2025\/02\/rechange-valera-hotello.png","contentUrl":"https:\/\/somo-sam.com\/wp-content\/uploads\/2025\/02\/rechange-valera-hotello.png","width":1080,"height":1080},{"@type":"BreadcrumbList","@id":"http:\/\/somo-sam.com\/?product=valera-tuyau-de-rechange-pour-hotello-blanc#breadcrumb","itemListElement":[{"@type":"ListItem","position":1,"name":"Accueil","item":"http:\/\/somo-sam.com\/"},{"@type":"ListItem","position":2,"name":"Shop","item":"https:\/\/somo-sam.com\/?page_id=413"},{"@type":"ListItem","position":3,"name":"FLEXIBLE de rechange pour HOTELLO VALERA"}]},{"@type":"WebSite","@id":"http:\/\/somo-sam.com\/#website","url":"http:\/\/somo-sam.com\/","name":"SOMO S.A.M","description":"Votre partenaire en \u00e9quipements h\u00f4teliers et de restauration","potentialAction":[{"@type":"SearchAction","target":{"@type":"EntryPoint","urlTemplate":"http:\/\/somo-sam.com\/?s={search_term_string}"},"query-input":{"@type":"PropertyValueSpecification","valueRequired":true,"valueName":"search_term_string"}}],"inLanguage":"fr-FR"}]}},"_links":{"self":[{"href":"https:\/\/somo-sam.com\/index.php?rest_route=\/wp\/v2\/product\/28738","targetHints":{"allow":["GET"]}}],"collection":[{"href":"https:\/\/somo-sam.com\/index.php?rest_route=\/wp\/v2\/product"}],"about":[{"href":"https:\/\/somo-sam.com\/index.php?rest_route=\/wp\/v2\/types\/product"}],"version-history":[{"count":4,"href":"https:\/\/somo-sam.com\/index.php?rest_route=\/wp\/v2\/product\/28738\/revisions"}],"predecessor-version":[{"id":32230,"href":"https:\/\/somo-sam.com\/index.php?rest_route=\/wp\/v2\/product\/28738\/revisions\/32230"}],"wp:featuredmedia":[{"embeddable":true,"href":"https:\/\/somo-sam.com\/index.php?rest_route=\/wp\/v2\/media\/28739"}],"wp:attachment":[{"href":"https:\/\/somo-sam.com\/index.php?rest_route=%2Fwp%2Fv2%2Fmedia&parent=28738"}],"wp:term":[{"taxonomy":"product_brand","embeddable":true,"href":"https:\/\/somo-sam.com\/index.php?rest_route=%2Fwp%2Fv2%2Fproduct_brand&post=28738"},{"taxonomy":"product_cat","embeddable":true,"href":"https:\/\/somo-sam.com\/index.php?rest_route=%2Fwp%2Fv2%2Fproduct_cat&post=28738"},{"taxonomy":"product_tag","embeddable":true,"href":"https:\/\/somo-sam.com\/index.php?rest_route=%2Fwp%2Fv2%2Fproduct_tag&post=28738"}],"curies":[{"name":"wp","href":"https:\/\/api.w.org\/{rel}","templated":true}]}}