{"id":28780,"date":"2025-02-18T13:57:52","date_gmt":"2025-02-18T12:57:52","guid":{"rendered":"https:\/\/somo-sam.com\/?post_type=product&#038;p=28780"},"modified":"2026-04-10T13:33:18","modified_gmt":"2026-04-10T11:33:18","slug":"valera-hotello-super-ac-black-1400w","status":"publish","type":"product","link":"https:\/\/somo-sam.com\/?product=valera-hotello-super-ac-black-1400w","title":{"rendered":"HOTELLO Super AC 1400W VALERA"},"content":{"rendered":"<p data-start=\"168\" data-end=\"604\">Le <strong data-start=\"171\" data-end=\"204\">Valera Hotello Super AC <\/strong>est un s\u00e8che-cheveux professionnel con\u00e7u pour offrir une ventilation puissante et un s\u00e9chage rapide gr\u00e2ce \u00e0 son groupe de ventilation de nouvelle g\u00e9n\u00e9ration. Il allie s\u00e9curit\u00e9, praticit\u00e9 et confort, avec des fonctionnalit\u00e9s avanc\u00e9es telles que la mise en marche automatique, une minuterie de s\u00e9curit\u00e9 et une poign\u00e9e rotative &#8220;cool-touch&#8221; pour un usage optimal dans les environnements professionnels.<\/p>\n<p data-start=\"606\" data-end=\"640\"><strong data-start=\"606\" data-end=\"640\">Caract\u00e9ristiques principales :<\/strong><\/p>\n<ul data-start=\"641\" data-end=\"1890\">\n<li data-start=\"641\" data-end=\"781\"><strong data-start=\"643\" data-end=\"668\">Ventilation puissante<\/strong> : \u00c9quip\u00e9 d&#8217;un nouveau groupe de ventilation, ce mod\u00e8le assure un flux d&#8217;air exceptionnel pour un s\u00e9chage rapide.<\/li>\n<li data-start=\"782\" data-end=\"921\"><strong data-start=\"784\" data-end=\"814\">Mise en marche automatique<\/strong> : Le s\u00e8che-cheveux d\u00e9marre automatiquement d\u00e8s que la poign\u00e9e est retir\u00e9e pour une utilisation simplifi\u00e9e.<\/li>\n<li data-start=\"922\" data-end=\"1057\"><strong data-start=\"924\" data-end=\"949\">Minuterie de s\u00e9curit\u00e9<\/strong> : Arr\u00eat automatique au bout de 8 minutes d\u2019utilisation continue pour garantir la s\u00e9curit\u00e9 de l&#8217;utilisateur.<\/li>\n<li data-start=\"1058\" data-end=\"1204\"><strong data-start=\"1060\" data-end=\"1091\">Poign\u00e9e rotative cool-touch<\/strong> : Assure un confort d\u2019utilisation avec une temp\u00e9rature ext\u00e9rieure r\u00e9duite, m\u00eame apr\u00e8s une utilisation prolong\u00e9e.<\/li>\n<li data-start=\"1205\" data-end=\"1346\"><strong data-start=\"1207\" data-end=\"1233\">Montage mural pratique<\/strong> : Facilit\u00e9 d\u2019installation sans ouvrir l\u2019appareil, avec vis et chevilles incluses pour un montage mural s\u00e9curis\u00e9.<\/li>\n<li data-start=\"1347\" data-end=\"1464\"><strong data-start=\"1349\" data-end=\"1377\">Degr\u00e9 de protection IP34<\/strong> : R\u00e9sistant aux projections d&#8217;eau, id\u00e9al pour une utilisation en environnement humide.<\/li>\n<li data-start=\"1465\" data-end=\"1559\"><strong data-start=\"1467\" data-end=\"1504\">\u00c9l\u00e9ment chauffant \u00e0 onde Security<\/strong> : Pour une chaleur homog\u00e8ne et une s\u00e9curit\u00e9 renforc\u00e9e.<\/li>\n<li data-start=\"1560\" data-end=\"1666\"><strong data-start=\"1562\" data-end=\"1604\">Moteur collecteur \u00e0 courant alternatif<\/strong> : Offre des performances robustes et une longue dur\u00e9e de vie.<\/li>\n<li data-start=\"1667\" data-end=\"1796\"><strong data-start=\"1669\" data-end=\"1706\">Options de raccordement flexibles<\/strong> : Possibilit\u00e9 de raccordement \u00e9lectrique fixe ou direct via fiche pour plus de commodit\u00e9.<\/li>\n<li data-start=\"1797\" data-end=\"1890\"><strong data-start=\"1799\" data-end=\"1829\">Transformateur de s\u00e9curit\u00e9<\/strong> : Pour une protection accrue contre les risques \u00e9lectriques.<\/li>\n<li data-start=\"1797\" data-end=\"1890\"><strong>2 couleurs<\/strong> : Noir ou blanc<\/li>\n<\/ul>\n","protected":false},"excerpt":{"rendered":"<h3 data-start=\"1892\" data-end=\"1908\">HOTELLO Super AC 1400W VALERA<\/h3>\n","protected":false},"featured_media":28781,"template":"","meta":{"_acf_changed":false,"_monsterinsights_skip_tracking":false,"_monsterinsights_sitenote_active":false,"_monsterinsights_sitenote_note":"","_monsterinsights_sitenote_category":0},"product_brand":[],"product_cat":[252,247,127],"product_tag":[],"class_list":{"0":"post-28780","1":"product","2":"type-product","3":"status-publish","4":"has-post-thumbnail","6":"product_cat-hotellerie","7":"product_cat-salle-de-bains","8":"product_cat-seche-cheveux-muraux","10":"first","11":"instock","12":"taxable","13":"shipping-taxable","14":"purchasable","15":"product-type-variable","16":"add-to-wishlist-after_add_to_cart"},"acf":[],"yoast_head":"<!-- This site is optimized with the Yoast SEO plugin v23.6 - https:\/\/yoast.com\/wordpress\/plugins\/seo\/ -->\n<title>HOTELLO Super AC 1400W VALERA - SOMO S.A.M<\/title>\n<meta name=\"description\" content=\"D\u00e9couvrez le s\u00e8che-cheveux professionnel Valera Hotello Super AC : Ventilation puissante, mise en marche automatique, s\u00e9curit\u00e9 renforc\u00e9e, et montage mural facile. Id\u00e9al pour h\u00f4tels et salons. Puissance 1400 W, protection IP34.\" \/>\n<meta name=\"robots\" content=\"index, follow, max-snippet:-1, max-image-preview:large, max-video-preview:-1\" \/>\n<link rel=\"canonical\" href=\"https:\/\/somo-sam.com\/?product=valera-hotello-super-ac-black-1400w\" \/>\n<meta property=\"og:locale\" content=\"fr_FR\" \/>\n<meta property=\"og:type\" content=\"article\" \/>\n<meta property=\"og:title\" content=\"HOTELLO Super AC 1400W VALERA - SOMO S.A.M\" \/>\n<meta property=\"og:description\" content=\"D\u00e9couvrez le s\u00e8che-cheveux professionnel Valera Hotello Super AC : Ventilation puissante, mise en marche automatique, s\u00e9curit\u00e9 renforc\u00e9e, et montage mural facile. Id\u00e9al pour h\u00f4tels et salons. Puissance 1400 W, protection IP34.\" \/>\n<meta property=\"og:url\" content=\"https:\/\/somo-sam.com\/?product=valera-hotello-super-ac-black-1400w\" \/>\n<meta property=\"og:site_name\" content=\"SOMO S.A.M\" \/>\n<meta property=\"article:modified_time\" content=\"2026-04-10T11:33:18+00:00\" \/>\n<meta property=\"og:image\" content=\"https:\/\/somo-sam.com\/wp-content\/uploads\/2025\/02\/Valera-Hotello-Super-AC-Black-2.png\" \/>\n\t<meta property=\"og:image:width\" content=\"1080\" \/>\n\t<meta property=\"og:image:height\" content=\"1080\" \/>\n\t<meta property=\"og:image:type\" content=\"image\/png\" \/>\n<meta name=\"twitter:card\" content=\"summary_large_image\" \/>\n<meta name=\"twitter:label1\" content=\"Dur\u00e9e de lecture estim\u00e9e\" \/>\n\t<meta name=\"twitter:data1\" content=\"2 minutes\" \/>\n<script type=\"application\/ld+json\" class=\"yoast-schema-graph\">{\"@context\":\"https:\/\/schema.org\",\"@graph\":[{\"@type\":\"WebPage\",\"@id\":\"https:\/\/somo-sam.com\/?product=valera-hotello-super-ac-black-1400w\",\"url\":\"https:\/\/somo-sam.com\/?product=valera-hotello-super-ac-black-1400w\",\"name\":\"HOTELLO Super AC 1400W VALERA - SOMO S.A.M\",\"isPartOf\":{\"@id\":\"http:\/\/somo-sam.com\/#website\"},\"primaryImageOfPage\":{\"@id\":\"https:\/\/somo-sam.com\/?product=valera-hotello-super-ac-black-1400w#primaryimage\"},\"image\":{\"@id\":\"https:\/\/somo-sam.com\/?product=valera-hotello-super-ac-black-1400w#primaryimage\"},\"thumbnailUrl\":\"https:\/\/somo-sam.com\/wp-content\/uploads\/2025\/02\/Valera-Hotello-Super-AC-Black-2.png\",\"datePublished\":\"2025-02-18T12:57:52+00:00\",\"dateModified\":\"2026-04-10T11:33:18+00:00\",\"description\":\"D\u00e9couvrez le s\u00e8che-cheveux professionnel Valera Hotello Super AC : Ventilation puissante, mise en marche automatique, s\u00e9curit\u00e9 renforc\u00e9e, et montage mural facile. Id\u00e9al pour h\u00f4tels et salons. Puissance 1400 W, protection IP34.\",\"breadcrumb\":{\"@id\":\"https:\/\/somo-sam.com\/?product=valera-hotello-super-ac-black-1400w#breadcrumb\"},\"inLanguage\":\"fr-FR\",\"potentialAction\":[{\"@type\":\"ReadAction\",\"target\":[\"https:\/\/somo-sam.com\/?product=valera-hotello-super-ac-black-1400w\"]}]},{\"@type\":\"ImageObject\",\"inLanguage\":\"fr-FR\",\"@id\":\"https:\/\/somo-sam.com\/?product=valera-hotello-super-ac-black-1400w#primaryimage\",\"url\":\"https:\/\/somo-sam.com\/wp-content\/uploads\/2025\/02\/Valera-Hotello-Super-AC-Black-2.png\",\"contentUrl\":\"https:\/\/somo-sam.com\/wp-content\/uploads\/2025\/02\/Valera-Hotello-Super-AC-Black-2.png\",\"width\":1080,\"height\":1080},{\"@type\":\"BreadcrumbList\",\"@id\":\"https:\/\/somo-sam.com\/?product=valera-hotello-super-ac-black-1400w#breadcrumb\",\"itemListElement\":[{\"@type\":\"ListItem\",\"position\":1,\"name\":\"Accueil\",\"item\":\"http:\/\/somo-sam.com\/\"},{\"@type\":\"ListItem\",\"position\":2,\"name\":\"Shop\",\"item\":\"https:\/\/somo-sam.com\/?page_id=413\"},{\"@type\":\"ListItem\",\"position\":3,\"name\":\"HOTELLO Super AC 1400W VALERA\"}]},{\"@type\":\"WebSite\",\"@id\":\"http:\/\/somo-sam.com\/#website\",\"url\":\"http:\/\/somo-sam.com\/\",\"name\":\"SOMO S.A.M\",\"description\":\"Votre partenaire en \u00e9quipements h\u00f4teliers et de restauration\",\"potentialAction\":[{\"@type\":\"SearchAction\",\"target\":{\"@type\":\"EntryPoint\",\"urlTemplate\":\"http:\/\/somo-sam.com\/?s={search_term_string}\"},\"query-input\":{\"@type\":\"PropertyValueSpecification\",\"valueRequired\":true,\"valueName\":\"search_term_string\"}}],\"inLanguage\":\"fr-FR\"}]}<\/script>\n<!-- \/ Yoast SEO plugin. -->","yoast_head_json":{"title":"HOTELLO Super AC 1400W VALERA - SOMO S.A.M","description":"D\u00e9couvrez le s\u00e8che-cheveux professionnel Valera Hotello Super AC : Ventilation puissante, mise en marche automatique, s\u00e9curit\u00e9 renforc\u00e9e, et montage mural facile. Id\u00e9al pour h\u00f4tels et salons. Puissance 1400 W, protection IP34.","robots":{"index":"index","follow":"follow","max-snippet":"max-snippet:-1","max-image-preview":"max-image-preview:large","max-video-preview":"max-video-preview:-1"},"canonical":"https:\/\/somo-sam.com\/?product=valera-hotello-super-ac-black-1400w","og_locale":"fr_FR","og_type":"article","og_title":"HOTELLO Super AC 1400W VALERA - SOMO S.A.M","og_description":"D\u00e9couvrez le s\u00e8che-cheveux professionnel Valera Hotello Super AC : Ventilation puissante, mise en marche automatique, s\u00e9curit\u00e9 renforc\u00e9e, et montage mural facile. Id\u00e9al pour h\u00f4tels et salons. Puissance 1400 W, protection IP34.","og_url":"https:\/\/somo-sam.com\/?product=valera-hotello-super-ac-black-1400w","og_site_name":"SOMO S.A.M","article_modified_time":"2026-04-10T11:33:18+00:00","og_image":[{"width":1080,"height":1080,"url":"https:\/\/somo-sam.com\/wp-content\/uploads\/2025\/02\/Valera-Hotello-Super-AC-Black-2.png","type":"image\/png"}],"twitter_card":"summary_large_image","twitter_misc":{"Dur\u00e9e de lecture estim\u00e9e":"2 minutes"},"schema":{"@context":"https:\/\/schema.org","@graph":[{"@type":"WebPage","@id":"https:\/\/somo-sam.com\/?product=valera-hotello-super-ac-black-1400w","url":"https:\/\/somo-sam.com\/?product=valera-hotello-super-ac-black-1400w","name":"HOTELLO Super AC 1400W VALERA - SOMO S.A.M","isPartOf":{"@id":"http:\/\/somo-sam.com\/#website"},"primaryImageOfPage":{"@id":"https:\/\/somo-sam.com\/?product=valera-hotello-super-ac-black-1400w#primaryimage"},"image":{"@id":"https:\/\/somo-sam.com\/?product=valera-hotello-super-ac-black-1400w#primaryimage"},"thumbnailUrl":"https:\/\/somo-sam.com\/wp-content\/uploads\/2025\/02\/Valera-Hotello-Super-AC-Black-2.png","datePublished":"2025-02-18T12:57:52+00:00","dateModified":"2026-04-10T11:33:18+00:00","description":"D\u00e9couvrez le s\u00e8che-cheveux professionnel Valera Hotello Super AC : Ventilation puissante, mise en marche automatique, s\u00e9curit\u00e9 renforc\u00e9e, et montage mural facile. Id\u00e9al pour h\u00f4tels et salons. Puissance 1400 W, protection IP34.","breadcrumb":{"@id":"https:\/\/somo-sam.com\/?product=valera-hotello-super-ac-black-1400w#breadcrumb"},"inLanguage":"fr-FR","potentialAction":[{"@type":"ReadAction","target":["https:\/\/somo-sam.com\/?product=valera-hotello-super-ac-black-1400w"]}]},{"@type":"ImageObject","inLanguage":"fr-FR","@id":"https:\/\/somo-sam.com\/?product=valera-hotello-super-ac-black-1400w#primaryimage","url":"https:\/\/somo-sam.com\/wp-content\/uploads\/2025\/02\/Valera-Hotello-Super-AC-Black-2.png","contentUrl":"https:\/\/somo-sam.com\/wp-content\/uploads\/2025\/02\/Valera-Hotello-Super-AC-Black-2.png","width":1080,"height":1080},{"@type":"BreadcrumbList","@id":"https:\/\/somo-sam.com\/?product=valera-hotello-super-ac-black-1400w#breadcrumb","itemListElement":[{"@type":"ListItem","position":1,"name":"Accueil","item":"http:\/\/somo-sam.com\/"},{"@type":"ListItem","position":2,"name":"Shop","item":"https:\/\/somo-sam.com\/?page_id=413"},{"@type":"ListItem","position":3,"name":"HOTELLO Super AC 1400W VALERA"}]},{"@type":"WebSite","@id":"http:\/\/somo-sam.com\/#website","url":"http:\/\/somo-sam.com\/","name":"SOMO S.A.M","description":"Votre partenaire en \u00e9quipements h\u00f4teliers et de restauration","potentialAction":[{"@type":"SearchAction","target":{"@type":"EntryPoint","urlTemplate":"http:\/\/somo-sam.com\/?s={search_term_string}"},"query-input":{"@type":"PropertyValueSpecification","valueRequired":true,"valueName":"search_term_string"}}],"inLanguage":"fr-FR"}]}},"_links":{"self":[{"href":"https:\/\/somo-sam.com\/index.php?rest_route=\/wp\/v2\/product\/28780","targetHints":{"allow":["GET"]}}],"collection":[{"href":"https:\/\/somo-sam.com\/index.php?rest_route=\/wp\/v2\/product"}],"about":[{"href":"https:\/\/somo-sam.com\/index.php?rest_route=\/wp\/v2\/types\/product"}],"version-history":[{"count":3,"href":"https:\/\/somo-sam.com\/index.php?rest_route=\/wp\/v2\/product\/28780\/revisions"}],"predecessor-version":[{"id":32227,"href":"https:\/\/somo-sam.com\/index.php?rest_route=\/wp\/v2\/product\/28780\/revisions\/32227"}],"wp:featuredmedia":[{"embeddable":true,"href":"https:\/\/somo-sam.com\/index.php?rest_route=\/wp\/v2\/media\/28781"}],"wp:attachment":[{"href":"https:\/\/somo-sam.com\/index.php?rest_route=%2Fwp%2Fv2%2Fmedia&parent=28780"}],"wp:term":[{"taxonomy":"product_brand","embeddable":true,"href":"https:\/\/somo-sam.com\/index.php?rest_route=%2Fwp%2Fv2%2Fproduct_brand&post=28780"},{"taxonomy":"product_cat","embeddable":true,"href":"https:\/\/somo-sam.com\/index.php?rest_route=%2Fwp%2Fv2%2Fproduct_cat&post=28780"},{"taxonomy":"product_tag","embeddable":true,"href":"https:\/\/somo-sam.com\/index.php?rest_route=%2Fwp%2Fv2%2Fproduct_tag&post=28780"}],"curies":[{"name":"wp","href":"https:\/\/api.w.org\/{rel}","templated":true}]}}