{"id":28901,"date":"2025-02-20T17:53:50","date_gmt":"2025-02-20T16:53:50","guid":{"rendered":"https:\/\/somo-sam.com\/?post_type=product&#038;p=28901"},"modified":"2026-04-10T15:46:36","modified_gmt":"2026-04-10T13:46:36","slug":"valera-premium-smart-1200w-1600w-shaver","status":"publish","type":"product","link":"https:\/\/somo-sam.com\/?product=valera-premium-smart-1200w-1600w-shaver","title":{"rendered":"PREMIUM SMART Prise rasoir VALERA"},"content":{"rendered":"<ul>\n<li>Bouton coulissant : 2 vitesses de ventilation, 3 niveaux de temp\u00e9rature<\/li>\n<li>Niveau de refroidissement Cool \u00e0 ti\u00e8de<\/li>\n<li>Bouton poussoir on\/off<\/li>\n<li>Concentrateur d\u2019air<\/li>\n<li>Bouton poussoir on\/off<\/li>\n<li>Prise rasoir 110-120V et 220-240V<\/li>\n<li>Support mural avec interrupteur de s\u00e9curit\u00e9 on\/off<\/li>\n<li>El\u00e9ment chauffant \u00e0 onde SECURITY<\/li>\n<li>IP20<\/li>\n<li>Puissances 1600W<\/li>\n<li>Transformateur d&#8217;isolement de s\u00e9curit\u00e9<\/li>\n<li>Couleur : Blanc<\/li>\n<li>Certification europ\u00e9enne CE<\/li>\n<\/ul>\n","protected":false},"excerpt":{"rendered":"<h3>PREMIUM SMART Prise rasoir VALERA<\/h3>\n","protected":false},"featured_media":28902,"template":"","meta":{"_acf_changed":false,"_monsterinsights_skip_tracking":false,"_monsterinsights_sitenote_active":false,"_monsterinsights_sitenote_note":"","_monsterinsights_sitenote_category":0},"product_brand":[],"product_cat":[252,247,248],"product_tag":[],"class_list":{"0":"post-28901","1":"product","2":"type-product","3":"status-publish","4":"has-post-thumbnail","6":"product_cat-hotellerie","7":"product_cat-salle-de-bains","8":"product_cat-seche-cheveux-pistolets-avec-support-mural","10":"first","11":"instock","12":"taxable","13":"shipping-taxable","14":"purchasable","15":"product-type-simple","16":"add-to-wishlist-after_add_to_cart"},"acf":[],"yoast_head":"<!-- This site is optimized with the Yoast SEO plugin v23.6 - https:\/\/yoast.com\/wordpress\/plugins\/seo\/ -->\n<title>PREMIUM SMART Prise rasoir VALERA - SOMO S.A.M<\/title>\n<meta name=\"description\" content=\"El\u00e9ment chauffant \u00e0 onde Security Bouton coulissant : 2 vitesses de ventilation, 3 niveaux de temp\u00e9rature Niveau de refroidissement Cool Bouton poussoir on\/off Concentrateur d\u2019air Interrupteur de s\u00e9curit\u00e9 automatique marche\/arr\u00eat Transformateur d&#039;isolement de s\u00e9curit\u00e9\" \/>\n<meta name=\"robots\" content=\"index, follow, max-snippet:-1, max-image-preview:large, max-video-preview:-1\" \/>\n<link rel=\"canonical\" href=\"https:\/\/somo-sam.com\/?product=valera-premium-smart-1200w-1600w-shaver\" \/>\n<meta property=\"og:locale\" content=\"fr_FR\" \/>\n<meta property=\"og:type\" content=\"article\" \/>\n<meta property=\"og:title\" content=\"PREMIUM SMART Prise rasoir VALERA - SOMO S.A.M\" \/>\n<meta property=\"og:description\" content=\"El\u00e9ment chauffant \u00e0 onde Security Bouton coulissant : 2 vitesses de ventilation, 3 niveaux de temp\u00e9rature Niveau de refroidissement Cool Bouton poussoir on\/off Concentrateur d\u2019air Interrupteur de s\u00e9curit\u00e9 automatique marche\/arr\u00eat Transformateur d&#039;isolement de s\u00e9curit\u00e9\" \/>\n<meta property=\"og:url\" content=\"https:\/\/somo-sam.com\/?product=valera-premium-smart-1200w-1600w-shaver\" \/>\n<meta property=\"og:site_name\" content=\"SOMO S.A.M\" \/>\n<meta property=\"article:modified_time\" content=\"2026-04-10T13:46:36+00:00\" \/>\n<meta property=\"og:image\" content=\"https:\/\/somo-sam.com\/wp-content\/uploads\/2025\/02\/Valera-Premium-Smart-Shaver.png\" \/>\n\t<meta property=\"og:image:width\" content=\"1080\" \/>\n\t<meta property=\"og:image:height\" content=\"1080\" \/>\n\t<meta property=\"og:image:type\" content=\"image\/png\" \/>\n<meta name=\"twitter:card\" content=\"summary_large_image\" \/>\n<meta name=\"twitter:label1\" content=\"Dur\u00e9e de lecture estim\u00e9e\" \/>\n\t<meta name=\"twitter:data1\" content=\"1 minute\" \/>\n<script type=\"application\/ld+json\" class=\"yoast-schema-graph\">{\"@context\":\"https:\/\/schema.org\",\"@graph\":[{\"@type\":\"WebPage\",\"@id\":\"https:\/\/somo-sam.com\/?product=valera-premium-smart-1200w-1600w-shaver\",\"url\":\"https:\/\/somo-sam.com\/?product=valera-premium-smart-1200w-1600w-shaver\",\"name\":\"PREMIUM SMART Prise rasoir VALERA - SOMO S.A.M\",\"isPartOf\":{\"@id\":\"http:\/\/somo-sam.com\/#website\"},\"primaryImageOfPage\":{\"@id\":\"https:\/\/somo-sam.com\/?product=valera-premium-smart-1200w-1600w-shaver#primaryimage\"},\"image\":{\"@id\":\"https:\/\/somo-sam.com\/?product=valera-premium-smart-1200w-1600w-shaver#primaryimage\"},\"thumbnailUrl\":\"https:\/\/somo-sam.com\/wp-content\/uploads\/2025\/02\/Valera-Premium-Smart-Shaver.png\",\"datePublished\":\"2025-02-20T16:53:50+00:00\",\"dateModified\":\"2026-04-10T13:46:36+00:00\",\"description\":\"El\u00e9ment chauffant \u00e0 onde Security Bouton coulissant : 2 vitesses de ventilation, 3 niveaux de temp\u00e9rature Niveau de refroidissement Cool Bouton poussoir on\/off Concentrateur d\u2019air Interrupteur de s\u00e9curit\u00e9 automatique marche\/arr\u00eat Transformateur d'isolement de s\u00e9curit\u00e9\",\"breadcrumb\":{\"@id\":\"https:\/\/somo-sam.com\/?product=valera-premium-smart-1200w-1600w-shaver#breadcrumb\"},\"inLanguage\":\"fr-FR\",\"potentialAction\":[{\"@type\":\"ReadAction\",\"target\":[\"https:\/\/somo-sam.com\/?product=valera-premium-smart-1200w-1600w-shaver\"]}]},{\"@type\":\"ImageObject\",\"inLanguage\":\"fr-FR\",\"@id\":\"https:\/\/somo-sam.com\/?product=valera-premium-smart-1200w-1600w-shaver#primaryimage\",\"url\":\"https:\/\/somo-sam.com\/wp-content\/uploads\/2025\/02\/Valera-Premium-Smart-Shaver.png\",\"contentUrl\":\"https:\/\/somo-sam.com\/wp-content\/uploads\/2025\/02\/Valera-Premium-Smart-Shaver.png\",\"width\":1080,\"height\":1080},{\"@type\":\"BreadcrumbList\",\"@id\":\"https:\/\/somo-sam.com\/?product=valera-premium-smart-1200w-1600w-shaver#breadcrumb\",\"itemListElement\":[{\"@type\":\"ListItem\",\"position\":1,\"name\":\"Accueil\",\"item\":\"http:\/\/somo-sam.com\/\"},{\"@type\":\"ListItem\",\"position\":2,\"name\":\"Shop\",\"item\":\"https:\/\/somo-sam.com\/?page_id=413\"},{\"@type\":\"ListItem\",\"position\":3,\"name\":\"PREMIUM SMART Prise rasoir VALERA\"}]},{\"@type\":\"WebSite\",\"@id\":\"http:\/\/somo-sam.com\/#website\",\"url\":\"http:\/\/somo-sam.com\/\",\"name\":\"SOMO S.A.M\",\"description\":\"Votre partenaire en \u00e9quipements h\u00f4teliers et de restauration\",\"potentialAction\":[{\"@type\":\"SearchAction\",\"target\":{\"@type\":\"EntryPoint\",\"urlTemplate\":\"http:\/\/somo-sam.com\/?s={search_term_string}\"},\"query-input\":{\"@type\":\"PropertyValueSpecification\",\"valueRequired\":true,\"valueName\":\"search_term_string\"}}],\"inLanguage\":\"fr-FR\"}]}<\/script>\n<!-- \/ Yoast SEO plugin. -->","yoast_head_json":{"title":"PREMIUM SMART Prise rasoir VALERA - SOMO S.A.M","description":"El\u00e9ment chauffant \u00e0 onde Security Bouton coulissant : 2 vitesses de ventilation, 3 niveaux de temp\u00e9rature Niveau de refroidissement Cool Bouton poussoir on\/off Concentrateur d\u2019air Interrupteur de s\u00e9curit\u00e9 automatique marche\/arr\u00eat Transformateur d'isolement de s\u00e9curit\u00e9","robots":{"index":"index","follow":"follow","max-snippet":"max-snippet:-1","max-image-preview":"max-image-preview:large","max-video-preview":"max-video-preview:-1"},"canonical":"https:\/\/somo-sam.com\/?product=valera-premium-smart-1200w-1600w-shaver","og_locale":"fr_FR","og_type":"article","og_title":"PREMIUM SMART Prise rasoir VALERA - SOMO S.A.M","og_description":"El\u00e9ment chauffant \u00e0 onde Security Bouton coulissant : 2 vitesses de ventilation, 3 niveaux de temp\u00e9rature Niveau de refroidissement Cool Bouton poussoir on\/off Concentrateur d\u2019air Interrupteur de s\u00e9curit\u00e9 automatique marche\/arr\u00eat Transformateur d'isolement de s\u00e9curit\u00e9","og_url":"https:\/\/somo-sam.com\/?product=valera-premium-smart-1200w-1600w-shaver","og_site_name":"SOMO S.A.M","article_modified_time":"2026-04-10T13:46:36+00:00","og_image":[{"width":1080,"height":1080,"url":"https:\/\/somo-sam.com\/wp-content\/uploads\/2025\/02\/Valera-Premium-Smart-Shaver.png","type":"image\/png"}],"twitter_card":"summary_large_image","twitter_misc":{"Dur\u00e9e de lecture estim\u00e9e":"1 minute"},"schema":{"@context":"https:\/\/schema.org","@graph":[{"@type":"WebPage","@id":"https:\/\/somo-sam.com\/?product=valera-premium-smart-1200w-1600w-shaver","url":"https:\/\/somo-sam.com\/?product=valera-premium-smart-1200w-1600w-shaver","name":"PREMIUM SMART Prise rasoir VALERA - SOMO S.A.M","isPartOf":{"@id":"http:\/\/somo-sam.com\/#website"},"primaryImageOfPage":{"@id":"https:\/\/somo-sam.com\/?product=valera-premium-smart-1200w-1600w-shaver#primaryimage"},"image":{"@id":"https:\/\/somo-sam.com\/?product=valera-premium-smart-1200w-1600w-shaver#primaryimage"},"thumbnailUrl":"https:\/\/somo-sam.com\/wp-content\/uploads\/2025\/02\/Valera-Premium-Smart-Shaver.png","datePublished":"2025-02-20T16:53:50+00:00","dateModified":"2026-04-10T13:46:36+00:00","description":"El\u00e9ment chauffant \u00e0 onde Security Bouton coulissant : 2 vitesses de ventilation, 3 niveaux de temp\u00e9rature Niveau de refroidissement Cool Bouton poussoir on\/off Concentrateur d\u2019air Interrupteur de s\u00e9curit\u00e9 automatique marche\/arr\u00eat Transformateur d'isolement de s\u00e9curit\u00e9","breadcrumb":{"@id":"https:\/\/somo-sam.com\/?product=valera-premium-smart-1200w-1600w-shaver#breadcrumb"},"inLanguage":"fr-FR","potentialAction":[{"@type":"ReadAction","target":["https:\/\/somo-sam.com\/?product=valera-premium-smart-1200w-1600w-shaver"]}]},{"@type":"ImageObject","inLanguage":"fr-FR","@id":"https:\/\/somo-sam.com\/?product=valera-premium-smart-1200w-1600w-shaver#primaryimage","url":"https:\/\/somo-sam.com\/wp-content\/uploads\/2025\/02\/Valera-Premium-Smart-Shaver.png","contentUrl":"https:\/\/somo-sam.com\/wp-content\/uploads\/2025\/02\/Valera-Premium-Smart-Shaver.png","width":1080,"height":1080},{"@type":"BreadcrumbList","@id":"https:\/\/somo-sam.com\/?product=valera-premium-smart-1200w-1600w-shaver#breadcrumb","itemListElement":[{"@type":"ListItem","position":1,"name":"Accueil","item":"http:\/\/somo-sam.com\/"},{"@type":"ListItem","position":2,"name":"Shop","item":"https:\/\/somo-sam.com\/?page_id=413"},{"@type":"ListItem","position":3,"name":"PREMIUM SMART Prise rasoir VALERA"}]},{"@type":"WebSite","@id":"http:\/\/somo-sam.com\/#website","url":"http:\/\/somo-sam.com\/","name":"SOMO S.A.M","description":"Votre partenaire en \u00e9quipements h\u00f4teliers et de restauration","potentialAction":[{"@type":"SearchAction","target":{"@type":"EntryPoint","urlTemplate":"http:\/\/somo-sam.com\/?s={search_term_string}"},"query-input":{"@type":"PropertyValueSpecification","valueRequired":true,"valueName":"search_term_string"}}],"inLanguage":"fr-FR"}]}},"_links":{"self":[{"href":"https:\/\/somo-sam.com\/index.php?rest_route=\/wp\/v2\/product\/28901","targetHints":{"allow":["GET"]}}],"collection":[{"href":"https:\/\/somo-sam.com\/index.php?rest_route=\/wp\/v2\/product"}],"about":[{"href":"https:\/\/somo-sam.com\/index.php?rest_route=\/wp\/v2\/types\/product"}],"version-history":[{"count":3,"href":"https:\/\/somo-sam.com\/index.php?rest_route=\/wp\/v2\/product\/28901\/revisions"}],"predecessor-version":[{"id":32250,"href":"https:\/\/somo-sam.com\/index.php?rest_route=\/wp\/v2\/product\/28901\/revisions\/32250"}],"wp:featuredmedia":[{"embeddable":true,"href":"https:\/\/somo-sam.com\/index.php?rest_route=\/wp\/v2\/media\/28902"}],"wp:attachment":[{"href":"https:\/\/somo-sam.com\/index.php?rest_route=%2Fwp%2Fv2%2Fmedia&parent=28901"}],"wp:term":[{"taxonomy":"product_brand","embeddable":true,"href":"https:\/\/somo-sam.com\/index.php?rest_route=%2Fwp%2Fv2%2Fproduct_brand&post=28901"},{"taxonomy":"product_cat","embeddable":true,"href":"https:\/\/somo-sam.com\/index.php?rest_route=%2Fwp%2Fv2%2Fproduct_cat&post=28901"},{"taxonomy":"product_tag","embeddable":true,"href":"https:\/\/somo-sam.com\/index.php?rest_route=%2Fwp%2Fv2%2Fproduct_tag&post=28901"}],"curies":[{"name":"wp","href":"https:\/\/api.w.org\/{rel}","templated":true}]}}