{"id":29075,"date":"2025-02-24T15:31:27","date_gmt":"2025-02-24T14:31:27","guid":{"rendered":"https:\/\/somo-sam.com\/?post_type=product&#038;p=29075"},"modified":"2025-02-24T15:31:27","modified_gmt":"2025-02-24T14:31:27","slug":"valera-matrix-1600w-2000w","status":"publish","type":"product","link":"https:\/\/somo-sam.com\/?product=valera-matrix-1600w-2000w","title":{"rendered":"Valera Matrix 1600W 2000W"},"content":{"rendered":"<p data-pm-slice=\"1 1 []\">Matrix s&#8217;int\u00e8gre harmonieusement dans tous les environnements haut de gamme. Sa forme unique et \u00e9l\u00e9gante et sa surface noble &#8211; chrom\u00e9e argent\u00e9e ou noire brillante &#8211; font de ce s\u00e8che-cheveux un objet de design dans les h\u00f4tels de luxe. Gr\u00e2ce \u00e0 neuf combinaisons de temp\u00e9ratures et de souffleries, le s\u00e8che-cheveux professionnel prot\u00e8ge les cheveux d\u00e9licats, color\u00e9s ou ab\u00eem\u00e9s avec une douceur in\u00e9gal\u00e9e, emp\u00eache les cheveux de se casser et garantit des r\u00e9sultats lisses et sans frisottis. Un confort de r\u00eave et un s\u00e9chage professionnels, adapt\u00e9s \u00e0 tout type de cheveux, en toute s\u00e9curit\u00e9. Avec Valera, vous offrez \u00e0 vos invit\u00e9s une exp\u00e9rience inoubliable.<\/p>\n<p>&nbsp;<\/p>\n<p>Moteur num\u00e9rique sans balais \u00e0 haute vitesse 100K-PAX<\/p>\n<p>S\u00e9curit\u00e9 maximale : Double syst\u00e8me de protection thermique pour \u00e9viter toute surchauffe accidentelle<\/p>\n<p>Durabilit\u00e9 et efficacit\u00e9 : Faible consommation d&#8217;\u00e9nergie et qualit\u00e9 durable pour r\u00e9duire l\u2019impact environnemental<\/p>\n<p>G\u00e9n\u00e9rateur d&#8217;ions<\/p>\n<p>2 r\u00e9glages (Care\/Max) avec chacun 9 combinaisons temp\u00e9rature\/flux d&#8217;air<\/p>\n<p>Fonction Dual Memory<\/p>\n<p>Touche air froid<\/p>\n<p>&nbsp;<\/p>\n<p>Buse Touch me cool<\/p>\n<p>Pochette de rangement<\/p>\n<p>&nbsp;<\/p>\n<p>Donn\u00e9es Techniques<\/p>\n<p>Puissance disponible: 1600W, 2000 W<\/p>\n<p>Flux d\u2019air 80 m3\/h<\/p>\n<p>Ultra silencieux 67 dB(A)<\/p>\n<p>Poids 295 g (sans c\u00e2ble)<\/p>\n","protected":false},"excerpt":{"rendered":"<p>Matrix s&#8217;int\u00e8gre harmonieusement dans tous les environnements haut de gamme. Sa forme unique et \u00e9l\u00e9gante et sa surface noble &#8211;<\/p>\n","protected":false},"featured_media":29084,"template":"","meta":{"_acf_changed":false,"_monsterinsights_skip_tracking":false,"_monsterinsights_sitenote_active":false,"_monsterinsights_sitenote_note":"","_monsterinsights_sitenote_category":0},"product_brand":[],"product_cat":[252,247,125],"product_tag":[],"class_list":{"0":"post-29075","1":"product","2":"type-product","3":"status-publish","4":"has-post-thumbnail","6":"product_cat-hotellerie","7":"product_cat-salle-de-bains","8":"product_cat-seche-cheveux-pistolets","10":"first","11":"instock","12":"taxable","13":"shipping-taxable","14":"purchasable","15":"product-type-variable","16":"add-to-wishlist-after_add_to_cart"},"acf":[],"yoast_head":"<!-- This site is optimized with the Yoast SEO plugin v23.6 - https:\/\/yoast.com\/wordpress\/plugins\/seo\/ -->\n<title>Valera Matrix 1600W 2000W - SOMO S.A.M<\/title>\n<meta name=\"description\" content=\"S\u00e9curit\u00e9 maximale : Double syst\u00e8me de protection thermique pour \u00e9viter toute surchauffe accidentelleDurabilit\u00e9 et efficacit\u00e9 : Faible consommation d&#039;\u00e9nergie et qualit\u00e9 durable pour r\u00e9duire l\u2019impact environnemental\" \/>\n<meta name=\"robots\" content=\"index, follow, max-snippet:-1, max-image-preview:large, max-video-preview:-1\" \/>\n<link rel=\"canonical\" href=\"https:\/\/somo-sam.com\/?product=valera-matrix-1600w-2000w\" \/>\n<meta property=\"og:locale\" content=\"fr_FR\" \/>\n<meta property=\"og:type\" content=\"article\" \/>\n<meta property=\"og:title\" content=\"Valera Matrix 1600W 2000W - SOMO S.A.M\" \/>\n<meta property=\"og:description\" content=\"S\u00e9curit\u00e9 maximale : Double syst\u00e8me de protection thermique pour \u00e9viter toute surchauffe accidentelleDurabilit\u00e9 et efficacit\u00e9 : Faible consommation d&#039;\u00e9nergie et qualit\u00e9 durable pour r\u00e9duire l\u2019impact environnemental\" \/>\n<meta property=\"og:url\" content=\"https:\/\/somo-sam.com\/?product=valera-matrix-1600w-2000w\" \/>\n<meta property=\"og:site_name\" content=\"SOMO S.A.M\" \/>\n<meta property=\"og:image\" content=\"https:\/\/somo-sam.com\/wp-content\/uploads\/2025\/02\/55010300.jpg\" \/>\n\t<meta property=\"og:image:width\" content=\"1500\" \/>\n\t<meta property=\"og:image:height\" content=\"1449\" \/>\n\t<meta property=\"og:image:type\" content=\"image\/jpeg\" \/>\n<meta name=\"twitter:card\" content=\"summary_large_image\" \/>\n<meta name=\"twitter:label1\" content=\"Dur\u00e9e de lecture estim\u00e9e\" \/>\n\t<meta name=\"twitter:data1\" content=\"2 minutes\" \/>\n<script type=\"application\/ld+json\" class=\"yoast-schema-graph\">{\"@context\":\"https:\/\/schema.org\",\"@graph\":[{\"@type\":\"WebPage\",\"@id\":\"https:\/\/somo-sam.com\/?product=valera-matrix-1600w-2000w\",\"url\":\"https:\/\/somo-sam.com\/?product=valera-matrix-1600w-2000w\",\"name\":\"Valera Matrix 1600W 2000W - SOMO S.A.M\",\"isPartOf\":{\"@id\":\"http:\/\/somo-sam.com\/#website\"},\"primaryImageOfPage\":{\"@id\":\"https:\/\/somo-sam.com\/?product=valera-matrix-1600w-2000w#primaryimage\"},\"image\":{\"@id\":\"https:\/\/somo-sam.com\/?product=valera-matrix-1600w-2000w#primaryimage\"},\"thumbnailUrl\":\"https:\/\/somo-sam.com\/wp-content\/uploads\/2025\/02\/55010300.jpg\",\"datePublished\":\"2025-02-24T14:31:27+00:00\",\"dateModified\":\"2025-02-24T14:31:27+00:00\",\"description\":\"S\u00e9curit\u00e9 maximale : Double syst\u00e8me de protection thermique pour \u00e9viter toute surchauffe accidentelleDurabilit\u00e9 et efficacit\u00e9 : Faible consommation d'\u00e9nergie et qualit\u00e9 durable pour r\u00e9duire l\u2019impact environnemental\",\"breadcrumb\":{\"@id\":\"https:\/\/somo-sam.com\/?product=valera-matrix-1600w-2000w#breadcrumb\"},\"inLanguage\":\"fr-FR\",\"potentialAction\":[{\"@type\":\"ReadAction\",\"target\":[\"https:\/\/somo-sam.com\/?product=valera-matrix-1600w-2000w\"]}]},{\"@type\":\"ImageObject\",\"inLanguage\":\"fr-FR\",\"@id\":\"https:\/\/somo-sam.com\/?product=valera-matrix-1600w-2000w#primaryimage\",\"url\":\"https:\/\/somo-sam.com\/wp-content\/uploads\/2025\/02\/55010300.jpg\",\"contentUrl\":\"https:\/\/somo-sam.com\/wp-content\/uploads\/2025\/02\/55010300.jpg\",\"width\":1500,\"height\":1449},{\"@type\":\"BreadcrumbList\",\"@id\":\"https:\/\/somo-sam.com\/?product=valera-matrix-1600w-2000w#breadcrumb\",\"itemListElement\":[{\"@type\":\"ListItem\",\"position\":1,\"name\":\"Accueil\",\"item\":\"http:\/\/somo-sam.com\/\"},{\"@type\":\"ListItem\",\"position\":2,\"name\":\"Shop\",\"item\":\"https:\/\/somo-sam.com\/?page_id=413\"},{\"@type\":\"ListItem\",\"position\":3,\"name\":\"Valera Matrix 1600W 2000W\"}]},{\"@type\":\"WebSite\",\"@id\":\"http:\/\/somo-sam.com\/#website\",\"url\":\"http:\/\/somo-sam.com\/\",\"name\":\"SOMO S.A.M\",\"description\":\"Votre partenaire en \u00e9quipements h\u00f4teliers et de restauration\",\"potentialAction\":[{\"@type\":\"SearchAction\",\"target\":{\"@type\":\"EntryPoint\",\"urlTemplate\":\"http:\/\/somo-sam.com\/?s={search_term_string}\"},\"query-input\":{\"@type\":\"PropertyValueSpecification\",\"valueRequired\":true,\"valueName\":\"search_term_string\"}}],\"inLanguage\":\"fr-FR\"}]}<\/script>\n<!-- \/ Yoast SEO plugin. -->","yoast_head_json":{"title":"Valera Matrix 1600W 2000W - SOMO S.A.M","description":"S\u00e9curit\u00e9 maximale : Double syst\u00e8me de protection thermique pour \u00e9viter toute surchauffe accidentelleDurabilit\u00e9 et efficacit\u00e9 : Faible consommation d'\u00e9nergie et qualit\u00e9 durable pour r\u00e9duire l\u2019impact environnemental","robots":{"index":"index","follow":"follow","max-snippet":"max-snippet:-1","max-image-preview":"max-image-preview:large","max-video-preview":"max-video-preview:-1"},"canonical":"https:\/\/somo-sam.com\/?product=valera-matrix-1600w-2000w","og_locale":"fr_FR","og_type":"article","og_title":"Valera Matrix 1600W 2000W - SOMO S.A.M","og_description":"S\u00e9curit\u00e9 maximale : Double syst\u00e8me de protection thermique pour \u00e9viter toute surchauffe accidentelleDurabilit\u00e9 et efficacit\u00e9 : Faible consommation d'\u00e9nergie et qualit\u00e9 durable pour r\u00e9duire l\u2019impact environnemental","og_url":"https:\/\/somo-sam.com\/?product=valera-matrix-1600w-2000w","og_site_name":"SOMO S.A.M","og_image":[{"width":1500,"height":1449,"url":"https:\/\/somo-sam.com\/wp-content\/uploads\/2025\/02\/55010300.jpg","type":"image\/jpeg"}],"twitter_card":"summary_large_image","twitter_misc":{"Dur\u00e9e de lecture estim\u00e9e":"2 minutes"},"schema":{"@context":"https:\/\/schema.org","@graph":[{"@type":"WebPage","@id":"https:\/\/somo-sam.com\/?product=valera-matrix-1600w-2000w","url":"https:\/\/somo-sam.com\/?product=valera-matrix-1600w-2000w","name":"Valera Matrix 1600W 2000W - SOMO S.A.M","isPartOf":{"@id":"http:\/\/somo-sam.com\/#website"},"primaryImageOfPage":{"@id":"https:\/\/somo-sam.com\/?product=valera-matrix-1600w-2000w#primaryimage"},"image":{"@id":"https:\/\/somo-sam.com\/?product=valera-matrix-1600w-2000w#primaryimage"},"thumbnailUrl":"https:\/\/somo-sam.com\/wp-content\/uploads\/2025\/02\/55010300.jpg","datePublished":"2025-02-24T14:31:27+00:00","dateModified":"2025-02-24T14:31:27+00:00","description":"S\u00e9curit\u00e9 maximale : Double syst\u00e8me de protection thermique pour \u00e9viter toute surchauffe accidentelleDurabilit\u00e9 et efficacit\u00e9 : Faible consommation d'\u00e9nergie et qualit\u00e9 durable pour r\u00e9duire l\u2019impact environnemental","breadcrumb":{"@id":"https:\/\/somo-sam.com\/?product=valera-matrix-1600w-2000w#breadcrumb"},"inLanguage":"fr-FR","potentialAction":[{"@type":"ReadAction","target":["https:\/\/somo-sam.com\/?product=valera-matrix-1600w-2000w"]}]},{"@type":"ImageObject","inLanguage":"fr-FR","@id":"https:\/\/somo-sam.com\/?product=valera-matrix-1600w-2000w#primaryimage","url":"https:\/\/somo-sam.com\/wp-content\/uploads\/2025\/02\/55010300.jpg","contentUrl":"https:\/\/somo-sam.com\/wp-content\/uploads\/2025\/02\/55010300.jpg","width":1500,"height":1449},{"@type":"BreadcrumbList","@id":"https:\/\/somo-sam.com\/?product=valera-matrix-1600w-2000w#breadcrumb","itemListElement":[{"@type":"ListItem","position":1,"name":"Accueil","item":"http:\/\/somo-sam.com\/"},{"@type":"ListItem","position":2,"name":"Shop","item":"https:\/\/somo-sam.com\/?page_id=413"},{"@type":"ListItem","position":3,"name":"Valera Matrix 1600W 2000W"}]},{"@type":"WebSite","@id":"http:\/\/somo-sam.com\/#website","url":"http:\/\/somo-sam.com\/","name":"SOMO S.A.M","description":"Votre partenaire en \u00e9quipements h\u00f4teliers et de restauration","potentialAction":[{"@type":"SearchAction","target":{"@type":"EntryPoint","urlTemplate":"http:\/\/somo-sam.com\/?s={search_term_string}"},"query-input":{"@type":"PropertyValueSpecification","valueRequired":true,"valueName":"search_term_string"}}],"inLanguage":"fr-FR"}]}},"_links":{"self":[{"href":"https:\/\/somo-sam.com\/index.php?rest_route=\/wp\/v2\/product\/29075","targetHints":{"allow":["GET"]}}],"collection":[{"href":"https:\/\/somo-sam.com\/index.php?rest_route=\/wp\/v2\/product"}],"about":[{"href":"https:\/\/somo-sam.com\/index.php?rest_route=\/wp\/v2\/types\/product"}],"version-history":[{"count":1,"href":"https:\/\/somo-sam.com\/index.php?rest_route=\/wp\/v2\/product\/29075\/revisions"}],"predecessor-version":[{"id":29088,"href":"https:\/\/somo-sam.com\/index.php?rest_route=\/wp\/v2\/product\/29075\/revisions\/29088"}],"wp:featuredmedia":[{"embeddable":true,"href":"https:\/\/somo-sam.com\/index.php?rest_route=\/wp\/v2\/media\/29084"}],"wp:attachment":[{"href":"https:\/\/somo-sam.com\/index.php?rest_route=%2Fwp%2Fv2%2Fmedia&parent=29075"}],"wp:term":[{"taxonomy":"product_brand","embeddable":true,"href":"https:\/\/somo-sam.com\/index.php?rest_route=%2Fwp%2Fv2%2Fproduct_brand&post=29075"},{"taxonomy":"product_cat","embeddable":true,"href":"https:\/\/somo-sam.com\/index.php?rest_route=%2Fwp%2Fv2%2Fproduct_cat&post=29075"},{"taxonomy":"product_tag","embeddable":true,"href":"https:\/\/somo-sam.com\/index.php?rest_route=%2Fwp%2Fv2%2Fproduct_tag&post=29075"}],"curies":[{"name":"wp","href":"https:\/\/api.w.org\/{rel}","templated":true}]}}