{"id":29483,"date":"2025-02-27T15:27:15","date_gmt":"2025-02-27T14:27:15","guid":{"rendered":"https:\/\/somo-sam.com\/?post_type=product&#038;p=29483"},"modified":"2025-02-27T15:27:15","modified_gmt":"2025-02-27T14:27:15","slug":"porte-bagages-repliable-stark","status":"publish","type":"product","link":"https:\/\/somo-sam.com\/?product=porte-bagages-repliable-stark","title":{"rendered":"Porte-Bagages Repliable &#8211; Stark"},"content":{"rendered":"<p>Le porte-bagages repliable Stark est une solution id\u00e9ale pour les h\u00f4tels, chambres d\u2019h\u00f4tes et particuliers souhaitant offrir un espace pratique et \u00e9l\u00e9gant pour poser les bagages. Con\u00e7u en acier chrom\u00e9 poli, laiton poli ou noir, il s\u2019int\u00e8gre parfaitement \u00e0 tout type de d\u00e9coration tout en prot\u00e9geant activement les surfaces comme les dessus de lit et les rev\u00eatements muraux.<\/p>\n<h3 data-start=\"507\" data-end=\"545\"><strong data-start=\"511\" data-end=\"543\">Caract\u00e9ristiques principales<\/strong><\/h3>\n<ul data-start=\"546\" data-end=\"1200\">\n<li data-start=\"546\" data-end=\"638\"><strong data-start=\"548\" data-end=\"581\">Design robuste et escamotable<\/strong> : Pliable pour un rangement facile dans les penderies.<\/li>\n<li data-start=\"639\" data-end=\"754\"><strong data-start=\"641\" data-end=\"671\">Mat\u00e9riaux de haute qualit\u00e9<\/strong> : Acier chrom\u00e9 poli, laiton poli ou noir, pour une finition \u00e9l\u00e9gante et durable.<\/li>\n<li data-start=\"755\" data-end=\"873\"><strong data-start=\"757\" data-end=\"780\">Confort et s\u00e9curit\u00e9<\/strong> : \u00c9quip\u00e9 de <strong data-start=\"793\" data-end=\"821\">4 sangles haute s\u00e9curit\u00e9<\/strong> en PVC noir pour un maintien optimal des bagages.<\/li>\n<li data-start=\"874\" data-end=\"999\"><strong data-start=\"876\" data-end=\"900\">Structure r\u00e9sistante<\/strong> : Tubes en acier de <strong data-start=\"921\" data-end=\"964\">25 mm de diam\u00e8tre et 0,8 mm d\u2019\u00e9paisseur<\/strong>, assurant une grande robustesse.<\/li>\n<li data-start=\"1000\" data-end=\"1086\"><strong data-start=\"1002\" data-end=\"1024\">Capacit\u00e9 de charge<\/strong> : <strong data-start=\"1027\" data-end=\"1044\">Jusqu\u2019\u00e0 60 kg<\/strong> pour s\u2019adapter \u00e0 tous types de bagages.<\/li>\n<li data-start=\"1087\" data-end=\"1200\"><strong data-start=\"1089\" data-end=\"1112\">Options disponibles<\/strong> :\n<ul data-start=\"1119\" data-end=\"1200\">\n<li data-start=\"1119\" data-end=\"1200\">Avec ou sans dosseret pour r\u00e9pondre aux besoins sp\u00e9cifiques des utilisateurs.<\/li>\n<\/ul>\n<\/li>\n<\/ul>\n","protected":false},"excerpt":{"rendered":"<p>Le porte-bagages repliable Stark est une solution id\u00e9ale pour les h\u00f4tels, chambres d\u2019h\u00f4tes et particuliers souhaitant offrir un espace pratique<\/p>\n","protected":false},"featured_media":29484,"template":"","meta":{"_acf_changed":false,"_monsterinsights_skip_tracking":false,"_monsterinsights_sitenote_active":false,"_monsterinsights_sitenote_note":"","_monsterinsights_sitenote_category":0},"product_brand":[282],"product_cat":[250,252,251],"product_tag":[],"class_list":{"0":"post-29483","1":"product","2":"type-product","3":"status-publish","4":"has-post-thumbnail","6":"product_brand-stark","7":"product_cat-chambre","8":"product_cat-hotellerie","9":"product_cat-porte-bagages","11":"first","12":"instock","13":"taxable","14":"shipping-taxable","15":"purchasable","16":"product-type-variable","17":"add-to-wishlist-after_add_to_cart"},"acf":[],"yoast_head":"<!-- This site is optimized with the Yoast SEO plugin v23.6 - https:\/\/yoast.com\/wordpress\/plugins\/seo\/ -->\n<title>Porte-Bagages Repliable - Stark - SOMO S.A.M<\/title>\n<meta name=\"robots\" content=\"index, follow, max-snippet:-1, max-image-preview:large, max-video-preview:-1\" \/>\n<link rel=\"canonical\" href=\"https:\/\/somo-sam.com\/?product=porte-bagages-repliable-stark\" \/>\n<meta property=\"og:locale\" content=\"fr_FR\" \/>\n<meta property=\"og:type\" content=\"article\" \/>\n<meta property=\"og:title\" content=\"Porte-Bagages Repliable - Stark - SOMO S.A.M\" \/>\n<meta property=\"og:description\" content=\"Le porte-bagages repliable Stark est une solution id\u00e9ale pour les h\u00f4tels, chambres d\u2019h\u00f4tes et particuliers souhaitant offrir un espace pratique\" \/>\n<meta property=\"og:url\" content=\"https:\/\/somo-sam.com\/?product=porte-bagages-repliable-stark\" \/>\n<meta property=\"og:site_name\" content=\"SOMO S.A.M\" \/>\n<meta property=\"og:image\" content=\"https:\/\/somo-sam.com\/wp-content\/uploads\/2025\/02\/PORTE-BAGAGES-ALUMINIUM-chrome-2.png\" \/>\n\t<meta property=\"og:image:width\" content=\"1080\" \/>\n\t<meta property=\"og:image:height\" content=\"1080\" \/>\n\t<meta property=\"og:image:type\" content=\"image\/png\" \/>\n<meta name=\"twitter:card\" content=\"summary_large_image\" \/>\n<meta name=\"twitter:label1\" content=\"Dur\u00e9e de lecture estim\u00e9e\" \/>\n\t<meta name=\"twitter:data1\" content=\"1 minute\" \/>\n<script type=\"application\/ld+json\" class=\"yoast-schema-graph\">{\"@context\":\"https:\/\/schema.org\",\"@graph\":[{\"@type\":\"WebPage\",\"@id\":\"https:\/\/somo-sam.com\/?product=porte-bagages-repliable-stark\",\"url\":\"https:\/\/somo-sam.com\/?product=porte-bagages-repliable-stark\",\"name\":\"Porte-Bagages Repliable - Stark - SOMO S.A.M\",\"isPartOf\":{\"@id\":\"http:\/\/somo-sam.com\/#website\"},\"primaryImageOfPage\":{\"@id\":\"https:\/\/somo-sam.com\/?product=porte-bagages-repliable-stark#primaryimage\"},\"image\":{\"@id\":\"https:\/\/somo-sam.com\/?product=porte-bagages-repliable-stark#primaryimage\"},\"thumbnailUrl\":\"https:\/\/somo-sam.com\/wp-content\/uploads\/2025\/02\/PORTE-BAGAGES-ALUMINIUM-chrome-2.png\",\"datePublished\":\"2025-02-27T14:27:15+00:00\",\"dateModified\":\"2025-02-27T14:27:15+00:00\",\"breadcrumb\":{\"@id\":\"https:\/\/somo-sam.com\/?product=porte-bagages-repliable-stark#breadcrumb\"},\"inLanguage\":\"fr-FR\",\"potentialAction\":[{\"@type\":\"ReadAction\",\"target\":[\"https:\/\/somo-sam.com\/?product=porte-bagages-repliable-stark\"]}]},{\"@type\":\"ImageObject\",\"inLanguage\":\"fr-FR\",\"@id\":\"https:\/\/somo-sam.com\/?product=porte-bagages-repliable-stark#primaryimage\",\"url\":\"https:\/\/somo-sam.com\/wp-content\/uploads\/2025\/02\/PORTE-BAGAGES-ALUMINIUM-chrome-2.png\",\"contentUrl\":\"https:\/\/somo-sam.com\/wp-content\/uploads\/2025\/02\/PORTE-BAGAGES-ALUMINIUM-chrome-2.png\",\"width\":1080,\"height\":1080},{\"@type\":\"BreadcrumbList\",\"@id\":\"https:\/\/somo-sam.com\/?product=porte-bagages-repliable-stark#breadcrumb\",\"itemListElement\":[{\"@type\":\"ListItem\",\"position\":1,\"name\":\"Accueil\",\"item\":\"http:\/\/somo-sam.com\/\"},{\"@type\":\"ListItem\",\"position\":2,\"name\":\"Shop\",\"item\":\"https:\/\/somo-sam.com\/?page_id=413\"},{\"@type\":\"ListItem\",\"position\":3,\"name\":\"Porte-Bagages Repliable &#8211; Stark\"}]},{\"@type\":\"WebSite\",\"@id\":\"http:\/\/somo-sam.com\/#website\",\"url\":\"http:\/\/somo-sam.com\/\",\"name\":\"SOMO S.A.M\",\"description\":\"Votre partenaire en \u00e9quipements h\u00f4teliers et de restauration\",\"potentialAction\":[{\"@type\":\"SearchAction\",\"target\":{\"@type\":\"EntryPoint\",\"urlTemplate\":\"http:\/\/somo-sam.com\/?s={search_term_string}\"},\"query-input\":{\"@type\":\"PropertyValueSpecification\",\"valueRequired\":true,\"valueName\":\"search_term_string\"}}],\"inLanguage\":\"fr-FR\"}]}<\/script>\n<!-- \/ Yoast SEO plugin. -->","yoast_head_json":{"title":"Porte-Bagages Repliable - Stark - SOMO S.A.M","robots":{"index":"index","follow":"follow","max-snippet":"max-snippet:-1","max-image-preview":"max-image-preview:large","max-video-preview":"max-video-preview:-1"},"canonical":"https:\/\/somo-sam.com\/?product=porte-bagages-repliable-stark","og_locale":"fr_FR","og_type":"article","og_title":"Porte-Bagages Repliable - Stark - SOMO S.A.M","og_description":"Le porte-bagages repliable Stark est une solution id\u00e9ale pour les h\u00f4tels, chambres d\u2019h\u00f4tes et particuliers souhaitant offrir un espace pratique","og_url":"https:\/\/somo-sam.com\/?product=porte-bagages-repliable-stark","og_site_name":"SOMO S.A.M","og_image":[{"width":1080,"height":1080,"url":"https:\/\/somo-sam.com\/wp-content\/uploads\/2025\/02\/PORTE-BAGAGES-ALUMINIUM-chrome-2.png","type":"image\/png"}],"twitter_card":"summary_large_image","twitter_misc":{"Dur\u00e9e de lecture estim\u00e9e":"1 minute"},"schema":{"@context":"https:\/\/schema.org","@graph":[{"@type":"WebPage","@id":"https:\/\/somo-sam.com\/?product=porte-bagages-repliable-stark","url":"https:\/\/somo-sam.com\/?product=porte-bagages-repliable-stark","name":"Porte-Bagages Repliable - Stark - SOMO S.A.M","isPartOf":{"@id":"http:\/\/somo-sam.com\/#website"},"primaryImageOfPage":{"@id":"https:\/\/somo-sam.com\/?product=porte-bagages-repliable-stark#primaryimage"},"image":{"@id":"https:\/\/somo-sam.com\/?product=porte-bagages-repliable-stark#primaryimage"},"thumbnailUrl":"https:\/\/somo-sam.com\/wp-content\/uploads\/2025\/02\/PORTE-BAGAGES-ALUMINIUM-chrome-2.png","datePublished":"2025-02-27T14:27:15+00:00","dateModified":"2025-02-27T14:27:15+00:00","breadcrumb":{"@id":"https:\/\/somo-sam.com\/?product=porte-bagages-repliable-stark#breadcrumb"},"inLanguage":"fr-FR","potentialAction":[{"@type":"ReadAction","target":["https:\/\/somo-sam.com\/?product=porte-bagages-repliable-stark"]}]},{"@type":"ImageObject","inLanguage":"fr-FR","@id":"https:\/\/somo-sam.com\/?product=porte-bagages-repliable-stark#primaryimage","url":"https:\/\/somo-sam.com\/wp-content\/uploads\/2025\/02\/PORTE-BAGAGES-ALUMINIUM-chrome-2.png","contentUrl":"https:\/\/somo-sam.com\/wp-content\/uploads\/2025\/02\/PORTE-BAGAGES-ALUMINIUM-chrome-2.png","width":1080,"height":1080},{"@type":"BreadcrumbList","@id":"https:\/\/somo-sam.com\/?product=porte-bagages-repliable-stark#breadcrumb","itemListElement":[{"@type":"ListItem","position":1,"name":"Accueil","item":"http:\/\/somo-sam.com\/"},{"@type":"ListItem","position":2,"name":"Shop","item":"https:\/\/somo-sam.com\/?page_id=413"},{"@type":"ListItem","position":3,"name":"Porte-Bagages Repliable &#8211; Stark"}]},{"@type":"WebSite","@id":"http:\/\/somo-sam.com\/#website","url":"http:\/\/somo-sam.com\/","name":"SOMO S.A.M","description":"Votre partenaire en \u00e9quipements h\u00f4teliers et de restauration","potentialAction":[{"@type":"SearchAction","target":{"@type":"EntryPoint","urlTemplate":"http:\/\/somo-sam.com\/?s={search_term_string}"},"query-input":{"@type":"PropertyValueSpecification","valueRequired":true,"valueName":"search_term_string"}}],"inLanguage":"fr-FR"}]}},"_links":{"self":[{"href":"https:\/\/somo-sam.com\/index.php?rest_route=\/wp\/v2\/product\/29483","targetHints":{"allow":["GET"]}}],"collection":[{"href":"https:\/\/somo-sam.com\/index.php?rest_route=\/wp\/v2\/product"}],"about":[{"href":"https:\/\/somo-sam.com\/index.php?rest_route=\/wp\/v2\/types\/product"}],"version-history":[{"count":1,"href":"https:\/\/somo-sam.com\/index.php?rest_route=\/wp\/v2\/product\/29483\/revisions"}],"predecessor-version":[{"id":29500,"href":"https:\/\/somo-sam.com\/index.php?rest_route=\/wp\/v2\/product\/29483\/revisions\/29500"}],"wp:featuredmedia":[{"embeddable":true,"href":"https:\/\/somo-sam.com\/index.php?rest_route=\/wp\/v2\/media\/29484"}],"wp:attachment":[{"href":"https:\/\/somo-sam.com\/index.php?rest_route=%2Fwp%2Fv2%2Fmedia&parent=29483"}],"wp:term":[{"taxonomy":"product_brand","embeddable":true,"href":"https:\/\/somo-sam.com\/index.php?rest_route=%2Fwp%2Fv2%2Fproduct_brand&post=29483"},{"taxonomy":"product_cat","embeddable":true,"href":"https:\/\/somo-sam.com\/index.php?rest_route=%2Fwp%2Fv2%2Fproduct_cat&post=29483"},{"taxonomy":"product_tag","embeddable":true,"href":"https:\/\/somo-sam.com\/index.php?rest_route=%2Fwp%2Fv2%2Fproduct_tag&post=29483"}],"curies":[{"name":"wp","href":"https:\/\/api.w.org\/{rel}","templated":true}]}}