{"id":29556,"date":"2025-02-28T12:59:17","date_gmt":"2025-02-28T11:59:17","guid":{"rendered":"https:\/\/somo-sam.com\/?post_type=product&#038;p=29556"},"modified":"2025-02-28T12:59:17","modified_gmt":"2025-02-28T11:59:17","slug":"ferme-porte-aerien-mab-564-poussoir-de-porte","status":"publish","type":"product","link":"https:\/\/somo-sam.com\/?product=ferme-porte-aerien-mab-564-poussoir-de-porte","title":{"rendered":"Ferme-porte a\u00e9rien mab 564 poussoir de porte"},"content":{"rendered":"<p data-pm-slice=\"1 1 []\">Le ferme-porte S\u00c9RIE 564 est con\u00e7u pour offrir une fermeture efficace et contr\u00f4l\u00e9e des portes gr\u00e2ce \u00e0 sa conception robuste en fonte et \u00e0 son syst\u00e8me de r\u00e9glage pr\u00e9cis. Son carter en ABS haute r\u00e9sistance garantit une durabilit\u00e9 optimale, et son bras standard assure une installation simple et adapt\u00e9e \u00e0 de nombreuses configurations.<\/p>\n","protected":false},"excerpt":{"rendered":"<h2 class=\"b38yzx flV3Yn c1Kg6Qz gS1w88 c1Zr_dX\">Ferme-porte a\u00e9rien mab 564 poussoir de porte<\/h2>\n","protected":false},"featured_media":29563,"template":"","meta":{"_acf_changed":false,"_monsterinsights_skip_tracking":false,"_monsterinsights_sitenote_active":false,"_monsterinsights_sitenote_note":"","_monsterinsights_sitenote_category":0},"product_brand":[283],"product_cat":[257,258,256],"product_tag":[],"class_list":{"0":"post-29556","1":"product","2":"type-product","3":"status-publish","4":"has-post-thumbnail","6":"product_brand-assa-abloy","7":"product_cat-ferme-portes","8":"product_cat-ferme-portes-produit","9":"product_cat-technique-fermeture","11":"first","12":"instock","13":"taxable","14":"shipping-taxable","15":"purchasable","16":"product-type-variable","17":"add-to-wishlist-after_add_to_cart"},"acf":[],"yoast_head":"<!-- This site is optimized with the Yoast SEO plugin v23.6 - https:\/\/yoast.com\/wordpress\/plugins\/seo\/ -->\n<title>Ferme-porte a\u00e9rien mab 564 poussoir de porte - SOMO S.A.M<\/title>\n<meta name=\"description\" content=\"Le ferme-porte S\u00c9RIE 564 est con\u00e7u pour offrir une fermeture efficace et contr\u00f4l\u00e9e des portes gr\u00e2ce \u00e0 sa conception robuste en fonte et \u00e0 son syst\u00e8me de r\u00e9glage pr\u00e9cis. Son carter en ABS haute r\u00e9sistance garantit une durabilit\u00e9 optimale, et son bras standard assure une installation simple et adapt\u00e9e \u00e0 de nombreuses configurations.\" \/>\n<meta name=\"robots\" content=\"index, follow, max-snippet:-1, max-image-preview:large, max-video-preview:-1\" \/>\n<link rel=\"canonical\" href=\"http:\/\/somo-sam.com\/?product=ferme-porte-aerien-mab-564-poussoir-de-porte\" \/>\n<meta property=\"og:locale\" content=\"fr_FR\" \/>\n<meta property=\"og:type\" content=\"article\" \/>\n<meta property=\"og:title\" content=\"Ferme-porte a\u00e9rien mab 564 poussoir de porte - SOMO S.A.M\" \/>\n<meta property=\"og:description\" content=\"Le ferme-porte S\u00c9RIE 564 est con\u00e7u pour offrir une fermeture efficace et contr\u00f4l\u00e9e des portes gr\u00e2ce \u00e0 sa conception robuste en fonte et \u00e0 son syst\u00e8me de r\u00e9glage pr\u00e9cis. Son carter en ABS haute r\u00e9sistance garantit une durabilit\u00e9 optimale, et son bras standard assure une installation simple et adapt\u00e9e \u00e0 de nombreuses configurations.\" \/>\n<meta property=\"og:url\" content=\"http:\/\/somo-sam.com\/?product=ferme-porte-aerien-mab-564-poussoir-de-porte\" \/>\n<meta property=\"og:site_name\" content=\"SOMO S.A.M\" \/>\n<meta property=\"og:image\" content=\"http:\/\/somo-sam.com\/wp-content\/uploads\/2025\/02\/serie-564-argent.png\" \/>\n\t<meta property=\"og:image:width\" content=\"1080\" \/>\n\t<meta property=\"og:image:height\" content=\"1080\" \/>\n\t<meta property=\"og:image:type\" content=\"image\/png\" \/>\n<meta name=\"twitter:card\" content=\"summary_large_image\" \/>\n<meta name=\"twitter:label1\" content=\"Dur\u00e9e de lecture estim\u00e9e\" \/>\n\t<meta name=\"twitter:data1\" content=\"1 minute\" \/>\n<script type=\"application\/ld+json\" class=\"yoast-schema-graph\">{\"@context\":\"https:\/\/schema.org\",\"@graph\":[{\"@type\":\"WebPage\",\"@id\":\"http:\/\/somo-sam.com\/?product=ferme-porte-aerien-mab-564-poussoir-de-porte\",\"url\":\"http:\/\/somo-sam.com\/?product=ferme-porte-aerien-mab-564-poussoir-de-porte\",\"name\":\"Ferme-porte a\u00e9rien mab 564 poussoir de porte - SOMO S.A.M\",\"isPartOf\":{\"@id\":\"http:\/\/somo-sam.com\/#website\"},\"primaryImageOfPage\":{\"@id\":\"http:\/\/somo-sam.com\/?product=ferme-porte-aerien-mab-564-poussoir-de-porte#primaryimage\"},\"image\":{\"@id\":\"http:\/\/somo-sam.com\/?product=ferme-porte-aerien-mab-564-poussoir-de-porte#primaryimage\"},\"thumbnailUrl\":\"https:\/\/somo-sam.com\/wp-content\/uploads\/2025\/02\/serie-564-argent.png\",\"datePublished\":\"2025-02-28T11:59:17+00:00\",\"dateModified\":\"2025-02-28T11:59:17+00:00\",\"description\":\"Le ferme-porte S\u00c9RIE 564 est con\u00e7u pour offrir une fermeture efficace et contr\u00f4l\u00e9e des portes gr\u00e2ce \u00e0 sa conception robuste en fonte et \u00e0 son syst\u00e8me de r\u00e9glage pr\u00e9cis. Son carter en ABS haute r\u00e9sistance garantit une durabilit\u00e9 optimale, et son bras standard assure une installation simple et adapt\u00e9e \u00e0 de nombreuses configurations.\",\"breadcrumb\":{\"@id\":\"http:\/\/somo-sam.com\/?product=ferme-porte-aerien-mab-564-poussoir-de-porte#breadcrumb\"},\"inLanguage\":\"fr-FR\",\"potentialAction\":[{\"@type\":\"ReadAction\",\"target\":[\"http:\/\/somo-sam.com\/?product=ferme-porte-aerien-mab-564-poussoir-de-porte\"]}]},{\"@type\":\"ImageObject\",\"inLanguage\":\"fr-FR\",\"@id\":\"http:\/\/somo-sam.com\/?product=ferme-porte-aerien-mab-564-poussoir-de-porte#primaryimage\",\"url\":\"https:\/\/somo-sam.com\/wp-content\/uploads\/2025\/02\/serie-564-argent.png\",\"contentUrl\":\"https:\/\/somo-sam.com\/wp-content\/uploads\/2025\/02\/serie-564-argent.png\",\"width\":1080,\"height\":1080},{\"@type\":\"BreadcrumbList\",\"@id\":\"http:\/\/somo-sam.com\/?product=ferme-porte-aerien-mab-564-poussoir-de-porte#breadcrumb\",\"itemListElement\":[{\"@type\":\"ListItem\",\"position\":1,\"name\":\"Accueil\",\"item\":\"http:\/\/somo-sam.com\/\"},{\"@type\":\"ListItem\",\"position\":2,\"name\":\"Shop\",\"item\":\"https:\/\/somo-sam.com\/?page_id=413\"},{\"@type\":\"ListItem\",\"position\":3,\"name\":\"Ferme-porte a\u00e9rien mab 564 poussoir de porte\"}]},{\"@type\":\"WebSite\",\"@id\":\"http:\/\/somo-sam.com\/#website\",\"url\":\"http:\/\/somo-sam.com\/\",\"name\":\"SOMO S.A.M\",\"description\":\"Votre partenaire en \u00e9quipements h\u00f4teliers et de restauration\",\"potentialAction\":[{\"@type\":\"SearchAction\",\"target\":{\"@type\":\"EntryPoint\",\"urlTemplate\":\"http:\/\/somo-sam.com\/?s={search_term_string}\"},\"query-input\":{\"@type\":\"PropertyValueSpecification\",\"valueRequired\":true,\"valueName\":\"search_term_string\"}}],\"inLanguage\":\"fr-FR\"}]}<\/script>\n<!-- \/ Yoast SEO plugin. -->","yoast_head_json":{"title":"Ferme-porte a\u00e9rien mab 564 poussoir de porte - SOMO S.A.M","description":"Le ferme-porte S\u00c9RIE 564 est con\u00e7u pour offrir une fermeture efficace et contr\u00f4l\u00e9e des portes gr\u00e2ce \u00e0 sa conception robuste en fonte et \u00e0 son syst\u00e8me de r\u00e9glage pr\u00e9cis. Son carter en ABS haute r\u00e9sistance garantit une durabilit\u00e9 optimale, et son bras standard assure une installation simple et adapt\u00e9e \u00e0 de nombreuses configurations.","robots":{"index":"index","follow":"follow","max-snippet":"max-snippet:-1","max-image-preview":"max-image-preview:large","max-video-preview":"max-video-preview:-1"},"canonical":"http:\/\/somo-sam.com\/?product=ferme-porte-aerien-mab-564-poussoir-de-porte","og_locale":"fr_FR","og_type":"article","og_title":"Ferme-porte a\u00e9rien mab 564 poussoir de porte - SOMO S.A.M","og_description":"Le ferme-porte S\u00c9RIE 564 est con\u00e7u pour offrir une fermeture efficace et contr\u00f4l\u00e9e des portes gr\u00e2ce \u00e0 sa conception robuste en fonte et \u00e0 son syst\u00e8me de r\u00e9glage pr\u00e9cis. Son carter en ABS haute r\u00e9sistance garantit une durabilit\u00e9 optimale, et son bras standard assure une installation simple et adapt\u00e9e \u00e0 de nombreuses configurations.","og_url":"http:\/\/somo-sam.com\/?product=ferme-porte-aerien-mab-564-poussoir-de-porte","og_site_name":"SOMO S.A.M","og_image":[{"width":1080,"height":1080,"url":"http:\/\/somo-sam.com\/wp-content\/uploads\/2025\/02\/serie-564-argent.png","type":"image\/png"}],"twitter_card":"summary_large_image","twitter_misc":{"Dur\u00e9e de lecture estim\u00e9e":"1 minute"},"schema":{"@context":"https:\/\/schema.org","@graph":[{"@type":"WebPage","@id":"http:\/\/somo-sam.com\/?product=ferme-porte-aerien-mab-564-poussoir-de-porte","url":"http:\/\/somo-sam.com\/?product=ferme-porte-aerien-mab-564-poussoir-de-porte","name":"Ferme-porte a\u00e9rien mab 564 poussoir de porte - SOMO S.A.M","isPartOf":{"@id":"http:\/\/somo-sam.com\/#website"},"primaryImageOfPage":{"@id":"http:\/\/somo-sam.com\/?product=ferme-porte-aerien-mab-564-poussoir-de-porte#primaryimage"},"image":{"@id":"http:\/\/somo-sam.com\/?product=ferme-porte-aerien-mab-564-poussoir-de-porte#primaryimage"},"thumbnailUrl":"https:\/\/somo-sam.com\/wp-content\/uploads\/2025\/02\/serie-564-argent.png","datePublished":"2025-02-28T11:59:17+00:00","dateModified":"2025-02-28T11:59:17+00:00","description":"Le ferme-porte S\u00c9RIE 564 est con\u00e7u pour offrir une fermeture efficace et contr\u00f4l\u00e9e des portes gr\u00e2ce \u00e0 sa conception robuste en fonte et \u00e0 son syst\u00e8me de r\u00e9glage pr\u00e9cis. Son carter en ABS haute r\u00e9sistance garantit une durabilit\u00e9 optimale, et son bras standard assure une installation simple et adapt\u00e9e \u00e0 de nombreuses configurations.","breadcrumb":{"@id":"http:\/\/somo-sam.com\/?product=ferme-porte-aerien-mab-564-poussoir-de-porte#breadcrumb"},"inLanguage":"fr-FR","potentialAction":[{"@type":"ReadAction","target":["http:\/\/somo-sam.com\/?product=ferme-porte-aerien-mab-564-poussoir-de-porte"]}]},{"@type":"ImageObject","inLanguage":"fr-FR","@id":"http:\/\/somo-sam.com\/?product=ferme-porte-aerien-mab-564-poussoir-de-porte#primaryimage","url":"https:\/\/somo-sam.com\/wp-content\/uploads\/2025\/02\/serie-564-argent.png","contentUrl":"https:\/\/somo-sam.com\/wp-content\/uploads\/2025\/02\/serie-564-argent.png","width":1080,"height":1080},{"@type":"BreadcrumbList","@id":"http:\/\/somo-sam.com\/?product=ferme-porte-aerien-mab-564-poussoir-de-porte#breadcrumb","itemListElement":[{"@type":"ListItem","position":1,"name":"Accueil","item":"http:\/\/somo-sam.com\/"},{"@type":"ListItem","position":2,"name":"Shop","item":"https:\/\/somo-sam.com\/?page_id=413"},{"@type":"ListItem","position":3,"name":"Ferme-porte a\u00e9rien mab 564 poussoir de porte"}]},{"@type":"WebSite","@id":"http:\/\/somo-sam.com\/#website","url":"http:\/\/somo-sam.com\/","name":"SOMO S.A.M","description":"Votre partenaire en \u00e9quipements h\u00f4teliers et de restauration","potentialAction":[{"@type":"SearchAction","target":{"@type":"EntryPoint","urlTemplate":"http:\/\/somo-sam.com\/?s={search_term_string}"},"query-input":{"@type":"PropertyValueSpecification","valueRequired":true,"valueName":"search_term_string"}}],"inLanguage":"fr-FR"}]}},"_links":{"self":[{"href":"https:\/\/somo-sam.com\/index.php?rest_route=\/wp\/v2\/product\/29556","targetHints":{"allow":["GET"]}}],"collection":[{"href":"https:\/\/somo-sam.com\/index.php?rest_route=\/wp\/v2\/product"}],"about":[{"href":"https:\/\/somo-sam.com\/index.php?rest_route=\/wp\/v2\/types\/product"}],"version-history":[{"count":1,"href":"https:\/\/somo-sam.com\/index.php?rest_route=\/wp\/v2\/product\/29556\/revisions"}],"predecessor-version":[{"id":29571,"href":"https:\/\/somo-sam.com\/index.php?rest_route=\/wp\/v2\/product\/29556\/revisions\/29571"}],"wp:featuredmedia":[{"embeddable":true,"href":"https:\/\/somo-sam.com\/index.php?rest_route=\/wp\/v2\/media\/29563"}],"wp:attachment":[{"href":"https:\/\/somo-sam.com\/index.php?rest_route=%2Fwp%2Fv2%2Fmedia&parent=29556"}],"wp:term":[{"taxonomy":"product_brand","embeddable":true,"href":"https:\/\/somo-sam.com\/index.php?rest_route=%2Fwp%2Fv2%2Fproduct_brand&post=29556"},{"taxonomy":"product_cat","embeddable":true,"href":"https:\/\/somo-sam.com\/index.php?rest_route=%2Fwp%2Fv2%2Fproduct_cat&post=29556"},{"taxonomy":"product_tag","embeddable":true,"href":"https:\/\/somo-sam.com\/index.php?rest_route=%2Fwp%2Fv2%2Fproduct_tag&post=29556"}],"curies":[{"name":"wp","href":"https:\/\/api.w.org\/{rel}","templated":true}]}}