{"id":29766,"date":"2025-03-04T15:23:46","date_gmt":"2025-03-04T14:23:46","guid":{"rendered":"https:\/\/somo-sam.com\/?post_type=product&#038;p=29766"},"modified":"2025-03-04T15:23:46","modified_gmt":"2025-03-04T14:23:46","slug":"ferme-portillon-650c","status":"publish","type":"product","link":"https:\/\/somo-sam.com\/?product=ferme-portillon-650c","title":{"rendered":"FERME-PORTILLON 650C"},"content":{"rendered":"<p>Pour portillon jusqu&#8217; \u00e0 2400 x 1250 mm<\/p>\n<p>\u2022 Force fixe 2<br \/>\n\u2022 Pour portillons jusqu&#8217;\u00e0 1250mm de largeur et 2400mm de hauteur<br \/>\n\u2022 Garantie 2 ans (appareil+corrosion)<br \/>\n\u2022 Appareils test\u00e9s sur 500 000 cycles<br \/>\n\u2022 Huile thermostatique (temp\u00e9rature de -20\u00b0 \u00e0 40\u00b0)<br \/>\n\u2022 2 vitesses de fermeture (initiale et A-coup final) r\u00e9glables ind\u00e9pendamment par 2 valves thermostatiques<br \/>\n\u2022 Protection antirouille<br \/>\n\u2022 Glissi\u00e8res anti-pincement<br \/>\n\u2022 S&#8217;adapte parfaitement avec une serrure \u00e0 g\u00e2che \u00e9lectrique<br \/>\n\u2022 Vis auto-foreuse pour faciliter le montage sans l&#8217;aide d&#8217;outils particuliers<br \/>\n\u2022 R\u00e9versible<\/p>\n","protected":false},"excerpt":{"rendered":"<p>Pour portillon jusqu&#8217; \u00e0 2400 x 1250 mm \u2022 Force fixe 2 \u2022 Pour portillons jusqu&#8217;\u00e0 1250mm de largeur et<\/p>\n","protected":false},"featured_media":29767,"template":"","meta":{"_acf_changed":false,"_monsterinsights_skip_tracking":false,"_monsterinsights_sitenote_active":false,"_monsterinsights_sitenote_note":"","_monsterinsights_sitenote_category":0},"product_brand":[283],"product_cat":[45,256],"product_tag":[],"class_list":{"0":"post-29766","1":"product","2":"type-product","3":"status-publish","4":"has-post-thumbnail","6":"product_brand-assa-abloy","7":"product_cat-ferme-portillons","8":"product_cat-technique-fermeture","10":"first","11":"instock","12":"taxable","13":"shipping-taxable","14":"purchasable","15":"product-type-variable","16":"add-to-wishlist-after_add_to_cart"},"acf":[],"yoast_head":"<!-- This site is optimized with the Yoast SEO plugin v23.6 - https:\/\/yoast.com\/wordpress\/plugins\/seo\/ -->\n<title>FERME-PORTILLON 650C - SOMO S.A.M<\/title>\n<meta name=\"robots\" content=\"index, follow, max-snippet:-1, max-image-preview:large, max-video-preview:-1\" \/>\n<link rel=\"canonical\" href=\"https:\/\/somo-sam.com\/?product=ferme-portillon-650c\" \/>\n<meta property=\"og:locale\" content=\"fr_FR\" \/>\n<meta property=\"og:type\" content=\"article\" \/>\n<meta property=\"og:title\" content=\"FERME-PORTILLON 650C - SOMO S.A.M\" \/>\n<meta property=\"og:description\" content=\"Pour portillon jusqu&#8217; \u00e0 2400 x 1250 mm \u2022 Force fixe 2 \u2022 Pour portillons jusqu&#8217;\u00e0 1250mm de largeur et\" \/>\n<meta property=\"og:url\" content=\"https:\/\/somo-sam.com\/?product=ferme-portillon-650c\" \/>\n<meta property=\"og:site_name\" content=\"SOMO S.A.M\" \/>\n<meta property=\"og:image\" content=\"https:\/\/somo-sam.com\/wp-content\/uploads\/2025\/03\/650c.png\" \/>\n\t<meta property=\"og:image:width\" content=\"1080\" \/>\n\t<meta property=\"og:image:height\" content=\"1080\" \/>\n\t<meta property=\"og:image:type\" content=\"image\/png\" \/>\n<meta name=\"twitter:card\" content=\"summary_large_image\" \/>\n<meta name=\"twitter:label1\" content=\"Dur\u00e9e de lecture estim\u00e9e\" \/>\n\t<meta name=\"twitter:data1\" content=\"1 minute\" \/>\n<script type=\"application\/ld+json\" class=\"yoast-schema-graph\">{\"@context\":\"https:\/\/schema.org\",\"@graph\":[{\"@type\":\"WebPage\",\"@id\":\"https:\/\/somo-sam.com\/?product=ferme-portillon-650c\",\"url\":\"https:\/\/somo-sam.com\/?product=ferme-portillon-650c\",\"name\":\"FERME-PORTILLON 650C - SOMO S.A.M\",\"isPartOf\":{\"@id\":\"http:\/\/somo-sam.com\/#website\"},\"primaryImageOfPage\":{\"@id\":\"https:\/\/somo-sam.com\/?product=ferme-portillon-650c#primaryimage\"},\"image\":{\"@id\":\"https:\/\/somo-sam.com\/?product=ferme-portillon-650c#primaryimage\"},\"thumbnailUrl\":\"https:\/\/somo-sam.com\/wp-content\/uploads\/2025\/03\/650c.png\",\"datePublished\":\"2025-03-04T14:23:46+00:00\",\"dateModified\":\"2025-03-04T14:23:46+00:00\",\"breadcrumb\":{\"@id\":\"https:\/\/somo-sam.com\/?product=ferme-portillon-650c#breadcrumb\"},\"inLanguage\":\"fr-FR\",\"potentialAction\":[{\"@type\":\"ReadAction\",\"target\":[\"https:\/\/somo-sam.com\/?product=ferme-portillon-650c\"]}]},{\"@type\":\"ImageObject\",\"inLanguage\":\"fr-FR\",\"@id\":\"https:\/\/somo-sam.com\/?product=ferme-portillon-650c#primaryimage\",\"url\":\"https:\/\/somo-sam.com\/wp-content\/uploads\/2025\/03\/650c.png\",\"contentUrl\":\"https:\/\/somo-sam.com\/wp-content\/uploads\/2025\/03\/650c.png\",\"width\":1080,\"height\":1080},{\"@type\":\"BreadcrumbList\",\"@id\":\"https:\/\/somo-sam.com\/?product=ferme-portillon-650c#breadcrumb\",\"itemListElement\":[{\"@type\":\"ListItem\",\"position\":1,\"name\":\"Accueil\",\"item\":\"http:\/\/somo-sam.com\/\"},{\"@type\":\"ListItem\",\"position\":2,\"name\":\"Shop\",\"item\":\"https:\/\/somo-sam.com\/?page_id=413\"},{\"@type\":\"ListItem\",\"position\":3,\"name\":\"FERME-PORTILLON 650C\"}]},{\"@type\":\"WebSite\",\"@id\":\"http:\/\/somo-sam.com\/#website\",\"url\":\"http:\/\/somo-sam.com\/\",\"name\":\"SOMO S.A.M\",\"description\":\"Votre partenaire en \u00e9quipements h\u00f4teliers et de restauration\",\"potentialAction\":[{\"@type\":\"SearchAction\",\"target\":{\"@type\":\"EntryPoint\",\"urlTemplate\":\"http:\/\/somo-sam.com\/?s={search_term_string}\"},\"query-input\":{\"@type\":\"PropertyValueSpecification\",\"valueRequired\":true,\"valueName\":\"search_term_string\"}}],\"inLanguage\":\"fr-FR\"}]}<\/script>\n<!-- \/ Yoast SEO plugin. -->","yoast_head_json":{"title":"FERME-PORTILLON 650C - SOMO S.A.M","robots":{"index":"index","follow":"follow","max-snippet":"max-snippet:-1","max-image-preview":"max-image-preview:large","max-video-preview":"max-video-preview:-1"},"canonical":"https:\/\/somo-sam.com\/?product=ferme-portillon-650c","og_locale":"fr_FR","og_type":"article","og_title":"FERME-PORTILLON 650C - SOMO S.A.M","og_description":"Pour portillon jusqu&#8217; \u00e0 2400 x 1250 mm \u2022 Force fixe 2 \u2022 Pour portillons jusqu&#8217;\u00e0 1250mm de largeur et","og_url":"https:\/\/somo-sam.com\/?product=ferme-portillon-650c","og_site_name":"SOMO S.A.M","og_image":[{"width":1080,"height":1080,"url":"https:\/\/somo-sam.com\/wp-content\/uploads\/2025\/03\/650c.png","type":"image\/png"}],"twitter_card":"summary_large_image","twitter_misc":{"Dur\u00e9e de lecture estim\u00e9e":"1 minute"},"schema":{"@context":"https:\/\/schema.org","@graph":[{"@type":"WebPage","@id":"https:\/\/somo-sam.com\/?product=ferme-portillon-650c","url":"https:\/\/somo-sam.com\/?product=ferme-portillon-650c","name":"FERME-PORTILLON 650C - SOMO S.A.M","isPartOf":{"@id":"http:\/\/somo-sam.com\/#website"},"primaryImageOfPage":{"@id":"https:\/\/somo-sam.com\/?product=ferme-portillon-650c#primaryimage"},"image":{"@id":"https:\/\/somo-sam.com\/?product=ferme-portillon-650c#primaryimage"},"thumbnailUrl":"https:\/\/somo-sam.com\/wp-content\/uploads\/2025\/03\/650c.png","datePublished":"2025-03-04T14:23:46+00:00","dateModified":"2025-03-04T14:23:46+00:00","breadcrumb":{"@id":"https:\/\/somo-sam.com\/?product=ferme-portillon-650c#breadcrumb"},"inLanguage":"fr-FR","potentialAction":[{"@type":"ReadAction","target":["https:\/\/somo-sam.com\/?product=ferme-portillon-650c"]}]},{"@type":"ImageObject","inLanguage":"fr-FR","@id":"https:\/\/somo-sam.com\/?product=ferme-portillon-650c#primaryimage","url":"https:\/\/somo-sam.com\/wp-content\/uploads\/2025\/03\/650c.png","contentUrl":"https:\/\/somo-sam.com\/wp-content\/uploads\/2025\/03\/650c.png","width":1080,"height":1080},{"@type":"BreadcrumbList","@id":"https:\/\/somo-sam.com\/?product=ferme-portillon-650c#breadcrumb","itemListElement":[{"@type":"ListItem","position":1,"name":"Accueil","item":"http:\/\/somo-sam.com\/"},{"@type":"ListItem","position":2,"name":"Shop","item":"https:\/\/somo-sam.com\/?page_id=413"},{"@type":"ListItem","position":3,"name":"FERME-PORTILLON 650C"}]},{"@type":"WebSite","@id":"http:\/\/somo-sam.com\/#website","url":"http:\/\/somo-sam.com\/","name":"SOMO S.A.M","description":"Votre partenaire en \u00e9quipements h\u00f4teliers et de restauration","potentialAction":[{"@type":"SearchAction","target":{"@type":"EntryPoint","urlTemplate":"http:\/\/somo-sam.com\/?s={search_term_string}"},"query-input":{"@type":"PropertyValueSpecification","valueRequired":true,"valueName":"search_term_string"}}],"inLanguage":"fr-FR"}]}},"_links":{"self":[{"href":"https:\/\/somo-sam.com\/index.php?rest_route=\/wp\/v2\/product\/29766","targetHints":{"allow":["GET"]}}],"collection":[{"href":"https:\/\/somo-sam.com\/index.php?rest_route=\/wp\/v2\/product"}],"about":[{"href":"https:\/\/somo-sam.com\/index.php?rest_route=\/wp\/v2\/types\/product"}],"version-history":[{"count":1,"href":"https:\/\/somo-sam.com\/index.php?rest_route=\/wp\/v2\/product\/29766\/revisions"}],"predecessor-version":[{"id":29776,"href":"https:\/\/somo-sam.com\/index.php?rest_route=\/wp\/v2\/product\/29766\/revisions\/29776"}],"wp:featuredmedia":[{"embeddable":true,"href":"https:\/\/somo-sam.com\/index.php?rest_route=\/wp\/v2\/media\/29767"}],"wp:attachment":[{"href":"https:\/\/somo-sam.com\/index.php?rest_route=%2Fwp%2Fv2%2Fmedia&parent=29766"}],"wp:term":[{"taxonomy":"product_brand","embeddable":true,"href":"https:\/\/somo-sam.com\/index.php?rest_route=%2Fwp%2Fv2%2Fproduct_brand&post=29766"},{"taxonomy":"product_cat","embeddable":true,"href":"https:\/\/somo-sam.com\/index.php?rest_route=%2Fwp%2Fv2%2Fproduct_cat&post=29766"},{"taxonomy":"product_tag","embeddable":true,"href":"https:\/\/somo-sam.com\/index.php?rest_route=%2Fwp%2Fv2%2Fproduct_tag&post=29766"}],"curies":[{"name":"wp","href":"https:\/\/api.w.org\/{rel}","templated":true}]}}