{"id":29862,"date":"2025-03-05T14:46:51","date_gmt":"2025-03-05T13:46:51","guid":{"rendered":"https:\/\/somo-sam.com\/?post_type=product&#038;p=29862"},"modified":"2025-03-05T14:46:51","modified_gmt":"2025-03-05T13:46:51","slug":"pivot-de-sol-serie-7600-pivot-extra-plat-force-fixe","status":"publish","type":"product","link":"https:\/\/somo-sam.com\/?product=pivot-de-sol-serie-7600-pivot-extra-plat-force-fixe","title":{"rendered":"PIVOT DE SOL  SERIE 7600 &#8211; PIVOT EXTRA PLAT &#8211; FORCE FIXE"},"content":{"rendered":"<p data-start=\"0\" data-end=\"144\">S\u00e9rie 7600<br data-start=\"10\" data-end=\"13\" \/>MAB<br data-start=\"16\" data-end=\"19\" \/>La s\u00e9rie 7600 est un ferme-porte avec technologie Cam-Motion\u00ae certifi\u00e9 pour les portes coupe-feu jusqu&#8217;\u00e0 120 kg et marqu\u00e9 CE.<\/p>\n<p data-start=\"146\" data-end=\"370\">Force de fermeture fixe 3\/4 conforme \u00e0 la norme EN 1154. Il pr\u00e9sente un design universel pour les portes \u00e0 gauche et \u00e0 droite ainsi que pour les portes \u00e0 un ou deux vantaux. Il convient aux portes int\u00e9rieures et ext\u00e9rieures.<\/p>\n<p data-start=\"372\" data-end=\"586\">La bo\u00eete de b\u00e9ton mesure seulement 40 mm de hauteur, ce qui permet de l&#8217;adapter \u00e0 des dalles fines. Elle peut \u00eatre facilement ajust\u00e9e dans toutes les directions au sein de la bo\u00eete de b\u00e9ton gr\u00e2ce \u00e0 un seul gabarit.<\/p>\n<p data-start=\"588\" data-end=\"920\">Fermeture douce ou action de verrouillage puissante pour assurer une fermeture correcte m\u00eame en cas de serrures difficiles \u00e0 verrouiller. La vitesse de fermeture et le verrouillage final sont contr\u00f4l\u00e9s par deux vannes ind\u00e9pendantes facilement ajustables. Le point de pivot peut \u00e9galement \u00eatre ajust\u00e9 sans d\u00e9placer la bo\u00eete de b\u00e9ton.<\/p>\n<p data-start=\"922\" data-end=\"1041\">Il est \u00e9galement \u00e9quip\u00e9 d&#8217;une soupape de surpression et poss\u00e8de deux broches interchangeables (italienne et allemande).<\/p>\n<p data-start=\"1043\" data-end=\"1141\" data-is-last-node=\"\" data-is-only-node=\"\">Finitions des plaques de couverture : Acier inoxydable poli, Acier inoxydable satin\u00e9, Laiton poli<\/p>\n","protected":false},"excerpt":{"rendered":"<h2>PIVOT DE SOL SERIE 7600 &#8211; PIVOT EXTRA PLAT &#8211; FORCE FIXE<\/h2>\n","protected":false},"featured_media":29863,"template":"","meta":{"_acf_changed":false,"_monsterinsights_skip_tracking":false,"_monsterinsights_sitenote_active":false,"_monsterinsights_sitenote_note":"","_monsterinsights_sitenote_category":0},"product_brand":[283],"product_cat":[49,256],"product_tag":[],"class_list":{"0":"post-29862","1":"product","2":"type-product","3":"status-publish","4":"has-post-thumbnail","6":"product_brand-assa-abloy","7":"product_cat-pivotsdesol","8":"product_cat-technique-fermeture","10":"first","11":"instock","12":"taxable","13":"shipping-taxable","14":"purchasable","15":"product-type-variable","16":"add-to-wishlist-after_add_to_cart"},"acf":[],"yoast_head":"<!-- This site is optimized with the Yoast SEO plugin v23.6 - https:\/\/yoast.com\/wordpress\/plugins\/seo\/ -->\n<title>PIVOT DE SOL SERIE 7600 - PIVOT EXTRA PLAT - FORCE FIXE - SOMO S.A.M<\/title>\n<meta name=\"description\" content=\"La s\u00e9rie 7600 est un ferme-porte avec technologie Cam-Motion\u00ae certifi\u00e9 pour les portes coupe-feu jusqu&#039;\u00e0 120 kg et marqu\u00e9 CE.\" \/>\n<meta name=\"robots\" content=\"index, follow, max-snippet:-1, max-image-preview:large, max-video-preview:-1\" \/>\n<link rel=\"canonical\" href=\"https:\/\/somo-sam.com\/?product=pivot-de-sol-serie-7600-pivot-extra-plat-force-fixe\" \/>\n<meta property=\"og:locale\" content=\"fr_FR\" \/>\n<meta property=\"og:type\" content=\"article\" \/>\n<meta property=\"og:title\" content=\"PIVOT DE SOL SERIE 7600 - PIVOT EXTRA PLAT - FORCE FIXE - SOMO S.A.M\" \/>\n<meta property=\"og:description\" content=\"La s\u00e9rie 7600 est un ferme-porte avec technologie Cam-Motion\u00ae certifi\u00e9 pour les portes coupe-feu jusqu&#039;\u00e0 120 kg et marqu\u00e9 CE.\" \/>\n<meta property=\"og:url\" content=\"https:\/\/somo-sam.com\/?product=pivot-de-sol-serie-7600-pivot-extra-plat-force-fixe\" \/>\n<meta property=\"og:site_name\" content=\"SOMO S.A.M\" \/>\n<meta property=\"og:image\" content=\"https:\/\/somo-sam.com\/wp-content\/uploads\/2025\/03\/7600-serie.png\" \/>\n\t<meta property=\"og:image:width\" content=\"1080\" \/>\n\t<meta property=\"og:image:height\" content=\"1080\" \/>\n\t<meta property=\"og:image:type\" content=\"image\/png\" \/>\n<meta name=\"twitter:card\" content=\"summary_large_image\" \/>\n<meta name=\"twitter:label1\" content=\"Dur\u00e9e de lecture estim\u00e9e\" \/>\n\t<meta name=\"twitter:data1\" content=\"2 minutes\" \/>\n<script type=\"application\/ld+json\" class=\"yoast-schema-graph\">{\"@context\":\"https:\/\/schema.org\",\"@graph\":[{\"@type\":\"WebPage\",\"@id\":\"https:\/\/somo-sam.com\/?product=pivot-de-sol-serie-7600-pivot-extra-plat-force-fixe\",\"url\":\"https:\/\/somo-sam.com\/?product=pivot-de-sol-serie-7600-pivot-extra-plat-force-fixe\",\"name\":\"PIVOT DE SOL SERIE 7600 - PIVOT EXTRA PLAT - FORCE FIXE - SOMO S.A.M\",\"isPartOf\":{\"@id\":\"https:\/\/somo-sam.com\/#website\"},\"primaryImageOfPage\":{\"@id\":\"https:\/\/somo-sam.com\/?product=pivot-de-sol-serie-7600-pivot-extra-plat-force-fixe#primaryimage\"},\"image\":{\"@id\":\"https:\/\/somo-sam.com\/?product=pivot-de-sol-serie-7600-pivot-extra-plat-force-fixe#primaryimage\"},\"thumbnailUrl\":\"https:\/\/somo-sam.com\/wp-content\/uploads\/2025\/03\/7600-serie.png\",\"datePublished\":\"2025-03-05T13:46:51+00:00\",\"dateModified\":\"2025-03-05T13:46:51+00:00\",\"description\":\"La s\u00e9rie 7600 est un ferme-porte avec technologie Cam-Motion\u00ae certifi\u00e9 pour les portes coupe-feu jusqu'\u00e0 120 kg et marqu\u00e9 CE.\",\"breadcrumb\":{\"@id\":\"https:\/\/somo-sam.com\/?product=pivot-de-sol-serie-7600-pivot-extra-plat-force-fixe#breadcrumb\"},\"inLanguage\":\"fr-FR\",\"potentialAction\":[{\"@type\":\"ReadAction\",\"target\":[\"https:\/\/somo-sam.com\/?product=pivot-de-sol-serie-7600-pivot-extra-plat-force-fixe\"]}]},{\"@type\":\"ImageObject\",\"inLanguage\":\"fr-FR\",\"@id\":\"https:\/\/somo-sam.com\/?product=pivot-de-sol-serie-7600-pivot-extra-plat-force-fixe#primaryimage\",\"url\":\"https:\/\/somo-sam.com\/wp-content\/uploads\/2025\/03\/7600-serie.png\",\"contentUrl\":\"https:\/\/somo-sam.com\/wp-content\/uploads\/2025\/03\/7600-serie.png\",\"width\":1080,\"height\":1080},{\"@type\":\"BreadcrumbList\",\"@id\":\"https:\/\/somo-sam.com\/?product=pivot-de-sol-serie-7600-pivot-extra-plat-force-fixe#breadcrumb\",\"itemListElement\":[{\"@type\":\"ListItem\",\"position\":1,\"name\":\"Accueil\",\"item\":\"https:\/\/somo-sam.com\/\"},{\"@type\":\"ListItem\",\"position\":2,\"name\":\"Shop\",\"item\":\"http:\/\/somo-sam.com\/?page_id=413\"},{\"@type\":\"ListItem\",\"position\":3,\"name\":\"PIVOT DE SOL SERIE 7600 &#8211; PIVOT EXTRA PLAT &#8211; FORCE FIXE\"}]},{\"@type\":\"WebSite\",\"@id\":\"https:\/\/somo-sam.com\/#website\",\"url\":\"https:\/\/somo-sam.com\/\",\"name\":\"SOMO S.A.M\",\"description\":\"Votre partenaire en \u00e9quipements h\u00f4teliers et de restauration\",\"potentialAction\":[{\"@type\":\"SearchAction\",\"target\":{\"@type\":\"EntryPoint\",\"urlTemplate\":\"https:\/\/somo-sam.com\/?s={search_term_string}\"},\"query-input\":{\"@type\":\"PropertyValueSpecification\",\"valueRequired\":true,\"valueName\":\"search_term_string\"}}],\"inLanguage\":\"fr-FR\"}]}<\/script>\n<!-- \/ Yoast SEO plugin. -->","yoast_head_json":{"title":"PIVOT DE SOL SERIE 7600 - PIVOT EXTRA PLAT - FORCE FIXE - SOMO S.A.M","description":"La s\u00e9rie 7600 est un ferme-porte avec technologie Cam-Motion\u00ae certifi\u00e9 pour les portes coupe-feu jusqu'\u00e0 120 kg et marqu\u00e9 CE.","robots":{"index":"index","follow":"follow","max-snippet":"max-snippet:-1","max-image-preview":"max-image-preview:large","max-video-preview":"max-video-preview:-1"},"canonical":"https:\/\/somo-sam.com\/?product=pivot-de-sol-serie-7600-pivot-extra-plat-force-fixe","og_locale":"fr_FR","og_type":"article","og_title":"PIVOT DE SOL SERIE 7600 - PIVOT EXTRA PLAT - FORCE FIXE - SOMO S.A.M","og_description":"La s\u00e9rie 7600 est un ferme-porte avec technologie Cam-Motion\u00ae certifi\u00e9 pour les portes coupe-feu jusqu'\u00e0 120 kg et marqu\u00e9 CE.","og_url":"https:\/\/somo-sam.com\/?product=pivot-de-sol-serie-7600-pivot-extra-plat-force-fixe","og_site_name":"SOMO S.A.M","og_image":[{"width":1080,"height":1080,"url":"https:\/\/somo-sam.com\/wp-content\/uploads\/2025\/03\/7600-serie.png","type":"image\/png"}],"twitter_card":"summary_large_image","twitter_misc":{"Dur\u00e9e de lecture estim\u00e9e":"2 minutes"},"schema":{"@context":"https:\/\/schema.org","@graph":[{"@type":"WebPage","@id":"https:\/\/somo-sam.com\/?product=pivot-de-sol-serie-7600-pivot-extra-plat-force-fixe","url":"https:\/\/somo-sam.com\/?product=pivot-de-sol-serie-7600-pivot-extra-plat-force-fixe","name":"PIVOT DE SOL SERIE 7600 - PIVOT EXTRA PLAT - FORCE FIXE - SOMO S.A.M","isPartOf":{"@id":"https:\/\/somo-sam.com\/#website"},"primaryImageOfPage":{"@id":"https:\/\/somo-sam.com\/?product=pivot-de-sol-serie-7600-pivot-extra-plat-force-fixe#primaryimage"},"image":{"@id":"https:\/\/somo-sam.com\/?product=pivot-de-sol-serie-7600-pivot-extra-plat-force-fixe#primaryimage"},"thumbnailUrl":"https:\/\/somo-sam.com\/wp-content\/uploads\/2025\/03\/7600-serie.png","datePublished":"2025-03-05T13:46:51+00:00","dateModified":"2025-03-05T13:46:51+00:00","description":"La s\u00e9rie 7600 est un ferme-porte avec technologie Cam-Motion\u00ae certifi\u00e9 pour les portes coupe-feu jusqu'\u00e0 120 kg et marqu\u00e9 CE.","breadcrumb":{"@id":"https:\/\/somo-sam.com\/?product=pivot-de-sol-serie-7600-pivot-extra-plat-force-fixe#breadcrumb"},"inLanguage":"fr-FR","potentialAction":[{"@type":"ReadAction","target":["https:\/\/somo-sam.com\/?product=pivot-de-sol-serie-7600-pivot-extra-plat-force-fixe"]}]},{"@type":"ImageObject","inLanguage":"fr-FR","@id":"https:\/\/somo-sam.com\/?product=pivot-de-sol-serie-7600-pivot-extra-plat-force-fixe#primaryimage","url":"https:\/\/somo-sam.com\/wp-content\/uploads\/2025\/03\/7600-serie.png","contentUrl":"https:\/\/somo-sam.com\/wp-content\/uploads\/2025\/03\/7600-serie.png","width":1080,"height":1080},{"@type":"BreadcrumbList","@id":"https:\/\/somo-sam.com\/?product=pivot-de-sol-serie-7600-pivot-extra-plat-force-fixe#breadcrumb","itemListElement":[{"@type":"ListItem","position":1,"name":"Accueil","item":"https:\/\/somo-sam.com\/"},{"@type":"ListItem","position":2,"name":"Shop","item":"http:\/\/somo-sam.com\/?page_id=413"},{"@type":"ListItem","position":3,"name":"PIVOT DE SOL SERIE 7600 &#8211; PIVOT EXTRA PLAT &#8211; FORCE FIXE"}]},{"@type":"WebSite","@id":"https:\/\/somo-sam.com\/#website","url":"https:\/\/somo-sam.com\/","name":"SOMO S.A.M","description":"Votre partenaire en \u00e9quipements h\u00f4teliers et de restauration","potentialAction":[{"@type":"SearchAction","target":{"@type":"EntryPoint","urlTemplate":"https:\/\/somo-sam.com\/?s={search_term_string}"},"query-input":{"@type":"PropertyValueSpecification","valueRequired":true,"valueName":"search_term_string"}}],"inLanguage":"fr-FR"}]}},"_links":{"self":[{"href":"https:\/\/somo-sam.com\/index.php?rest_route=\/wp\/v2\/product\/29862","targetHints":{"allow":["GET"]}}],"collection":[{"href":"https:\/\/somo-sam.com\/index.php?rest_route=\/wp\/v2\/product"}],"about":[{"href":"https:\/\/somo-sam.com\/index.php?rest_route=\/wp\/v2\/types\/product"}],"version-history":[{"count":1,"href":"https:\/\/somo-sam.com\/index.php?rest_route=\/wp\/v2\/product\/29862\/revisions"}],"predecessor-version":[{"id":29883,"href":"https:\/\/somo-sam.com\/index.php?rest_route=\/wp\/v2\/product\/29862\/revisions\/29883"}],"wp:featuredmedia":[{"embeddable":true,"href":"https:\/\/somo-sam.com\/index.php?rest_route=\/wp\/v2\/media\/29863"}],"wp:attachment":[{"href":"https:\/\/somo-sam.com\/index.php?rest_route=%2Fwp%2Fv2%2Fmedia&parent=29862"}],"wp:term":[{"taxonomy":"product_brand","embeddable":true,"href":"https:\/\/somo-sam.com\/index.php?rest_route=%2Fwp%2Fv2%2Fproduct_brand&post=29862"},{"taxonomy":"product_cat","embeddable":true,"href":"https:\/\/somo-sam.com\/index.php?rest_route=%2Fwp%2Fv2%2Fproduct_cat&post=29862"},{"taxonomy":"product_tag","embeddable":true,"href":"https:\/\/somo-sam.com\/index.php?rest_route=%2Fwp%2Fv2%2Fproduct_tag&post=29862"}],"curies":[{"name":"wp","href":"https:\/\/api.w.org\/{rel}","templated":true}]}}