{"id":300,"date":"2021-08-26T16:17:37","date_gmt":"2021-08-26T16:17:37","guid":{"rendered":"http:\/\/dummy.xtemos.com\/woodmart2\/elementor\/?post_type=product&#038;p=300"},"modified":"2025-02-17T17:37:39","modified_gmt":"2025-02-17T16:37:39","slug":"seche-mains-handy","status":"publish","type":"product","link":"https:\/\/somo-sam.com\/?product=seche-mains-handy","title":{"rendered":"SECHE-MAINS HANDY"},"content":{"rendered":"<p data-start=\"112\" data-end=\"196\"><strong data-start=\"112\" data-end=\"196\">S\u00e8che-Mains Automatique \u00e0 Air Chaud Valera &#8211; Design \u00c9l\u00e9gant, S\u00e9curit\u00e9 et Hygi\u00e8ne<\/strong><\/p>\n<p data-start=\"198\" data-end=\"648\">Le <strong data-start=\"201\" data-end=\"247\">s\u00e8che-mains automatique \u00e0 air chaud Valera<\/strong> est l\u2019alliance parfaite entre <strong data-start=\"278\" data-end=\"296\">design compact<\/strong>, <strong data-start=\"298\" data-end=\"310\">s\u00e9curit\u00e9<\/strong> et <strong data-start=\"314\" data-end=\"325\">hygi\u00e8ne<\/strong>. Gr\u00e2ce \u00e0 son <strong data-start=\"339\" data-end=\"365\">interrupteur \u00e0 capteur<\/strong> de proximit\u00e9 infrarouge, ce mod\u00e8le garantit une <strong data-start=\"414\" data-end=\"444\">mise en marche automatique<\/strong>, offrant une exp\u00e9rience d&#8217;utilisation moderne et sans contact. Son moteur <strong data-start=\"519\" data-end=\"546\">collecteur AC Long-Life<\/strong> assure une performance de s\u00e9chage rapide et efficace, tout en prolongeant la dur\u00e9e de vie du produit.<\/p>\n<p data-start=\"650\" data-end=\"686\"><strong data-start=\"650\" data-end=\"682\">Caract\u00e9ristiques principales<\/strong> :<\/p>\n<ul data-start=\"687\" data-end=\"1011\">\n<li data-start=\"687\" data-end=\"752\"><strong data-start=\"689\" data-end=\"723\">Moteur collecteur AC Long-Life<\/strong> pour une durabilit\u00e9 accrue<\/li>\n<li data-start=\"753\" data-end=\"859\"><strong data-start=\"755\" data-end=\"785\">Mise en marche automatique<\/strong> par capteur de proximit\u00e9 infrarouge pour plus de commodit\u00e9 et d&#8217;hygi\u00e8ne<\/li>\n<li data-start=\"860\" data-end=\"915\"><strong data-start=\"862\" data-end=\"887\">Minuterie de s\u00e9curit\u00e9<\/strong> pour une utilisation s\u00fbre<\/li>\n<li data-start=\"916\" data-end=\"1011\"><strong data-start=\"918\" data-end=\"944\">Montage mural pratique<\/strong> sans besoin d&#8217;ouvrir l&#8217;appareil pour un entretien facile et rapide<\/li>\n<\/ul>\n<p data-start=\"1013\" data-end=\"1241\"><strong data-start=\"1013\" data-end=\"1029\">Applications<\/strong> :<br data-start=\"1031\" data-end=\"1034\" \/>Id\u00e9al pour les <strong data-start=\"1049\" data-end=\"1077\">salles de bain publiques<\/strong>, les <strong data-start=\"1083\" data-end=\"1094\">bureaux<\/strong>, les <strong data-start=\"1100\" data-end=\"1115\">restaurants<\/strong>, les <strong data-start=\"1121\" data-end=\"1131\">h\u00f4tels<\/strong> et autres espaces n\u00e9cessitant une solution de s\u00e9chage mains <strong data-start=\"1192\" data-end=\"1202\">rapide<\/strong>, <strong data-start=\"1204\" data-end=\"1218\">hygi\u00e9nique<\/strong> et <strong data-start=\"1222\" data-end=\"1240\">\u00e9co\u00e9nerg\u00e9tique<\/strong>.<\/p>\n<p data-start=\"1243\" data-end=\"1269\"><strong data-start=\"1243\" data-end=\"1265\">Donn\u00e9es techniques<\/strong> :<\/p>\n<ul data-start=\"1270\" data-end=\"1360\">\n<li data-start=\"1270\" data-end=\"1296\"><strong data-start=\"1272\" data-end=\"1285\">Puissance<\/strong> : 1500 W<\/li>\n<li data-start=\"1297\" data-end=\"1360\"><strong data-start=\"1299\" data-end=\"1315\">Installation<\/strong> : Montage mural sans ouverture de l&#8217;appareil<\/li>\n<\/ul>\n<p data-start=\"1362\" data-end=\"1610\">Profitez d&#8217;un <strong data-start=\"1376\" data-end=\"1393\">s\u00e9choir mains<\/strong> \u00e0 la fois <strong data-start=\"1404\" data-end=\"1415\">\u00e9l\u00e9gant<\/strong>, <strong data-start=\"1417\" data-end=\"1429\">efficace<\/strong> et respectueux des normes d&#8217;hygi\u00e8ne avec le <strong data-start=\"1474\" data-end=\"1508\">s\u00e8che-mains automatique Valera<\/strong>. Offrez \u00e0 vos clients ou employ\u00e9s un dispositif fiable et moderne pour un s\u00e9chage rapide et s\u00e9curis\u00e9.<\/p>\n","protected":false},"excerpt":{"rendered":"<p>Le s\u00e8che-mains \u00e0 air chaud automatique de Valera, \u00e9quip\u00e9 d\u2019un capteur de d\u00e9clenchement, s\u00e9duit par son design \u00e9l\u00e9gant et compact tout en offrant s\u00e9curit\u00e9, hygi\u00e8ne et confort.<\/p>\n<ul>\n<li>Moteur collecteur AC longue dur\u00e9e<\/li>\n<li>D\u00e9clenchement automatique gr\u00e2ce \u00e0 un capteur infrarouge de proximit\u00e9<\/li>\n<li>Interrupteur de s\u00e9curit\u00e9 avec minuterie<\/li>\n<li>Montage mural pratique sans ouverture de l\u2019appareil<\/li>\n<\/ul>\n","protected":false},"featured_media":28746,"template":"","meta":{"_acf_changed":false,"_monsterinsights_skip_tracking":false,"_monsterinsights_sitenote_active":false,"_monsterinsights_sitenote_note":"","_monsterinsights_sitenote_category":0},"product_brand":[279],"product_cat":[254,255],"product_tag":[],"class_list":{"0":"post-300","1":"product","2":"type-product","3":"status-publish","4":"has-post-thumbnail","6":"product_brand-valera","7":"product_cat-parties-communes","8":"product_cat-seche-mains-2","10":"first","11":"instock","12":"downloadable","13":"taxable","14":"shipping-taxable","15":"purchasable","16":"product-type-simple","17":"add-to-wishlist-after_add_to_cart"},"acf":[],"yoast_head":"<!-- This site is optimized with the Yoast SEO plugin v23.6 - https:\/\/yoast.com\/wordpress\/plugins\/seo\/ -->\n<title>SECHE-MAINS HANDY - SOMO S.A.M<\/title>\n<meta name=\"description\" content=\"S\u00e8che-mains automatique \u00e0 air chaud Valera, avec capteur infrarouge pour mise en marche sans contact. Design compact, moteur Long-Life de 1500 W, s\u00e9curit\u00e9 et hygi\u00e8ne assur\u00e9es. Montage mural facile.\" \/>\n<meta name=\"robots\" content=\"index, follow, max-snippet:-1, max-image-preview:large, max-video-preview:-1\" \/>\n<link rel=\"canonical\" href=\"https:\/\/somo-sam.com\/?product=seche-mains-handy\" \/>\n<meta property=\"og:locale\" content=\"fr_FR\" \/>\n<meta property=\"og:type\" content=\"article\" \/>\n<meta property=\"og:title\" content=\"SECHE-MAINS HANDY - SOMO S.A.M\" \/>\n<meta property=\"og:description\" content=\"S\u00e8che-mains automatique \u00e0 air chaud Valera, avec capteur infrarouge pour mise en marche sans contact. Design compact, moteur Long-Life de 1500 W, s\u00e9curit\u00e9 et hygi\u00e8ne assur\u00e9es. Montage mural facile.\" \/>\n<meta property=\"og:url\" content=\"https:\/\/somo-sam.com\/?product=seche-mains-handy\" \/>\n<meta property=\"og:site_name\" content=\"SOMO S.A.M\" \/>\n<meta property=\"article:modified_time\" content=\"2025-02-17T16:37:39+00:00\" \/>\n<meta property=\"og:image\" content=\"https:\/\/somo-sam.com\/wp-content\/uploads\/2021\/08\/Valera-Handy.png\" \/>\n\t<meta property=\"og:image:width\" content=\"1080\" \/>\n\t<meta property=\"og:image:height\" content=\"1080\" \/>\n\t<meta property=\"og:image:type\" content=\"image\/png\" \/>\n<meta name=\"twitter:card\" content=\"summary_large_image\" \/>\n<meta name=\"twitter:label1\" content=\"Dur\u00e9e de lecture estim\u00e9e\" \/>\n\t<meta name=\"twitter:data1\" content=\"2 minutes\" \/>\n<script type=\"application\/ld+json\" class=\"yoast-schema-graph\">{\"@context\":\"https:\/\/schema.org\",\"@graph\":[{\"@type\":\"WebPage\",\"@id\":\"https:\/\/somo-sam.com\/?product=seche-mains-handy\",\"url\":\"https:\/\/somo-sam.com\/?product=seche-mains-handy\",\"name\":\"SECHE-MAINS HANDY - SOMO S.A.M\",\"isPartOf\":{\"@id\":\"http:\/\/somo-sam.com\/#website\"},\"primaryImageOfPage\":{\"@id\":\"https:\/\/somo-sam.com\/?product=seche-mains-handy#primaryimage\"},\"image\":{\"@id\":\"https:\/\/somo-sam.com\/?product=seche-mains-handy#primaryimage\"},\"thumbnailUrl\":\"https:\/\/somo-sam.com\/wp-content\/uploads\/2021\/08\/Valera-Handy.png\",\"datePublished\":\"2021-08-26T16:17:37+00:00\",\"dateModified\":\"2025-02-17T16:37:39+00:00\",\"description\":\"S\u00e8che-mains automatique \u00e0 air chaud Valera, avec capteur infrarouge pour mise en marche sans contact. Design compact, moteur Long-Life de 1500 W, s\u00e9curit\u00e9 et hygi\u00e8ne assur\u00e9es. Montage mural facile.\",\"breadcrumb\":{\"@id\":\"https:\/\/somo-sam.com\/?product=seche-mains-handy#breadcrumb\"},\"inLanguage\":\"fr-FR\",\"potentialAction\":[{\"@type\":\"ReadAction\",\"target\":[\"https:\/\/somo-sam.com\/?product=seche-mains-handy\"]}]},{\"@type\":\"ImageObject\",\"inLanguage\":\"fr-FR\",\"@id\":\"https:\/\/somo-sam.com\/?product=seche-mains-handy#primaryimage\",\"url\":\"https:\/\/somo-sam.com\/wp-content\/uploads\/2021\/08\/Valera-Handy.png\",\"contentUrl\":\"https:\/\/somo-sam.com\/wp-content\/uploads\/2021\/08\/Valera-Handy.png\",\"width\":1080,\"height\":1080},{\"@type\":\"BreadcrumbList\",\"@id\":\"https:\/\/somo-sam.com\/?product=seche-mains-handy#breadcrumb\",\"itemListElement\":[{\"@type\":\"ListItem\",\"position\":1,\"name\":\"Accueil\",\"item\":\"http:\/\/somo-sam.com\/\"},{\"@type\":\"ListItem\",\"position\":2,\"name\":\"Shop\",\"item\":\"https:\/\/somo-sam.com\/?page_id=413\"},{\"@type\":\"ListItem\",\"position\":3,\"name\":\"SECHE-MAINS HANDY\"}]},{\"@type\":\"WebSite\",\"@id\":\"http:\/\/somo-sam.com\/#website\",\"url\":\"http:\/\/somo-sam.com\/\",\"name\":\"SOMO S.A.M\",\"description\":\"Votre partenaire en \u00e9quipements h\u00f4teliers et de restauration\",\"potentialAction\":[{\"@type\":\"SearchAction\",\"target\":{\"@type\":\"EntryPoint\",\"urlTemplate\":\"http:\/\/somo-sam.com\/?s={search_term_string}\"},\"query-input\":{\"@type\":\"PropertyValueSpecification\",\"valueRequired\":true,\"valueName\":\"search_term_string\"}}],\"inLanguage\":\"fr-FR\"}]}<\/script>\n<!-- \/ Yoast SEO plugin. -->","yoast_head_json":{"title":"SECHE-MAINS HANDY - SOMO S.A.M","description":"S\u00e8che-mains automatique \u00e0 air chaud Valera, avec capteur infrarouge pour mise en marche sans contact. Design compact, moteur Long-Life de 1500 W, s\u00e9curit\u00e9 et hygi\u00e8ne assur\u00e9es. Montage mural facile.","robots":{"index":"index","follow":"follow","max-snippet":"max-snippet:-1","max-image-preview":"max-image-preview:large","max-video-preview":"max-video-preview:-1"},"canonical":"https:\/\/somo-sam.com\/?product=seche-mains-handy","og_locale":"fr_FR","og_type":"article","og_title":"SECHE-MAINS HANDY - SOMO S.A.M","og_description":"S\u00e8che-mains automatique \u00e0 air chaud Valera, avec capteur infrarouge pour mise en marche sans contact. Design compact, moteur Long-Life de 1500 W, s\u00e9curit\u00e9 et hygi\u00e8ne assur\u00e9es. Montage mural facile.","og_url":"https:\/\/somo-sam.com\/?product=seche-mains-handy","og_site_name":"SOMO S.A.M","article_modified_time":"2025-02-17T16:37:39+00:00","og_image":[{"width":1080,"height":1080,"url":"https:\/\/somo-sam.com\/wp-content\/uploads\/2021\/08\/Valera-Handy.png","type":"image\/png"}],"twitter_card":"summary_large_image","twitter_misc":{"Dur\u00e9e de lecture estim\u00e9e":"2 minutes"},"schema":{"@context":"https:\/\/schema.org","@graph":[{"@type":"WebPage","@id":"https:\/\/somo-sam.com\/?product=seche-mains-handy","url":"https:\/\/somo-sam.com\/?product=seche-mains-handy","name":"SECHE-MAINS HANDY - SOMO S.A.M","isPartOf":{"@id":"http:\/\/somo-sam.com\/#website"},"primaryImageOfPage":{"@id":"https:\/\/somo-sam.com\/?product=seche-mains-handy#primaryimage"},"image":{"@id":"https:\/\/somo-sam.com\/?product=seche-mains-handy#primaryimage"},"thumbnailUrl":"https:\/\/somo-sam.com\/wp-content\/uploads\/2021\/08\/Valera-Handy.png","datePublished":"2021-08-26T16:17:37+00:00","dateModified":"2025-02-17T16:37:39+00:00","description":"S\u00e8che-mains automatique \u00e0 air chaud Valera, avec capteur infrarouge pour mise en marche sans contact. Design compact, moteur Long-Life de 1500 W, s\u00e9curit\u00e9 et hygi\u00e8ne assur\u00e9es. Montage mural facile.","breadcrumb":{"@id":"https:\/\/somo-sam.com\/?product=seche-mains-handy#breadcrumb"},"inLanguage":"fr-FR","potentialAction":[{"@type":"ReadAction","target":["https:\/\/somo-sam.com\/?product=seche-mains-handy"]}]},{"@type":"ImageObject","inLanguage":"fr-FR","@id":"https:\/\/somo-sam.com\/?product=seche-mains-handy#primaryimage","url":"https:\/\/somo-sam.com\/wp-content\/uploads\/2021\/08\/Valera-Handy.png","contentUrl":"https:\/\/somo-sam.com\/wp-content\/uploads\/2021\/08\/Valera-Handy.png","width":1080,"height":1080},{"@type":"BreadcrumbList","@id":"https:\/\/somo-sam.com\/?product=seche-mains-handy#breadcrumb","itemListElement":[{"@type":"ListItem","position":1,"name":"Accueil","item":"http:\/\/somo-sam.com\/"},{"@type":"ListItem","position":2,"name":"Shop","item":"https:\/\/somo-sam.com\/?page_id=413"},{"@type":"ListItem","position":3,"name":"SECHE-MAINS HANDY"}]},{"@type":"WebSite","@id":"http:\/\/somo-sam.com\/#website","url":"http:\/\/somo-sam.com\/","name":"SOMO S.A.M","description":"Votre partenaire en \u00e9quipements h\u00f4teliers et de restauration","potentialAction":[{"@type":"SearchAction","target":{"@type":"EntryPoint","urlTemplate":"http:\/\/somo-sam.com\/?s={search_term_string}"},"query-input":{"@type":"PropertyValueSpecification","valueRequired":true,"valueName":"search_term_string"}}],"inLanguage":"fr-FR"}]}},"_links":{"self":[{"href":"https:\/\/somo-sam.com\/index.php?rest_route=\/wp\/v2\/product\/300","targetHints":{"allow":["GET"]}}],"collection":[{"href":"https:\/\/somo-sam.com\/index.php?rest_route=\/wp\/v2\/product"}],"about":[{"href":"https:\/\/somo-sam.com\/index.php?rest_route=\/wp\/v2\/types\/product"}],"version-history":[{"count":4,"href":"https:\/\/somo-sam.com\/index.php?rest_route=\/wp\/v2\/product\/300\/revisions"}],"predecessor-version":[{"id":28748,"href":"https:\/\/somo-sam.com\/index.php?rest_route=\/wp\/v2\/product\/300\/revisions\/28748"}],"wp:featuredmedia":[{"embeddable":true,"href":"https:\/\/somo-sam.com\/index.php?rest_route=\/wp\/v2\/media\/28746"}],"wp:attachment":[{"href":"https:\/\/somo-sam.com\/index.php?rest_route=%2Fwp%2Fv2%2Fmedia&parent=300"}],"wp:term":[{"taxonomy":"product_brand","embeddable":true,"href":"https:\/\/somo-sam.com\/index.php?rest_route=%2Fwp%2Fv2%2Fproduct_brand&post=300"},{"taxonomy":"product_cat","embeddable":true,"href":"https:\/\/somo-sam.com\/index.php?rest_route=%2Fwp%2Fv2%2Fproduct_cat&post=300"},{"taxonomy":"product_tag","embeddable":true,"href":"https:\/\/somo-sam.com\/index.php?rest_route=%2Fwp%2Fv2%2Fproduct_tag&post=300"}],"curies":[{"name":"wp","href":"https:\/\/api.w.org\/{rel}","templated":true}]}}