{"id":30288,"date":"2025-03-17T11:51:11","date_gmt":"2025-03-17T10:51:11","guid":{"rendered":"https:\/\/somo-sam.com\/?post_type=product&#038;p=30288"},"modified":"2025-03-17T11:51:11","modified_gmt":"2025-03-17T10:51:11","slug":"mecanisme-anti-panique-ministar-429","status":"publish","type":"product","link":"https:\/\/somo-sam.com\/?product=mecanisme-anti-panique-ministar-429","title":{"rendered":"MECANISME ANTI-PANIQUE MINISTAR 429"},"content":{"rendered":"<p data-start=\"0\" data-end=\"185\">Le Ministar 429 est un dispositif de sortie de secours \u00e0 m\u00e9canisme de panique de type &#8220;rim&#8221; de petite taille, \u00e9galement adapt\u00e9 aux profils m\u00e9talliques et aux portes avec barre centrale.<\/p>\n<p data-start=\"187\" data-end=\"316\">Il est certifi\u00e9 selon la norme EN 1125 pour les dispositifs de s\u00e9curit\u00e9 m\u00e9canique des sorties de secours sur les voies d&#8217;\u00e9vasion.<\/p>\n<p data-start=\"318\" data-end=\"328\">Versions :<\/p>\n<ul data-start=\"330\" data-end=\"451\" data-is-only-node=\"\" data-is-last-node=\"\">\n<li data-start=\"330\" data-end=\"342\">Standard<\/li>\n<li data-start=\"343\" data-end=\"393\">Avec micro-interrupteur : \u00e0 droite ou \u00e0 gauche<\/li>\n<li data-start=\"394\" data-end=\"451\" data-is-last-node=\"\">Finitions : Noir, Simil inox, Blanc ( sur commande)<\/li>\n<\/ul>\n","protected":false},"excerpt":{"rendered":"<p>Le Ministar 429 est un dispositif de sortie de secours \u00e0 m\u00e9canisme de panique de type &#8220;rim&#8221; de petite taille,<\/p>\n","protected":false},"featured_media":30289,"template":"","meta":{"_acf_changed":false,"_monsterinsights_skip_tracking":false,"_monsterinsights_sitenote_active":false,"_monsterinsights_sitenote_note":"","_monsterinsights_sitenote_category":0},"product_brand":[286],"product_cat":[265,79,256],"product_tag":[],"class_list":{"0":"post-30288","1":"product","2":"type-product","3":"status-publish","4":"has-post-thumbnail","6":"product_brand-corni","7":"product_cat-a-appliquer","8":"product_cat-anti-paniques","9":"product_cat-technique-fermeture","11":"first","12":"instock","13":"taxable","14":"shipping-taxable","15":"purchasable","16":"product-type-variable","17":"add-to-wishlist-after_add_to_cart"},"acf":[],"yoast_head":"<!-- This site is optimized with the Yoast SEO plugin v23.6 - https:\/\/yoast.com\/wordpress\/plugins\/seo\/ -->\n<title>MECANISME ANTI-PANIQUE MINISTAR 429 - SOMO S.A.M<\/title>\n<meta name=\"description\" content=\"Le Ministar 429 est un dispositif de sortie de secours \u00e0 m\u00e9canisme de panique de type &quot;rim&quot; de petite taille, \u00e9galement adapt\u00e9 aux profils m\u00e9talliques et aux portes avec barre centrale.\" \/>\n<meta name=\"robots\" content=\"index, follow, max-snippet:-1, max-image-preview:large, max-video-preview:-1\" \/>\n<link rel=\"canonical\" href=\"https:\/\/somo-sam.com\/?product=mecanisme-anti-panique-ministar-429\" \/>\n<meta property=\"og:locale\" content=\"fr_FR\" \/>\n<meta property=\"og:type\" content=\"article\" \/>\n<meta property=\"og:title\" content=\"MECANISME ANTI-PANIQUE MINISTAR 429 - SOMO S.A.M\" \/>\n<meta property=\"og:description\" content=\"Le Ministar 429 est un dispositif de sortie de secours \u00e0 m\u00e9canisme de panique de type &quot;rim&quot; de petite taille, \u00e9galement adapt\u00e9 aux profils m\u00e9talliques et aux portes avec barre centrale.\" \/>\n<meta property=\"og:url\" content=\"https:\/\/somo-sam.com\/?product=mecanisme-anti-panique-ministar-429\" \/>\n<meta property=\"og:site_name\" content=\"SOMO S.A.M\" \/>\n<meta property=\"og:image\" content=\"https:\/\/somo-sam.com\/wp-content\/uploads\/2025\/03\/ministar-429_1x1.webp\" \/>\n\t<meta property=\"og:image:width\" content=\"1520\" \/>\n\t<meta property=\"og:image:height\" content=\"1520\" \/>\n\t<meta property=\"og:image:type\" content=\"image\/webp\" \/>\n<meta name=\"twitter:card\" content=\"summary_large_image\" \/>\n<meta name=\"twitter:label1\" content=\"Dur\u00e9e de lecture estim\u00e9e\" \/>\n\t<meta name=\"twitter:data1\" content=\"1 minute\" \/>\n<script type=\"application\/ld+json\" class=\"yoast-schema-graph\">{\"@context\":\"https:\/\/schema.org\",\"@graph\":[{\"@type\":\"WebPage\",\"@id\":\"https:\/\/somo-sam.com\/?product=mecanisme-anti-panique-ministar-429\",\"url\":\"https:\/\/somo-sam.com\/?product=mecanisme-anti-panique-ministar-429\",\"name\":\"MECANISME ANTI-PANIQUE MINISTAR 429 - SOMO S.A.M\",\"isPartOf\":{\"@id\":\"http:\/\/somo-sam.com\/#website\"},\"primaryImageOfPage\":{\"@id\":\"https:\/\/somo-sam.com\/?product=mecanisme-anti-panique-ministar-429#primaryimage\"},\"image\":{\"@id\":\"https:\/\/somo-sam.com\/?product=mecanisme-anti-panique-ministar-429#primaryimage\"},\"thumbnailUrl\":\"https:\/\/somo-sam.com\/wp-content\/uploads\/2025\/03\/ministar-429_1x1.webp\",\"datePublished\":\"2025-03-17T10:51:11+00:00\",\"dateModified\":\"2025-03-17T10:51:11+00:00\",\"description\":\"Le Ministar 429 est un dispositif de sortie de secours \u00e0 m\u00e9canisme de panique de type \\\"rim\\\" de petite taille, \u00e9galement adapt\u00e9 aux profils m\u00e9talliques et aux portes avec barre centrale.\",\"breadcrumb\":{\"@id\":\"https:\/\/somo-sam.com\/?product=mecanisme-anti-panique-ministar-429#breadcrumb\"},\"inLanguage\":\"fr-FR\",\"potentialAction\":[{\"@type\":\"ReadAction\",\"target\":[\"https:\/\/somo-sam.com\/?product=mecanisme-anti-panique-ministar-429\"]}]},{\"@type\":\"ImageObject\",\"inLanguage\":\"fr-FR\",\"@id\":\"https:\/\/somo-sam.com\/?product=mecanisme-anti-panique-ministar-429#primaryimage\",\"url\":\"https:\/\/somo-sam.com\/wp-content\/uploads\/2025\/03\/ministar-429_1x1.webp\",\"contentUrl\":\"https:\/\/somo-sam.com\/wp-content\/uploads\/2025\/03\/ministar-429_1x1.webp\",\"width\":1520,\"height\":1520},{\"@type\":\"BreadcrumbList\",\"@id\":\"https:\/\/somo-sam.com\/?product=mecanisme-anti-panique-ministar-429#breadcrumb\",\"itemListElement\":[{\"@type\":\"ListItem\",\"position\":1,\"name\":\"Accueil\",\"item\":\"http:\/\/somo-sam.com\/\"},{\"@type\":\"ListItem\",\"position\":2,\"name\":\"Shop\",\"item\":\"https:\/\/somo-sam.com\/?page_id=413\"},{\"@type\":\"ListItem\",\"position\":3,\"name\":\"MECANISME ANTI-PANIQUE MINISTAR 429\"}]},{\"@type\":\"WebSite\",\"@id\":\"http:\/\/somo-sam.com\/#website\",\"url\":\"http:\/\/somo-sam.com\/\",\"name\":\"SOMO S.A.M\",\"description\":\"Votre partenaire en \u00e9quipements h\u00f4teliers et de restauration\",\"potentialAction\":[{\"@type\":\"SearchAction\",\"target\":{\"@type\":\"EntryPoint\",\"urlTemplate\":\"http:\/\/somo-sam.com\/?s={search_term_string}\"},\"query-input\":{\"@type\":\"PropertyValueSpecification\",\"valueRequired\":true,\"valueName\":\"search_term_string\"}}],\"inLanguage\":\"fr-FR\"}]}<\/script>\n<!-- \/ Yoast SEO plugin. -->","yoast_head_json":{"title":"MECANISME ANTI-PANIQUE MINISTAR 429 - SOMO S.A.M","description":"Le Ministar 429 est un dispositif de sortie de secours \u00e0 m\u00e9canisme de panique de type \"rim\" de petite taille, \u00e9galement adapt\u00e9 aux profils m\u00e9talliques et aux portes avec barre centrale.","robots":{"index":"index","follow":"follow","max-snippet":"max-snippet:-1","max-image-preview":"max-image-preview:large","max-video-preview":"max-video-preview:-1"},"canonical":"https:\/\/somo-sam.com\/?product=mecanisme-anti-panique-ministar-429","og_locale":"fr_FR","og_type":"article","og_title":"MECANISME ANTI-PANIQUE MINISTAR 429 - SOMO S.A.M","og_description":"Le Ministar 429 est un dispositif de sortie de secours \u00e0 m\u00e9canisme de panique de type \"rim\" de petite taille, \u00e9galement adapt\u00e9 aux profils m\u00e9talliques et aux portes avec barre centrale.","og_url":"https:\/\/somo-sam.com\/?product=mecanisme-anti-panique-ministar-429","og_site_name":"SOMO S.A.M","og_image":[{"width":1520,"height":1520,"url":"https:\/\/somo-sam.com\/wp-content\/uploads\/2025\/03\/ministar-429_1x1.webp","type":"image\/webp"}],"twitter_card":"summary_large_image","twitter_misc":{"Dur\u00e9e de lecture estim\u00e9e":"1 minute"},"schema":{"@context":"https:\/\/schema.org","@graph":[{"@type":"WebPage","@id":"https:\/\/somo-sam.com\/?product=mecanisme-anti-panique-ministar-429","url":"https:\/\/somo-sam.com\/?product=mecanisme-anti-panique-ministar-429","name":"MECANISME ANTI-PANIQUE MINISTAR 429 - SOMO S.A.M","isPartOf":{"@id":"http:\/\/somo-sam.com\/#website"},"primaryImageOfPage":{"@id":"https:\/\/somo-sam.com\/?product=mecanisme-anti-panique-ministar-429#primaryimage"},"image":{"@id":"https:\/\/somo-sam.com\/?product=mecanisme-anti-panique-ministar-429#primaryimage"},"thumbnailUrl":"https:\/\/somo-sam.com\/wp-content\/uploads\/2025\/03\/ministar-429_1x1.webp","datePublished":"2025-03-17T10:51:11+00:00","dateModified":"2025-03-17T10:51:11+00:00","description":"Le Ministar 429 est un dispositif de sortie de secours \u00e0 m\u00e9canisme de panique de type \"rim\" de petite taille, \u00e9galement adapt\u00e9 aux profils m\u00e9talliques et aux portes avec barre centrale.","breadcrumb":{"@id":"https:\/\/somo-sam.com\/?product=mecanisme-anti-panique-ministar-429#breadcrumb"},"inLanguage":"fr-FR","potentialAction":[{"@type":"ReadAction","target":["https:\/\/somo-sam.com\/?product=mecanisme-anti-panique-ministar-429"]}]},{"@type":"ImageObject","inLanguage":"fr-FR","@id":"https:\/\/somo-sam.com\/?product=mecanisme-anti-panique-ministar-429#primaryimage","url":"https:\/\/somo-sam.com\/wp-content\/uploads\/2025\/03\/ministar-429_1x1.webp","contentUrl":"https:\/\/somo-sam.com\/wp-content\/uploads\/2025\/03\/ministar-429_1x1.webp","width":1520,"height":1520},{"@type":"BreadcrumbList","@id":"https:\/\/somo-sam.com\/?product=mecanisme-anti-panique-ministar-429#breadcrumb","itemListElement":[{"@type":"ListItem","position":1,"name":"Accueil","item":"http:\/\/somo-sam.com\/"},{"@type":"ListItem","position":2,"name":"Shop","item":"https:\/\/somo-sam.com\/?page_id=413"},{"@type":"ListItem","position":3,"name":"MECANISME ANTI-PANIQUE MINISTAR 429"}]},{"@type":"WebSite","@id":"http:\/\/somo-sam.com\/#website","url":"http:\/\/somo-sam.com\/","name":"SOMO S.A.M","description":"Votre partenaire en \u00e9quipements h\u00f4teliers et de restauration","potentialAction":[{"@type":"SearchAction","target":{"@type":"EntryPoint","urlTemplate":"http:\/\/somo-sam.com\/?s={search_term_string}"},"query-input":{"@type":"PropertyValueSpecification","valueRequired":true,"valueName":"search_term_string"}}],"inLanguage":"fr-FR"}]}},"_links":{"self":[{"href":"https:\/\/somo-sam.com\/index.php?rest_route=\/wp\/v2\/product\/30288","targetHints":{"allow":["GET"]}}],"collection":[{"href":"https:\/\/somo-sam.com\/index.php?rest_route=\/wp\/v2\/product"}],"about":[{"href":"https:\/\/somo-sam.com\/index.php?rest_route=\/wp\/v2\/types\/product"}],"version-history":[{"count":1,"href":"https:\/\/somo-sam.com\/index.php?rest_route=\/wp\/v2\/product\/30288\/revisions"}],"predecessor-version":[{"id":30303,"href":"https:\/\/somo-sam.com\/index.php?rest_route=\/wp\/v2\/product\/30288\/revisions\/30303"}],"wp:featuredmedia":[{"embeddable":true,"href":"https:\/\/somo-sam.com\/index.php?rest_route=\/wp\/v2\/media\/30289"}],"wp:attachment":[{"href":"https:\/\/somo-sam.com\/index.php?rest_route=%2Fwp%2Fv2%2Fmedia&parent=30288"}],"wp:term":[{"taxonomy":"product_brand","embeddable":true,"href":"https:\/\/somo-sam.com\/index.php?rest_route=%2Fwp%2Fv2%2Fproduct_brand&post=30288"},{"taxonomy":"product_cat","embeddable":true,"href":"https:\/\/somo-sam.com\/index.php?rest_route=%2Fwp%2Fv2%2Fproduct_cat&post=30288"},{"taxonomy":"product_tag","embeddable":true,"href":"https:\/\/somo-sam.com\/index.php?rest_route=%2Fwp%2Fv2%2Fproduct_tag&post=30288"}],"curies":[{"name":"wp","href":"https:\/\/api.w.org\/{rel}","templated":true}]}}