{"id":30413,"date":"2025-03-18T17:26:33","date_gmt":"2025-03-18T16:26:33","guid":{"rendered":"https:\/\/somo-sam.com\/?post_type=product&#038;p=30413"},"modified":"2026-02-19T12:25:38","modified_gmt":"2026-02-19T11:25:38","slug":"serrure-a-1-pene-basculant-d81","status":"publish","type":"product","link":"https:\/\/somo-sam.com\/?product=serrure-a-1-pene-basculant-d81","title":{"rendered":"SERRURE A 1 PENE BASCULANT &#8211; D81"},"content":{"rendered":"<p data-start=\"0\" data-end=\"249\">Les serrures \u00e0 mortaise D81 \u00e0 cr\u00e9mones \u00e9troites sont \u00e9quip\u00e9es d&#8217;un m\u00e9canisme de verrouillage \u00e0 cylindre (compatible avec les cylindres \u00e0 profil europ\u00e9en ou \u00e0 cl\u00e9 crois\u00e9e) et sont con\u00e7ues pour une installation en mortaise sur des portes en aluminium.<\/p>\n<p data-start=\"251\" data-end=\"514\">Elles disposent d&#8217;un p\u00eane ou d&#8217;un crochet et d&#8217;un design r\u00e9versible, ce qui les rend compatibles avec des portes droiti\u00e8res et gauch\u00e8res. Elles sont disponibles avec des tailles de dimension de recul de 25 \u00e0 35 mm et sont dot\u00e9es d&#8217;un cache de plaque de face plat.<\/p>\n<p data-start=\"516\" data-end=\"604\">Elles existent en diff\u00e9rentes versions pour s&#8217;adapter \u00e0 divers besoins de verrouillage :<\/p>\n<ul data-start=\"606\" data-end=\"1265\">\n<li data-start=\"606\" data-end=\"726\">avec p\u00eane et crochet et points d&#8217;engagement des p\u00eanes sup\u00e9rieur et inf\u00e9rieur (pr\u00e9vision de 3 points de verrouillage) ;<\/li>\n<li data-start=\"727\" data-end=\"787\">avec p\u00eane et crochet seulement (1 point de verrouillage) ;<\/li>\n<li data-start=\"788\" data-end=\"900\">avec crochet et points d&#8217;engagement des p\u00eanes sup\u00e9rieur et inf\u00e9rieur (pr\u00e9vision de 3 points de verrouillage) ;<\/li>\n<li data-start=\"901\" data-end=\"953\">avec crochet seulement (1 point de verrouillage) ;<\/li>\n<li data-start=\"954\" data-end=\"1265\">Dans la version avec p\u00eane et verrou, le p\u00eane peut \u00eatre remplac\u00e9 par un rouleau (les deux accessoires sont interchangeables), ou le p\u00eane peut \u00eatre retir\u00e9 et le mod\u00e8le converti en version standard \u00e0 verrou uniquement en obstruant le trou avec le bouchon fourni. La profondeur du p\u00eane et du rouleau est r\u00e9glable.<\/li>\n<\/ul>\n<p data-start=\"1267\" data-end=\"1468\">Le p\u00eane de la serrure D81 est \u00e9quip\u00e9 d&#8217;un syst\u00e8me Comfort qui r\u00e9duit non seulement le bruit \u00e0 la fermeture de la porte, mais limite \u00e9galement l&#8217;usure de la plaque de frappe et minimise les frottements.<\/p>\n<p data-start=\"1470\" data-end=\"1543\" data-is-last-node=\"\" data-is-only-node=\"\">Finition : Acier galvanis\u00e9 (serrure) &#8211; Acier inoxydable (plaque de face).<\/p>\n","protected":false},"excerpt":{"rendered":"<p>Les serrures \u00e0 mortaise D81 \u00e0 cr\u00e9mones \u00e9troites sont \u00e9quip\u00e9es d&#8217;un m\u00e9canisme de verrouillage \u00e0 cylindre (compatible avec les cylindres<\/p>\n","protected":false},"featured_media":30442,"template":"","meta":{"_acf_changed":false,"_monsterinsights_skip_tracking":false,"_monsterinsights_sitenote_active":false,"_monsterinsights_sitenote_note":"","_monsterinsights_sitenote_category":0},"product_brand":[286],"product_cat":[267,266],"product_tag":[],"class_list":{"0":"post-30413","1":"product","2":"type-product","3":"status-publish","4":"has-post-thumbnail","6":"product_brand-corni","7":"product_cat-a-mortaiser","8":"product_cat-serrures-portes-metalliques","10":"first","11":"instock","12":"taxable","13":"shipping-taxable","14":"purchasable","15":"product-type-variable","16":"add-to-wishlist-after_add_to_cart"},"acf":[],"yoast_head":"<!-- This site is optimized with the Yoast SEO plugin v23.6 - https:\/\/yoast.com\/wordpress\/plugins\/seo\/ -->\n<title>SERRURE A 1 PENE BASCULANT - D81 - SOMO S.A.M<\/title>\n<meta name=\"robots\" content=\"index, follow, max-snippet:-1, max-image-preview:large, max-video-preview:-1\" \/>\n<link rel=\"canonical\" href=\"https:\/\/somo-sam.com\/?product=serrure-a-1-pene-basculant-d81\" \/>\n<meta property=\"og:locale\" content=\"fr_FR\" \/>\n<meta property=\"og:type\" content=\"article\" \/>\n<meta property=\"og:title\" content=\"SERRURE A 1 PENE BASCULANT - D81 - SOMO S.A.M\" \/>\n<meta property=\"og:description\" content=\"Les serrures \u00e0 mortaise D81 \u00e0 cr\u00e9mones \u00e9troites sont \u00e9quip\u00e9es d&#8217;un m\u00e9canisme de verrouillage \u00e0 cylindre (compatible avec les cylindres\" \/>\n<meta property=\"og:url\" content=\"https:\/\/somo-sam.com\/?product=serrure-a-1-pene-basculant-d81\" \/>\n<meta property=\"og:site_name\" content=\"SOMO S.A.M\" \/>\n<meta property=\"article:modified_time\" content=\"2026-02-19T11:25:38+00:00\" \/>\n<meta property=\"og:image\" content=\"https:\/\/somo-sam.com\/wp-content\/uploads\/2025\/03\/d81-aluminum-deadbolt_1x1.webp\" \/>\n\t<meta property=\"og:image:width\" content=\"760\" \/>\n\t<meta property=\"og:image:height\" content=\"760\" \/>\n\t<meta property=\"og:image:type\" content=\"image\/webp\" \/>\n<meta name=\"twitter:card\" content=\"summary_large_image\" \/>\n<meta name=\"twitter:label1\" content=\"Dur\u00e9e de lecture estim\u00e9e\" \/>\n\t<meta name=\"twitter:data1\" content=\"2 minutes\" \/>\n<script type=\"application\/ld+json\" class=\"yoast-schema-graph\">{\"@context\":\"https:\/\/schema.org\",\"@graph\":[{\"@type\":\"WebPage\",\"@id\":\"https:\/\/somo-sam.com\/?product=serrure-a-1-pene-basculant-d81\",\"url\":\"https:\/\/somo-sam.com\/?product=serrure-a-1-pene-basculant-d81\",\"name\":\"SERRURE A 1 PENE BASCULANT - D81 - SOMO S.A.M\",\"isPartOf\":{\"@id\":\"http:\/\/somo-sam.com\/#website\"},\"primaryImageOfPage\":{\"@id\":\"https:\/\/somo-sam.com\/?product=serrure-a-1-pene-basculant-d81#primaryimage\"},\"image\":{\"@id\":\"https:\/\/somo-sam.com\/?product=serrure-a-1-pene-basculant-d81#primaryimage\"},\"thumbnailUrl\":\"https:\/\/somo-sam.com\/wp-content\/uploads\/2025\/03\/d81-aluminum-deadbolt_1x1.webp\",\"datePublished\":\"2025-03-18T16:26:33+00:00\",\"dateModified\":\"2026-02-19T11:25:38+00:00\",\"breadcrumb\":{\"@id\":\"https:\/\/somo-sam.com\/?product=serrure-a-1-pene-basculant-d81#breadcrumb\"},\"inLanguage\":\"fr-FR\",\"potentialAction\":[{\"@type\":\"ReadAction\",\"target\":[\"https:\/\/somo-sam.com\/?product=serrure-a-1-pene-basculant-d81\"]}]},{\"@type\":\"ImageObject\",\"inLanguage\":\"fr-FR\",\"@id\":\"https:\/\/somo-sam.com\/?product=serrure-a-1-pene-basculant-d81#primaryimage\",\"url\":\"https:\/\/somo-sam.com\/wp-content\/uploads\/2025\/03\/d81-aluminum-deadbolt_1x1.webp\",\"contentUrl\":\"https:\/\/somo-sam.com\/wp-content\/uploads\/2025\/03\/d81-aluminum-deadbolt_1x1.webp\",\"width\":760,\"height\":760},{\"@type\":\"BreadcrumbList\",\"@id\":\"https:\/\/somo-sam.com\/?product=serrure-a-1-pene-basculant-d81#breadcrumb\",\"itemListElement\":[{\"@type\":\"ListItem\",\"position\":1,\"name\":\"Accueil\",\"item\":\"http:\/\/somo-sam.com\/\"},{\"@type\":\"ListItem\",\"position\":2,\"name\":\"Shop\",\"item\":\"https:\/\/somo-sam.com\/?page_id=413\"},{\"@type\":\"ListItem\",\"position\":3,\"name\":\"SERRURE A 1 PENE BASCULANT &#8211; D81\"}]},{\"@type\":\"WebSite\",\"@id\":\"http:\/\/somo-sam.com\/#website\",\"url\":\"http:\/\/somo-sam.com\/\",\"name\":\"SOMO S.A.M\",\"description\":\"Votre partenaire en \u00e9quipements h\u00f4teliers et de restauration\",\"potentialAction\":[{\"@type\":\"SearchAction\",\"target\":{\"@type\":\"EntryPoint\",\"urlTemplate\":\"http:\/\/somo-sam.com\/?s={search_term_string}\"},\"query-input\":{\"@type\":\"PropertyValueSpecification\",\"valueRequired\":true,\"valueName\":\"search_term_string\"}}],\"inLanguage\":\"fr-FR\"}]}<\/script>\n<!-- \/ Yoast SEO plugin. -->","yoast_head_json":{"title":"SERRURE A 1 PENE BASCULANT - D81 - SOMO S.A.M","robots":{"index":"index","follow":"follow","max-snippet":"max-snippet:-1","max-image-preview":"max-image-preview:large","max-video-preview":"max-video-preview:-1"},"canonical":"https:\/\/somo-sam.com\/?product=serrure-a-1-pene-basculant-d81","og_locale":"fr_FR","og_type":"article","og_title":"SERRURE A 1 PENE BASCULANT - D81 - SOMO S.A.M","og_description":"Les serrures \u00e0 mortaise D81 \u00e0 cr\u00e9mones \u00e9troites sont \u00e9quip\u00e9es d&#8217;un m\u00e9canisme de verrouillage \u00e0 cylindre (compatible avec les cylindres","og_url":"https:\/\/somo-sam.com\/?product=serrure-a-1-pene-basculant-d81","og_site_name":"SOMO S.A.M","article_modified_time":"2026-02-19T11:25:38+00:00","og_image":[{"width":760,"height":760,"url":"https:\/\/somo-sam.com\/wp-content\/uploads\/2025\/03\/d81-aluminum-deadbolt_1x1.webp","type":"image\/webp"}],"twitter_card":"summary_large_image","twitter_misc":{"Dur\u00e9e de lecture estim\u00e9e":"2 minutes"},"schema":{"@context":"https:\/\/schema.org","@graph":[{"@type":"WebPage","@id":"https:\/\/somo-sam.com\/?product=serrure-a-1-pene-basculant-d81","url":"https:\/\/somo-sam.com\/?product=serrure-a-1-pene-basculant-d81","name":"SERRURE A 1 PENE BASCULANT - D81 - SOMO S.A.M","isPartOf":{"@id":"http:\/\/somo-sam.com\/#website"},"primaryImageOfPage":{"@id":"https:\/\/somo-sam.com\/?product=serrure-a-1-pene-basculant-d81#primaryimage"},"image":{"@id":"https:\/\/somo-sam.com\/?product=serrure-a-1-pene-basculant-d81#primaryimage"},"thumbnailUrl":"https:\/\/somo-sam.com\/wp-content\/uploads\/2025\/03\/d81-aluminum-deadbolt_1x1.webp","datePublished":"2025-03-18T16:26:33+00:00","dateModified":"2026-02-19T11:25:38+00:00","breadcrumb":{"@id":"https:\/\/somo-sam.com\/?product=serrure-a-1-pene-basculant-d81#breadcrumb"},"inLanguage":"fr-FR","potentialAction":[{"@type":"ReadAction","target":["https:\/\/somo-sam.com\/?product=serrure-a-1-pene-basculant-d81"]}]},{"@type":"ImageObject","inLanguage":"fr-FR","@id":"https:\/\/somo-sam.com\/?product=serrure-a-1-pene-basculant-d81#primaryimage","url":"https:\/\/somo-sam.com\/wp-content\/uploads\/2025\/03\/d81-aluminum-deadbolt_1x1.webp","contentUrl":"https:\/\/somo-sam.com\/wp-content\/uploads\/2025\/03\/d81-aluminum-deadbolt_1x1.webp","width":760,"height":760},{"@type":"BreadcrumbList","@id":"https:\/\/somo-sam.com\/?product=serrure-a-1-pene-basculant-d81#breadcrumb","itemListElement":[{"@type":"ListItem","position":1,"name":"Accueil","item":"http:\/\/somo-sam.com\/"},{"@type":"ListItem","position":2,"name":"Shop","item":"https:\/\/somo-sam.com\/?page_id=413"},{"@type":"ListItem","position":3,"name":"SERRURE A 1 PENE BASCULANT &#8211; D81"}]},{"@type":"WebSite","@id":"http:\/\/somo-sam.com\/#website","url":"http:\/\/somo-sam.com\/","name":"SOMO S.A.M","description":"Votre partenaire en \u00e9quipements h\u00f4teliers et de restauration","potentialAction":[{"@type":"SearchAction","target":{"@type":"EntryPoint","urlTemplate":"http:\/\/somo-sam.com\/?s={search_term_string}"},"query-input":{"@type":"PropertyValueSpecification","valueRequired":true,"valueName":"search_term_string"}}],"inLanguage":"fr-FR"}]}},"_links":{"self":[{"href":"https:\/\/somo-sam.com\/index.php?rest_route=\/wp\/v2\/product\/30413","targetHints":{"allow":["GET"]}}],"collection":[{"href":"https:\/\/somo-sam.com\/index.php?rest_route=\/wp\/v2\/product"}],"about":[{"href":"https:\/\/somo-sam.com\/index.php?rest_route=\/wp\/v2\/types\/product"}],"version-history":[{"count":1,"href":"https:\/\/somo-sam.com\/index.php?rest_route=\/wp\/v2\/product\/30413\/revisions"}],"predecessor-version":[{"id":30450,"href":"https:\/\/somo-sam.com\/index.php?rest_route=\/wp\/v2\/product\/30413\/revisions\/30450"}],"wp:featuredmedia":[{"embeddable":true,"href":"https:\/\/somo-sam.com\/index.php?rest_route=\/wp\/v2\/media\/30442"}],"wp:attachment":[{"href":"https:\/\/somo-sam.com\/index.php?rest_route=%2Fwp%2Fv2%2Fmedia&parent=30413"}],"wp:term":[{"taxonomy":"product_brand","embeddable":true,"href":"https:\/\/somo-sam.com\/index.php?rest_route=%2Fwp%2Fv2%2Fproduct_brand&post=30413"},{"taxonomy":"product_cat","embeddable":true,"href":"https:\/\/somo-sam.com\/index.php?rest_route=%2Fwp%2Fv2%2Fproduct_cat&post=30413"},{"taxonomy":"product_tag","embeddable":true,"href":"https:\/\/somo-sam.com\/index.php?rest_route=%2Fwp%2Fv2%2Fproduct_tag&post=30413"}],"curies":[{"name":"wp","href":"https:\/\/api.w.org\/{rel}","templated":true}]}}