{"id":30498,"date":"2025-03-18T17:56:39","date_gmt":"2025-03-18T16:56:39","guid":{"rendered":"https:\/\/somo-sam.com\/?post_type=product&#038;p=30498"},"modified":"2025-03-18T17:56:39","modified_gmt":"2025-03-18T16:56:39","slug":"kit-rouleau-pour-d81-d83","status":"publish","type":"product","link":"https:\/\/somo-sam.com\/?product=kit-rouleau-pour-d81-d83","title":{"rendered":"KIT ROULEAU pour D81 D83"},"content":{"rendered":"<p>Avec tringle et ressort<\/p>\n<p>Entr\u00e9es : 25 &#8211; 30 &#8211; 35mm<\/p>\n<p>Compatible uniquement avec les r\u00e9f\u00e9rences SCA<\/p>\n","protected":false},"excerpt":{"rendered":"<p>Avec tringle et ressort Entr\u00e9es : 25 &#8211; 30 &#8211; 35mm Compatible uniquement avec les r\u00e9f\u00e9rences SCA<\/p>\n","protected":false},"featured_media":30499,"template":"","meta":{"_acf_changed":false,"_monsterinsights_skip_tracking":false,"_monsterinsights_sitenote_active":false,"_monsterinsights_sitenote_note":"","_monsterinsights_sitenote_category":0},"product_brand":[286],"product_cat":[267,266],"product_tag":[],"class_list":{"0":"post-30498","1":"product","2":"type-product","3":"status-publish","4":"has-post-thumbnail","6":"product_brand-corni","7":"product_cat-a-mortaiser","8":"product_cat-serrures-portes-metalliques","10":"first","11":"instock","12":"taxable","13":"shipping-taxable","14":"purchasable","15":"product-type-variable","16":"add-to-wishlist-after_add_to_cart"},"acf":[],"yoast_head":"<!-- This site is optimized with the Yoast SEO plugin v23.6 - https:\/\/yoast.com\/wordpress\/plugins\/seo\/ -->\n<title>KIT ROULEAU pour D81 D83 - SOMO S.A.M<\/title>\n<meta name=\"robots\" content=\"index, follow, max-snippet:-1, max-image-preview:large, max-video-preview:-1\" \/>\n<link rel=\"canonical\" href=\"https:\/\/somo-sam.com\/?product=kit-rouleau-pour-d81-d83\" \/>\n<meta property=\"og:locale\" content=\"fr_FR\" \/>\n<meta property=\"og:type\" content=\"article\" \/>\n<meta property=\"og:title\" content=\"KIT ROULEAU pour D81 D83 - SOMO S.A.M\" \/>\n<meta property=\"og:description\" content=\"Avec tringle et ressort Entr\u00e9es : 25 &#8211; 30 &#8211; 35mm Compatible uniquement avec les r\u00e9f\u00e9rences SCA\" \/>\n<meta property=\"og:url\" content=\"https:\/\/somo-sam.com\/?product=kit-rouleau-pour-d81-d83\" \/>\n<meta property=\"og:site_name\" content=\"SOMO S.A.M\" \/>\n<meta property=\"og:image\" content=\"https:\/\/somo-sam.com\/wp-content\/uploads\/2025\/03\/Design-sans-titre-8.png\" \/>\n\t<meta property=\"og:image:width\" content=\"1080\" \/>\n\t<meta property=\"og:image:height\" content=\"1080\" \/>\n\t<meta property=\"og:image:type\" content=\"image\/png\" \/>\n<meta name=\"twitter:card\" content=\"summary_large_image\" \/>\n<meta name=\"twitter:label1\" content=\"Dur\u00e9e de lecture estim\u00e9e\" \/>\n\t<meta name=\"twitter:data1\" content=\"1 minute\" \/>\n<script type=\"application\/ld+json\" class=\"yoast-schema-graph\">{\"@context\":\"https:\/\/schema.org\",\"@graph\":[{\"@type\":\"WebPage\",\"@id\":\"https:\/\/somo-sam.com\/?product=kit-rouleau-pour-d81-d83\",\"url\":\"https:\/\/somo-sam.com\/?product=kit-rouleau-pour-d81-d83\",\"name\":\"KIT ROULEAU pour D81 D83 - SOMO S.A.M\",\"isPartOf\":{\"@id\":\"https:\/\/somo-sam.com\/#website\"},\"primaryImageOfPage\":{\"@id\":\"https:\/\/somo-sam.com\/?product=kit-rouleau-pour-d81-d83#primaryimage\"},\"image\":{\"@id\":\"https:\/\/somo-sam.com\/?product=kit-rouleau-pour-d81-d83#primaryimage\"},\"thumbnailUrl\":\"https:\/\/somo-sam.com\/wp-content\/uploads\/2025\/03\/Design-sans-titre-8.png\",\"datePublished\":\"2025-03-18T16:56:39+00:00\",\"dateModified\":\"2025-03-18T16:56:39+00:00\",\"breadcrumb\":{\"@id\":\"https:\/\/somo-sam.com\/?product=kit-rouleau-pour-d81-d83#breadcrumb\"},\"inLanguage\":\"fr-FR\",\"potentialAction\":[{\"@type\":\"ReadAction\",\"target\":[\"https:\/\/somo-sam.com\/?product=kit-rouleau-pour-d81-d83\"]}]},{\"@type\":\"ImageObject\",\"inLanguage\":\"fr-FR\",\"@id\":\"https:\/\/somo-sam.com\/?product=kit-rouleau-pour-d81-d83#primaryimage\",\"url\":\"https:\/\/somo-sam.com\/wp-content\/uploads\/2025\/03\/Design-sans-titre-8.png\",\"contentUrl\":\"https:\/\/somo-sam.com\/wp-content\/uploads\/2025\/03\/Design-sans-titre-8.png\",\"width\":1080,\"height\":1080},{\"@type\":\"BreadcrumbList\",\"@id\":\"https:\/\/somo-sam.com\/?product=kit-rouleau-pour-d81-d83#breadcrumb\",\"itemListElement\":[{\"@type\":\"ListItem\",\"position\":1,\"name\":\"Accueil\",\"item\":\"https:\/\/somo-sam.com\/\"},{\"@type\":\"ListItem\",\"position\":2,\"name\":\"Shop\",\"item\":\"https:\/\/somo-sam.com\/?page_id=413\"},{\"@type\":\"ListItem\",\"position\":3,\"name\":\"KIT ROULEAU pour D81 D83\"}]},{\"@type\":\"WebSite\",\"@id\":\"https:\/\/somo-sam.com\/#website\",\"url\":\"https:\/\/somo-sam.com\/\",\"name\":\"SOMO S.A.M\",\"description\":\"Votre partenaire en \u00e9quipements h\u00f4teliers et de restauration\",\"potentialAction\":[{\"@type\":\"SearchAction\",\"target\":{\"@type\":\"EntryPoint\",\"urlTemplate\":\"https:\/\/somo-sam.com\/?s={search_term_string}\"},\"query-input\":{\"@type\":\"PropertyValueSpecification\",\"valueRequired\":true,\"valueName\":\"search_term_string\"}}],\"inLanguage\":\"fr-FR\"}]}<\/script>\n<!-- \/ Yoast SEO plugin. -->","yoast_head_json":{"title":"KIT ROULEAU pour D81 D83 - SOMO S.A.M","robots":{"index":"index","follow":"follow","max-snippet":"max-snippet:-1","max-image-preview":"max-image-preview:large","max-video-preview":"max-video-preview:-1"},"canonical":"https:\/\/somo-sam.com\/?product=kit-rouleau-pour-d81-d83","og_locale":"fr_FR","og_type":"article","og_title":"KIT ROULEAU pour D81 D83 - SOMO S.A.M","og_description":"Avec tringle et ressort Entr\u00e9es : 25 &#8211; 30 &#8211; 35mm Compatible uniquement avec les r\u00e9f\u00e9rences SCA","og_url":"https:\/\/somo-sam.com\/?product=kit-rouleau-pour-d81-d83","og_site_name":"SOMO S.A.M","og_image":[{"width":1080,"height":1080,"url":"https:\/\/somo-sam.com\/wp-content\/uploads\/2025\/03\/Design-sans-titre-8.png","type":"image\/png"}],"twitter_card":"summary_large_image","twitter_misc":{"Dur\u00e9e de lecture estim\u00e9e":"1 minute"},"schema":{"@context":"https:\/\/schema.org","@graph":[{"@type":"WebPage","@id":"https:\/\/somo-sam.com\/?product=kit-rouleau-pour-d81-d83","url":"https:\/\/somo-sam.com\/?product=kit-rouleau-pour-d81-d83","name":"KIT ROULEAU pour D81 D83 - SOMO S.A.M","isPartOf":{"@id":"https:\/\/somo-sam.com\/#website"},"primaryImageOfPage":{"@id":"https:\/\/somo-sam.com\/?product=kit-rouleau-pour-d81-d83#primaryimage"},"image":{"@id":"https:\/\/somo-sam.com\/?product=kit-rouleau-pour-d81-d83#primaryimage"},"thumbnailUrl":"https:\/\/somo-sam.com\/wp-content\/uploads\/2025\/03\/Design-sans-titre-8.png","datePublished":"2025-03-18T16:56:39+00:00","dateModified":"2025-03-18T16:56:39+00:00","breadcrumb":{"@id":"https:\/\/somo-sam.com\/?product=kit-rouleau-pour-d81-d83#breadcrumb"},"inLanguage":"fr-FR","potentialAction":[{"@type":"ReadAction","target":["https:\/\/somo-sam.com\/?product=kit-rouleau-pour-d81-d83"]}]},{"@type":"ImageObject","inLanguage":"fr-FR","@id":"https:\/\/somo-sam.com\/?product=kit-rouleau-pour-d81-d83#primaryimage","url":"https:\/\/somo-sam.com\/wp-content\/uploads\/2025\/03\/Design-sans-titre-8.png","contentUrl":"https:\/\/somo-sam.com\/wp-content\/uploads\/2025\/03\/Design-sans-titre-8.png","width":1080,"height":1080},{"@type":"BreadcrumbList","@id":"https:\/\/somo-sam.com\/?product=kit-rouleau-pour-d81-d83#breadcrumb","itemListElement":[{"@type":"ListItem","position":1,"name":"Accueil","item":"https:\/\/somo-sam.com\/"},{"@type":"ListItem","position":2,"name":"Shop","item":"https:\/\/somo-sam.com\/?page_id=413"},{"@type":"ListItem","position":3,"name":"KIT ROULEAU pour D81 D83"}]},{"@type":"WebSite","@id":"https:\/\/somo-sam.com\/#website","url":"https:\/\/somo-sam.com\/","name":"SOMO S.A.M","description":"Votre partenaire en \u00e9quipements h\u00f4teliers et de restauration","potentialAction":[{"@type":"SearchAction","target":{"@type":"EntryPoint","urlTemplate":"https:\/\/somo-sam.com\/?s={search_term_string}"},"query-input":{"@type":"PropertyValueSpecification","valueRequired":true,"valueName":"search_term_string"}}],"inLanguage":"fr-FR"}]}},"_links":{"self":[{"href":"https:\/\/somo-sam.com\/index.php?rest_route=\/wp\/v2\/product\/30498","targetHints":{"allow":["GET"]}}],"collection":[{"href":"https:\/\/somo-sam.com\/index.php?rest_route=\/wp\/v2\/product"}],"about":[{"href":"https:\/\/somo-sam.com\/index.php?rest_route=\/wp\/v2\/types\/product"}],"version-history":[{"count":1,"href":"https:\/\/somo-sam.com\/index.php?rest_route=\/wp\/v2\/product\/30498\/revisions"}],"predecessor-version":[{"id":30504,"href":"https:\/\/somo-sam.com\/index.php?rest_route=\/wp\/v2\/product\/30498\/revisions\/30504"}],"wp:featuredmedia":[{"embeddable":true,"href":"https:\/\/somo-sam.com\/index.php?rest_route=\/wp\/v2\/media\/30499"}],"wp:attachment":[{"href":"https:\/\/somo-sam.com\/index.php?rest_route=%2Fwp%2Fv2%2Fmedia&parent=30498"}],"wp:term":[{"taxonomy":"product_brand","embeddable":true,"href":"https:\/\/somo-sam.com\/index.php?rest_route=%2Fwp%2Fv2%2Fproduct_brand&post=30498"},{"taxonomy":"product_cat","embeddable":true,"href":"https:\/\/somo-sam.com\/index.php?rest_route=%2Fwp%2Fv2%2Fproduct_cat&post=30498"},{"taxonomy":"product_tag","embeddable":true,"href":"https:\/\/somo-sam.com\/index.php?rest_route=%2Fwp%2Fv2%2Fproduct_tag&post=30498"}],"curies":[{"name":"wp","href":"https:\/\/api.w.org\/{rel}","templated":true}]}}