{"id":30506,"date":"2025-03-19T11:14:47","date_gmt":"2025-03-19T10:14:47","guid":{"rendered":"https:\/\/somo-sam.com\/?post_type=product&#038;p=30506"},"modified":"2025-03-19T11:14:47","modified_gmt":"2025-03-19T10:14:47","slug":"electro-serrures-en-applique-multipla-tirant","status":"publish","type":"product","link":"https:\/\/somo-sam.com\/?product=electro-serrures-en-applique-multipla-tirant","title":{"rendered":"ELECTRO-SERRURES EN APPLIQUE &#8211; MULTIPLA TIRANT"},"content":{"rendered":"<p data-start=\"0\" data-end=\"104\">Cette serrure \u00e9lectrique \u00e0 encastrer MULTIPLA est con\u00e7ue pour une installation sur des portes en bois.<\/p>\n<p data-start=\"106\" data-end=\"260\">Elle s\u2019adapte \u00e0 diff\u00e9rentes exigences d\u2019installation gr\u00e2ce \u00e0 son design r\u00e9versible, sa g\u00e2che r\u00e9glable en hauteur et son entraxe ajustable de 50 \u00e0 70 mm.<\/p>\n<p data-start=\"262\" data-end=\"445\">Son bo\u00eetier en acier est disponible en plusieurs finitions selon la version. Elle est \u00e9quip\u00e9e d\u2019un cylindre fixe nickel\u00e9, mais est \u00e9galement compatible avec un cylindre en applique.<\/p>\n<p data-start=\"447\" data-end=\"541\">Le p\u00eane auto-verrouillant offre une meilleure protection contre les tentatives d\u2019effraction.<\/p>\n<p data-start=\"543\" data-end=\"588\">Elle est disponible en plusieurs versions :<\/p>\n<ul data-start=\"589\" data-end=\"672\">\n<li data-start=\"589\" data-end=\"617\">Avec cylindre uniquement<\/li>\n<li data-start=\"618\" data-end=\"644\">Avec bouton uniquement<\/li>\n<li data-start=\"645\" data-end=\"672\">Avec bouton et cylindre<\/li>\n<\/ul>\n<p data-start=\"674\" data-end=\"735\" data-is-last-node=\"\" data-is-only-node=\"\">Finitions : Acier galvanis\u00e9, Gris m\u00e9tallis\u00e9 peint, Noir peint<\/p>\n","protected":false},"excerpt":{"rendered":"<p>Cette serrure \u00e9lectrique \u00e0 encastrer MULTIPLA est con\u00e7ue pour une installation sur des portes en bois. Elle s\u2019adapte \u00e0 diff\u00e9rentes<\/p>\n","protected":false},"featured_media":30509,"template":"","meta":{"_acf_changed":false,"_monsterinsights_skip_tracking":false,"_monsterinsights_sitenote_active":false,"_monsterinsights_sitenote_note":"","_monsterinsights_sitenote_category":0},"product_brand":[286],"product_cat":[268,266,256],"product_tag":[],"class_list":{"0":"post-30506","1":"product","2":"type-product","3":"status-publish","4":"has-post-thumbnail","6":"product_brand-corni","7":"product_cat-en-applique-2","8":"product_cat-serrures-portes-metalliques","9":"product_cat-technique-fermeture","11":"first","12":"instock","13":"taxable","14":"shipping-taxable","15":"purchasable","16":"product-type-variable","17":"add-to-wishlist-after_add_to_cart"},"acf":[],"yoast_head":"<!-- This site is optimized with the Yoast SEO plugin v23.6 - https:\/\/yoast.com\/wordpress\/plugins\/seo\/ -->\n<title>ELECTRO-SERRURES EN APPLIQUE - MULTIPLA TIRANT - SOMO S.A.M<\/title>\n<meta name=\"description\" content=\"Elle s\u2019adapte \u00e0 diff\u00e9rentes exigences d\u2019installation gr\u00e2ce \u00e0 son design r\u00e9versible, sa g\u00e2che r\u00e9glable en hauteur et son entraxe ajustable de 50 \u00e0 70 mm.\" \/>\n<meta name=\"robots\" content=\"index, follow, max-snippet:-1, max-image-preview:large, max-video-preview:-1\" \/>\n<link rel=\"canonical\" href=\"https:\/\/somo-sam.com\/?product=electro-serrures-en-applique-multipla-tirant\" \/>\n<meta property=\"og:locale\" content=\"fr_FR\" \/>\n<meta property=\"og:type\" content=\"article\" \/>\n<meta property=\"og:title\" content=\"ELECTRO-SERRURES EN APPLIQUE - MULTIPLA TIRANT - SOMO S.A.M\" \/>\n<meta property=\"og:description\" content=\"Elle s\u2019adapte \u00e0 diff\u00e9rentes exigences d\u2019installation gr\u00e2ce \u00e0 son design r\u00e9versible, sa g\u00e2che r\u00e9glable en hauteur et son entraxe ajustable de 50 \u00e0 70 mm.\" \/>\n<meta property=\"og:url\" content=\"https:\/\/somo-sam.com\/?product=electro-serrures-en-applique-multipla-tirant\" \/>\n<meta property=\"og:site_name\" content=\"SOMO S.A.M\" \/>\n<meta property=\"og:image\" content=\"https:\/\/somo-sam.com\/wp-content\/uploads\/2025\/03\/multipla-wood-cylinder_1x1.webp\" \/>\n\t<meta property=\"og:image:width\" content=\"760\" \/>\n\t<meta property=\"og:image:height\" content=\"760\" \/>\n\t<meta property=\"og:image:type\" content=\"image\/webp\" \/>\n<meta name=\"twitter:card\" content=\"summary_large_image\" \/>\n<meta name=\"twitter:label1\" content=\"Dur\u00e9e de lecture estim\u00e9e\" \/>\n\t<meta name=\"twitter:data1\" content=\"1 minute\" \/>\n<script type=\"application\/ld+json\" class=\"yoast-schema-graph\">{\"@context\":\"https:\/\/schema.org\",\"@graph\":[{\"@type\":\"WebPage\",\"@id\":\"https:\/\/somo-sam.com\/?product=electro-serrures-en-applique-multipla-tirant\",\"url\":\"https:\/\/somo-sam.com\/?product=electro-serrures-en-applique-multipla-tirant\",\"name\":\"ELECTRO-SERRURES EN APPLIQUE - MULTIPLA TIRANT - SOMO S.A.M\",\"isPartOf\":{\"@id\":\"https:\/\/somo-sam.com\/#website\"},\"primaryImageOfPage\":{\"@id\":\"https:\/\/somo-sam.com\/?product=electro-serrures-en-applique-multipla-tirant#primaryimage\"},\"image\":{\"@id\":\"https:\/\/somo-sam.com\/?product=electro-serrures-en-applique-multipla-tirant#primaryimage\"},\"thumbnailUrl\":\"https:\/\/somo-sam.com\/wp-content\/uploads\/2025\/03\/multipla-wood-cylinder_1x1.webp\",\"datePublished\":\"2025-03-19T10:14:47+00:00\",\"dateModified\":\"2025-03-19T10:14:47+00:00\",\"description\":\"Elle s\u2019adapte \u00e0 diff\u00e9rentes exigences d\u2019installation gr\u00e2ce \u00e0 son design r\u00e9versible, sa g\u00e2che r\u00e9glable en hauteur et son entraxe ajustable de 50 \u00e0 70 mm.\",\"breadcrumb\":{\"@id\":\"https:\/\/somo-sam.com\/?product=electro-serrures-en-applique-multipla-tirant#breadcrumb\"},\"inLanguage\":\"fr-FR\",\"potentialAction\":[{\"@type\":\"ReadAction\",\"target\":[\"https:\/\/somo-sam.com\/?product=electro-serrures-en-applique-multipla-tirant\"]}]},{\"@type\":\"ImageObject\",\"inLanguage\":\"fr-FR\",\"@id\":\"https:\/\/somo-sam.com\/?product=electro-serrures-en-applique-multipla-tirant#primaryimage\",\"url\":\"https:\/\/somo-sam.com\/wp-content\/uploads\/2025\/03\/multipla-wood-cylinder_1x1.webp\",\"contentUrl\":\"https:\/\/somo-sam.com\/wp-content\/uploads\/2025\/03\/multipla-wood-cylinder_1x1.webp\",\"width\":760,\"height\":760},{\"@type\":\"BreadcrumbList\",\"@id\":\"https:\/\/somo-sam.com\/?product=electro-serrures-en-applique-multipla-tirant#breadcrumb\",\"itemListElement\":[{\"@type\":\"ListItem\",\"position\":1,\"name\":\"Accueil\",\"item\":\"https:\/\/somo-sam.com\/\"},{\"@type\":\"ListItem\",\"position\":2,\"name\":\"Shop\",\"item\":\"https:\/\/somo-sam.com\/?page_id=413\"},{\"@type\":\"ListItem\",\"position\":3,\"name\":\"ELECTRO-SERRURES EN APPLIQUE &#8211; MULTIPLA TIRANT\"}]},{\"@type\":\"WebSite\",\"@id\":\"https:\/\/somo-sam.com\/#website\",\"url\":\"https:\/\/somo-sam.com\/\",\"name\":\"SOMO S.A.M\",\"description\":\"Votre partenaire en \u00e9quipements h\u00f4teliers et de restauration\",\"potentialAction\":[{\"@type\":\"SearchAction\",\"target\":{\"@type\":\"EntryPoint\",\"urlTemplate\":\"https:\/\/somo-sam.com\/?s={search_term_string}\"},\"query-input\":{\"@type\":\"PropertyValueSpecification\",\"valueRequired\":true,\"valueName\":\"search_term_string\"}}],\"inLanguage\":\"fr-FR\"}]}<\/script>\n<!-- \/ Yoast SEO plugin. -->","yoast_head_json":{"title":"ELECTRO-SERRURES EN APPLIQUE - MULTIPLA TIRANT - SOMO S.A.M","description":"Elle s\u2019adapte \u00e0 diff\u00e9rentes exigences d\u2019installation gr\u00e2ce \u00e0 son design r\u00e9versible, sa g\u00e2che r\u00e9glable en hauteur et son entraxe ajustable de 50 \u00e0 70 mm.","robots":{"index":"index","follow":"follow","max-snippet":"max-snippet:-1","max-image-preview":"max-image-preview:large","max-video-preview":"max-video-preview:-1"},"canonical":"https:\/\/somo-sam.com\/?product=electro-serrures-en-applique-multipla-tirant","og_locale":"fr_FR","og_type":"article","og_title":"ELECTRO-SERRURES EN APPLIQUE - MULTIPLA TIRANT - SOMO S.A.M","og_description":"Elle s\u2019adapte \u00e0 diff\u00e9rentes exigences d\u2019installation gr\u00e2ce \u00e0 son design r\u00e9versible, sa g\u00e2che r\u00e9glable en hauteur et son entraxe ajustable de 50 \u00e0 70 mm.","og_url":"https:\/\/somo-sam.com\/?product=electro-serrures-en-applique-multipla-tirant","og_site_name":"SOMO S.A.M","og_image":[{"width":760,"height":760,"url":"https:\/\/somo-sam.com\/wp-content\/uploads\/2025\/03\/multipla-wood-cylinder_1x1.webp","type":"image\/webp"}],"twitter_card":"summary_large_image","twitter_misc":{"Dur\u00e9e de lecture estim\u00e9e":"1 minute"},"schema":{"@context":"https:\/\/schema.org","@graph":[{"@type":"WebPage","@id":"https:\/\/somo-sam.com\/?product=electro-serrures-en-applique-multipla-tirant","url":"https:\/\/somo-sam.com\/?product=electro-serrures-en-applique-multipla-tirant","name":"ELECTRO-SERRURES EN APPLIQUE - MULTIPLA TIRANT - SOMO S.A.M","isPartOf":{"@id":"https:\/\/somo-sam.com\/#website"},"primaryImageOfPage":{"@id":"https:\/\/somo-sam.com\/?product=electro-serrures-en-applique-multipla-tirant#primaryimage"},"image":{"@id":"https:\/\/somo-sam.com\/?product=electro-serrures-en-applique-multipla-tirant#primaryimage"},"thumbnailUrl":"https:\/\/somo-sam.com\/wp-content\/uploads\/2025\/03\/multipla-wood-cylinder_1x1.webp","datePublished":"2025-03-19T10:14:47+00:00","dateModified":"2025-03-19T10:14:47+00:00","description":"Elle s\u2019adapte \u00e0 diff\u00e9rentes exigences d\u2019installation gr\u00e2ce \u00e0 son design r\u00e9versible, sa g\u00e2che r\u00e9glable en hauteur et son entraxe ajustable de 50 \u00e0 70 mm.","breadcrumb":{"@id":"https:\/\/somo-sam.com\/?product=electro-serrures-en-applique-multipla-tirant#breadcrumb"},"inLanguage":"fr-FR","potentialAction":[{"@type":"ReadAction","target":["https:\/\/somo-sam.com\/?product=electro-serrures-en-applique-multipla-tirant"]}]},{"@type":"ImageObject","inLanguage":"fr-FR","@id":"https:\/\/somo-sam.com\/?product=electro-serrures-en-applique-multipla-tirant#primaryimage","url":"https:\/\/somo-sam.com\/wp-content\/uploads\/2025\/03\/multipla-wood-cylinder_1x1.webp","contentUrl":"https:\/\/somo-sam.com\/wp-content\/uploads\/2025\/03\/multipla-wood-cylinder_1x1.webp","width":760,"height":760},{"@type":"BreadcrumbList","@id":"https:\/\/somo-sam.com\/?product=electro-serrures-en-applique-multipla-tirant#breadcrumb","itemListElement":[{"@type":"ListItem","position":1,"name":"Accueil","item":"https:\/\/somo-sam.com\/"},{"@type":"ListItem","position":2,"name":"Shop","item":"https:\/\/somo-sam.com\/?page_id=413"},{"@type":"ListItem","position":3,"name":"ELECTRO-SERRURES EN APPLIQUE &#8211; MULTIPLA TIRANT"}]},{"@type":"WebSite","@id":"https:\/\/somo-sam.com\/#website","url":"https:\/\/somo-sam.com\/","name":"SOMO S.A.M","description":"Votre partenaire en \u00e9quipements h\u00f4teliers et de restauration","potentialAction":[{"@type":"SearchAction","target":{"@type":"EntryPoint","urlTemplate":"https:\/\/somo-sam.com\/?s={search_term_string}"},"query-input":{"@type":"PropertyValueSpecification","valueRequired":true,"valueName":"search_term_string"}}],"inLanguage":"fr-FR"}]}},"_links":{"self":[{"href":"https:\/\/somo-sam.com\/index.php?rest_route=\/wp\/v2\/product\/30506","targetHints":{"allow":["GET"]}}],"collection":[{"href":"https:\/\/somo-sam.com\/index.php?rest_route=\/wp\/v2\/product"}],"about":[{"href":"https:\/\/somo-sam.com\/index.php?rest_route=\/wp\/v2\/types\/product"}],"version-history":[{"count":1,"href":"https:\/\/somo-sam.com\/index.php?rest_route=\/wp\/v2\/product\/30506\/revisions"}],"predecessor-version":[{"id":30531,"href":"https:\/\/somo-sam.com\/index.php?rest_route=\/wp\/v2\/product\/30506\/revisions\/30531"}],"wp:featuredmedia":[{"embeddable":true,"href":"https:\/\/somo-sam.com\/index.php?rest_route=\/wp\/v2\/media\/30509"}],"wp:attachment":[{"href":"https:\/\/somo-sam.com\/index.php?rest_route=%2Fwp%2Fv2%2Fmedia&parent=30506"}],"wp:term":[{"taxonomy":"product_brand","embeddable":true,"href":"https:\/\/somo-sam.com\/index.php?rest_route=%2Fwp%2Fv2%2Fproduct_brand&post=30506"},{"taxonomy":"product_cat","embeddable":true,"href":"https:\/\/somo-sam.com\/index.php?rest_route=%2Fwp%2Fv2%2Fproduct_cat&post=30506"},{"taxonomy":"product_tag","embeddable":true,"href":"https:\/\/somo-sam.com\/index.php?rest_route=%2Fwp%2Fv2%2Fproduct_tag&post=30506"}],"curies":[{"name":"wp","href":"https:\/\/api.w.org\/{rel}","templated":true}]}}