{"id":30575,"date":"2025-03-19T12:13:12","date_gmt":"2025-03-19T11:13:12","guid":{"rendered":"https:\/\/somo-sam.com\/?post_type=product&#038;p=30575"},"modified":"2025-03-19T12:13:12","modified_gmt":"2025-03-19T11:13:12","slug":"gache-intelligente-universelle","status":"publish","type":"product","link":"https:\/\/somo-sam.com\/?product=gache-intelligente-universelle","title":{"rendered":"GACHE INTELLIGENTE UNIVERSELLE"},"content":{"rendered":"<p data-pm-slice=\"1 1 []\">\n<p>\u2022 La g\u00e2che intelligente, r\u00e9alis\u00e9e en nylon sp\u00e9cial, est un syst\u00e8me applicable sur les portes, portails et portillons d&#8217;entr\u00e9es collectives sans limite<\/p>\n<p>de taille ou de poids et sur tous type de mat\u00e9riaux<\/p>\n<p>\u2022 Accoupl\u00e9e \u00e0 une serrure \u00e9lectrique en saillie, le syst\u00e8me brevet\u00e9 garantit une fermeture absolument constante et silencieuse qui durera<\/p>\n<p>dans le temps sans aucune variation selon les conditions climatiques<\/p>\n<p>\u2022 S&#8217;installe simplement en remplacement de la g\u00e2che fournie avec la serrure sans aucune autre intervention<\/p>\n<p>\u2022 Compatible avec les serrures de marque YALE, CORNI, CISA, ISEO, VIRO<\/p>\n<p>\u2022 R\u00e9duit le bruit g\u00e9n\u00e9r\u00e9 \u00e0 l&#8217;impact de fermeture<\/p>\n<p>\u2022 Permet une fermeture s\u00e9curis\u00e9e m\u00eame en pr\u00e9sence de vent fort<\/p>\n<p>\u2022 Permet d&#8217;\u00e9liminer les interventions p\u00e9riodiques pour le r\u00e9glage du ferme-porte<\/p>\n<p>\u2022 Applicable avec ferme-porte sans vitesse d&#8217;\u00e0-coup final<\/p>\n","protected":false},"excerpt":{"rendered":"<p>\u2022 La g\u00e2che intelligente, r\u00e9alis\u00e9e en nylon sp\u00e9cial, est un syst\u00e8me applicable sur les portes, portails et portillons d&#8217;entr\u00e9es collectives<\/p>\n","protected":false},"featured_media":30576,"template":"","meta":{"_acf_changed":false,"_monsterinsights_skip_tracking":false,"_monsterinsights_sitenote_active":false,"_monsterinsights_sitenote_note":"","_monsterinsights_sitenote_category":0},"product_brand":[],"product_cat":[269,266,256],"product_tag":[],"class_list":{"0":"post-30575","1":"product","2":"type-product","3":"status-publish","4":"has-post-thumbnail","6":"product_cat-gaches","7":"product_cat-serrures-portes-metalliques","8":"product_cat-technique-fermeture","10":"first","11":"instock","12":"taxable","13":"shipping-taxable","14":"purchasable","15":"product-type-variable","16":"add-to-wishlist-after_add_to_cart"},"acf":[],"yoast_head":"<!-- This site is optimized with the Yoast SEO plugin v23.6 - https:\/\/yoast.com\/wordpress\/plugins\/seo\/ -->\n<title>GACHE INTELLIGENTE UNIVERSELLE - SOMO S.A.M<\/title>\n<meta name=\"robots\" content=\"index, follow, max-snippet:-1, max-image-preview:large, max-video-preview:-1\" \/>\n<link rel=\"canonical\" href=\"https:\/\/somo-sam.com\/?product=gache-intelligente-universelle\" \/>\n<meta property=\"og:locale\" content=\"fr_FR\" \/>\n<meta property=\"og:type\" content=\"article\" \/>\n<meta property=\"og:title\" content=\"GACHE INTELLIGENTE UNIVERSELLE - SOMO S.A.M\" \/>\n<meta property=\"og:description\" content=\"\u2022 La g\u00e2che intelligente, r\u00e9alis\u00e9e en nylon sp\u00e9cial, est un syst\u00e8me applicable sur les portes, portails et portillons d&#8217;entr\u00e9es collectives\" \/>\n<meta property=\"og:url\" content=\"https:\/\/somo-sam.com\/?product=gache-intelligente-universelle\" \/>\n<meta property=\"og:site_name\" content=\"SOMO S.A.M\" \/>\n<meta property=\"og:image\" content=\"https:\/\/somo-sam.com\/wp-content\/uploads\/2025\/03\/Design-sans-titre-1-2.png\" \/>\n\t<meta property=\"og:image:width\" content=\"1080\" \/>\n\t<meta property=\"og:image:height\" content=\"1080\" \/>\n\t<meta property=\"og:image:type\" content=\"image\/png\" \/>\n<meta name=\"twitter:card\" content=\"summary_large_image\" \/>\n<meta name=\"twitter:label1\" content=\"Dur\u00e9e de lecture estim\u00e9e\" \/>\n\t<meta name=\"twitter:data1\" content=\"1 minute\" \/>\n<script type=\"application\/ld+json\" class=\"yoast-schema-graph\">{\"@context\":\"https:\/\/schema.org\",\"@graph\":[{\"@type\":\"WebPage\",\"@id\":\"https:\/\/somo-sam.com\/?product=gache-intelligente-universelle\",\"url\":\"https:\/\/somo-sam.com\/?product=gache-intelligente-universelle\",\"name\":\"GACHE INTELLIGENTE UNIVERSELLE - SOMO S.A.M\",\"isPartOf\":{\"@id\":\"https:\/\/somo-sam.com\/#website\"},\"primaryImageOfPage\":{\"@id\":\"https:\/\/somo-sam.com\/?product=gache-intelligente-universelle#primaryimage\"},\"image\":{\"@id\":\"https:\/\/somo-sam.com\/?product=gache-intelligente-universelle#primaryimage\"},\"thumbnailUrl\":\"https:\/\/somo-sam.com\/wp-content\/uploads\/2025\/03\/Design-sans-titre-1-2.png\",\"datePublished\":\"2025-03-19T11:13:12+00:00\",\"dateModified\":\"2025-03-19T11:13:12+00:00\",\"breadcrumb\":{\"@id\":\"https:\/\/somo-sam.com\/?product=gache-intelligente-universelle#breadcrumb\"},\"inLanguage\":\"fr-FR\",\"potentialAction\":[{\"@type\":\"ReadAction\",\"target\":[\"https:\/\/somo-sam.com\/?product=gache-intelligente-universelle\"]}]},{\"@type\":\"ImageObject\",\"inLanguage\":\"fr-FR\",\"@id\":\"https:\/\/somo-sam.com\/?product=gache-intelligente-universelle#primaryimage\",\"url\":\"https:\/\/somo-sam.com\/wp-content\/uploads\/2025\/03\/Design-sans-titre-1-2.png\",\"contentUrl\":\"https:\/\/somo-sam.com\/wp-content\/uploads\/2025\/03\/Design-sans-titre-1-2.png\",\"width\":1080,\"height\":1080},{\"@type\":\"BreadcrumbList\",\"@id\":\"https:\/\/somo-sam.com\/?product=gache-intelligente-universelle#breadcrumb\",\"itemListElement\":[{\"@type\":\"ListItem\",\"position\":1,\"name\":\"Accueil\",\"item\":\"https:\/\/somo-sam.com\/\"},{\"@type\":\"ListItem\",\"position\":2,\"name\":\"Shop\",\"item\":\"https:\/\/somo-sam.com\/?page_id=413\"},{\"@type\":\"ListItem\",\"position\":3,\"name\":\"GACHE INTELLIGENTE UNIVERSELLE\"}]},{\"@type\":\"WebSite\",\"@id\":\"https:\/\/somo-sam.com\/#website\",\"url\":\"https:\/\/somo-sam.com\/\",\"name\":\"SOMO S.A.M\",\"description\":\"Votre partenaire en \u00e9quipements h\u00f4teliers et de restauration\",\"potentialAction\":[{\"@type\":\"SearchAction\",\"target\":{\"@type\":\"EntryPoint\",\"urlTemplate\":\"https:\/\/somo-sam.com\/?s={search_term_string}\"},\"query-input\":{\"@type\":\"PropertyValueSpecification\",\"valueRequired\":true,\"valueName\":\"search_term_string\"}}],\"inLanguage\":\"fr-FR\"}]}<\/script>\n<!-- \/ Yoast SEO plugin. -->","yoast_head_json":{"title":"GACHE INTELLIGENTE UNIVERSELLE - SOMO S.A.M","robots":{"index":"index","follow":"follow","max-snippet":"max-snippet:-1","max-image-preview":"max-image-preview:large","max-video-preview":"max-video-preview:-1"},"canonical":"https:\/\/somo-sam.com\/?product=gache-intelligente-universelle","og_locale":"fr_FR","og_type":"article","og_title":"GACHE INTELLIGENTE UNIVERSELLE - SOMO S.A.M","og_description":"\u2022 La g\u00e2che intelligente, r\u00e9alis\u00e9e en nylon sp\u00e9cial, est un syst\u00e8me applicable sur les portes, portails et portillons d&#8217;entr\u00e9es collectives","og_url":"https:\/\/somo-sam.com\/?product=gache-intelligente-universelle","og_site_name":"SOMO S.A.M","og_image":[{"width":1080,"height":1080,"url":"https:\/\/somo-sam.com\/wp-content\/uploads\/2025\/03\/Design-sans-titre-1-2.png","type":"image\/png"}],"twitter_card":"summary_large_image","twitter_misc":{"Dur\u00e9e de lecture estim\u00e9e":"1 minute"},"schema":{"@context":"https:\/\/schema.org","@graph":[{"@type":"WebPage","@id":"https:\/\/somo-sam.com\/?product=gache-intelligente-universelle","url":"https:\/\/somo-sam.com\/?product=gache-intelligente-universelle","name":"GACHE INTELLIGENTE UNIVERSELLE - SOMO S.A.M","isPartOf":{"@id":"https:\/\/somo-sam.com\/#website"},"primaryImageOfPage":{"@id":"https:\/\/somo-sam.com\/?product=gache-intelligente-universelle#primaryimage"},"image":{"@id":"https:\/\/somo-sam.com\/?product=gache-intelligente-universelle#primaryimage"},"thumbnailUrl":"https:\/\/somo-sam.com\/wp-content\/uploads\/2025\/03\/Design-sans-titre-1-2.png","datePublished":"2025-03-19T11:13:12+00:00","dateModified":"2025-03-19T11:13:12+00:00","breadcrumb":{"@id":"https:\/\/somo-sam.com\/?product=gache-intelligente-universelle#breadcrumb"},"inLanguage":"fr-FR","potentialAction":[{"@type":"ReadAction","target":["https:\/\/somo-sam.com\/?product=gache-intelligente-universelle"]}]},{"@type":"ImageObject","inLanguage":"fr-FR","@id":"https:\/\/somo-sam.com\/?product=gache-intelligente-universelle#primaryimage","url":"https:\/\/somo-sam.com\/wp-content\/uploads\/2025\/03\/Design-sans-titre-1-2.png","contentUrl":"https:\/\/somo-sam.com\/wp-content\/uploads\/2025\/03\/Design-sans-titre-1-2.png","width":1080,"height":1080},{"@type":"BreadcrumbList","@id":"https:\/\/somo-sam.com\/?product=gache-intelligente-universelle#breadcrumb","itemListElement":[{"@type":"ListItem","position":1,"name":"Accueil","item":"https:\/\/somo-sam.com\/"},{"@type":"ListItem","position":2,"name":"Shop","item":"https:\/\/somo-sam.com\/?page_id=413"},{"@type":"ListItem","position":3,"name":"GACHE INTELLIGENTE UNIVERSELLE"}]},{"@type":"WebSite","@id":"https:\/\/somo-sam.com\/#website","url":"https:\/\/somo-sam.com\/","name":"SOMO S.A.M","description":"Votre partenaire en \u00e9quipements h\u00f4teliers et de restauration","potentialAction":[{"@type":"SearchAction","target":{"@type":"EntryPoint","urlTemplate":"https:\/\/somo-sam.com\/?s={search_term_string}"},"query-input":{"@type":"PropertyValueSpecification","valueRequired":true,"valueName":"search_term_string"}}],"inLanguage":"fr-FR"}]}},"_links":{"self":[{"href":"https:\/\/somo-sam.com\/index.php?rest_route=\/wp\/v2\/product\/30575","targetHints":{"allow":["GET"]}}],"collection":[{"href":"https:\/\/somo-sam.com\/index.php?rest_route=\/wp\/v2\/product"}],"about":[{"href":"https:\/\/somo-sam.com\/index.php?rest_route=\/wp\/v2\/types\/product"}],"version-history":[{"count":1,"href":"https:\/\/somo-sam.com\/index.php?rest_route=\/wp\/v2\/product\/30575\/revisions"}],"predecessor-version":[{"id":30583,"href":"https:\/\/somo-sam.com\/index.php?rest_route=\/wp\/v2\/product\/30575\/revisions\/30583"}],"wp:featuredmedia":[{"embeddable":true,"href":"https:\/\/somo-sam.com\/index.php?rest_route=\/wp\/v2\/media\/30576"}],"wp:attachment":[{"href":"https:\/\/somo-sam.com\/index.php?rest_route=%2Fwp%2Fv2%2Fmedia&parent=30575"}],"wp:term":[{"taxonomy":"product_brand","embeddable":true,"href":"https:\/\/somo-sam.com\/index.php?rest_route=%2Fwp%2Fv2%2Fproduct_brand&post=30575"},{"taxonomy":"product_cat","embeddable":true,"href":"https:\/\/somo-sam.com\/index.php?rest_route=%2Fwp%2Fv2%2Fproduct_cat&post=30575"},{"taxonomy":"product_tag","embeddable":true,"href":"https:\/\/somo-sam.com\/index.php?rest_route=%2Fwp%2Fv2%2Fproduct_tag&post=30575"}],"curies":[{"name":"wp","href":"https:\/\/api.w.org\/{rel}","templated":true}]}}