{"id":30633,"date":"2025-03-19T16:56:46","date_gmt":"2025-03-19T15:56:46","guid":{"rendered":"https:\/\/somo-sam.com\/?post_type=product&#038;p=30633"},"modified":"2025-03-19T16:56:46","modified_gmt":"2025-03-19T15:56:46","slug":"centralina-electronique-de-commande-pour-electro-serrures-motorisees","status":"publish","type":"product","link":"https:\/\/somo-sam.com\/?product=centralina-electronique-de-commande-pour-electro-serrures-motorisees","title":{"rendered":"Centralina \u00e9lectronique de commande \u2013 Pour \u00e9lectro-serrures motoris\u00e9es"},"content":{"rendered":"<p data-start=\"0\" data-end=\"76\"><strong data-start=\"0\" data-end=\"74\">Centralina \u00e9lectronique de commande \u2013 Pour \u00e9lectro-serrures motoris\u00e9es<\/strong><\/p>\n<p data-start=\"78\" data-end=\"282\"><strong data-start=\"78\" data-end=\"94\">Alimentation<\/strong> : 10 Vac \/ 12 Vdc \u2013 1,5 W en veille, 50 W en activation (hors voyants)<br data-start=\"165\" data-end=\"168\" \/><strong data-start=\"168\" data-end=\"179\">Bo\u00eetier<\/strong> : Plastique, dimensions 174 x 112 x 35 mm<br data-start=\"221\" data-end=\"224\" \/><strong data-start=\"224\" data-end=\"242\">Fonctionnement<\/strong> : Activation par impulsion \u00e9lectrique<\/p>\n<p data-start=\"284\" data-end=\"305\"><strong data-start=\"284\" data-end=\"301\">Compatibilit\u00e9<\/strong> :<\/p>\n<ul data-start=\"306\" data-end=\"424\">\n<li data-start=\"306\" data-end=\"364\">Pour une porte : R\u00e9f. 0455010 + transformateur 0455083<\/li>\n<li data-start=\"365\" data-end=\"424\">Pour deux portes : R\u00e9f. 0455115 (transformateur inclus)<\/li>\n<\/ul>\n<p data-start=\"426\" data-end=\"455\"><strong data-start=\"426\" data-end=\"451\">Fonctions principales<\/strong> :<\/p>\n<ul data-start=\"456\" data-end=\"652\">\n<li data-start=\"456\" data-end=\"497\">Ouverture et verrouillage automatique<\/li>\n<li data-start=\"498\" data-end=\"539\">Blocage et s\u00e9curisation des commandes<\/li>\n<li data-start=\"540\" data-end=\"581\">Signalisation de position et de panne<\/li>\n<li data-start=\"582\" data-end=\"652\">Connexion possible \u00e0 un d\u00e9tecteur de m\u00e9taux et contr\u00f4le en cascade<\/li>\n<\/ul>\n<p data-start=\"654\" data-end=\"693\" data-is-last-node=\"\" data-is-only-node=\"\"><strong data-start=\"654\" data-end=\"665\">Contenu<\/strong> : 1 unit\u00e9 avec instructions<\/p>\n","protected":false},"excerpt":{"rendered":"<p>Centralina \u00e9lectronique de commande \u2013 Pour \u00e9lectro-serrures motoris\u00e9es Alimentation : 10 Vac \/ 12 Vdc \u2013 1,5 W en veille,<\/p>\n","protected":false},"featured_media":30634,"template":"","meta":{"_acf_changed":false,"_monsterinsights_skip_tracking":false,"_monsterinsights_sitenote_active":false,"_monsterinsights_sitenote_note":"","_monsterinsights_sitenote_category":0},"product_brand":[],"product_cat":[271,90,256],"product_tag":[],"class_list":{"0":"post-30633","1":"product","2":"type-product","3":"status-publish","4":"has-post-thumbnail","6":"product_cat-electro-verrous-motorisees","7":"product_cat-serrures-motorisees-controle-dacces","8":"product_cat-technique-fermeture","10":"first","11":"instock","12":"taxable","13":"shipping-taxable","14":"purchasable","15":"product-type-simple","16":"add-to-wishlist-after_add_to_cart"},"acf":[],"yoast_head":"<!-- This site is optimized with the Yoast SEO plugin v23.6 - https:\/\/yoast.com\/wordpress\/plugins\/seo\/ -->\n<title>Centralina \u00e9lectronique de commande \u2013 Pour \u00e9lectro-serrures motoris\u00e9es - SOMO S.A.M<\/title>\n<meta name=\"robots\" content=\"index, follow, max-snippet:-1, max-image-preview:large, max-video-preview:-1\" \/>\n<link rel=\"canonical\" href=\"https:\/\/somo-sam.com\/?product=centralina-electronique-de-commande-pour-electro-serrures-motorisees\" \/>\n<meta property=\"og:locale\" content=\"fr_FR\" \/>\n<meta property=\"og:type\" content=\"article\" \/>\n<meta property=\"og:title\" content=\"Centralina \u00e9lectronique de commande \u2013 Pour \u00e9lectro-serrures motoris\u00e9es - SOMO S.A.M\" \/>\n<meta property=\"og:description\" content=\"Centralina \u00e9lectronique de commande \u2013 Pour \u00e9lectro-serrures motoris\u00e9es Alimentation : 10 Vac \/ 12 Vdc \u2013 1,5 W en veille,\" \/>\n<meta property=\"og:url\" content=\"https:\/\/somo-sam.com\/?product=centralina-electronique-de-commande-pour-electro-serrures-motorisees\" \/>\n<meta property=\"og:site_name\" content=\"SOMO S.A.M\" \/>\n<meta property=\"og:image\" content=\"https:\/\/somo-sam.com\/wp-content\/uploads\/2025\/03\/Design-sans-titre-7-1.png\" \/>\n\t<meta property=\"og:image:width\" content=\"1080\" \/>\n\t<meta property=\"og:image:height\" content=\"1080\" \/>\n\t<meta property=\"og:image:type\" content=\"image\/png\" \/>\n<meta name=\"twitter:card\" content=\"summary_large_image\" \/>\n<meta name=\"twitter:label1\" content=\"Dur\u00e9e de lecture estim\u00e9e\" \/>\n\t<meta name=\"twitter:data1\" content=\"1 minute\" \/>\n<script type=\"application\/ld+json\" class=\"yoast-schema-graph\">{\"@context\":\"https:\/\/schema.org\",\"@graph\":[{\"@type\":\"WebPage\",\"@id\":\"https:\/\/somo-sam.com\/?product=centralina-electronique-de-commande-pour-electro-serrures-motorisees\",\"url\":\"https:\/\/somo-sam.com\/?product=centralina-electronique-de-commande-pour-electro-serrures-motorisees\",\"name\":\"Centralina \u00e9lectronique de commande \u2013 Pour \u00e9lectro-serrures motoris\u00e9es - SOMO S.A.M\",\"isPartOf\":{\"@id\":\"https:\/\/somo-sam.com\/#website\"},\"primaryImageOfPage\":{\"@id\":\"https:\/\/somo-sam.com\/?product=centralina-electronique-de-commande-pour-electro-serrures-motorisees#primaryimage\"},\"image\":{\"@id\":\"https:\/\/somo-sam.com\/?product=centralina-electronique-de-commande-pour-electro-serrures-motorisees#primaryimage\"},\"thumbnailUrl\":\"https:\/\/somo-sam.com\/wp-content\/uploads\/2025\/03\/Design-sans-titre-7-1.png\",\"datePublished\":\"2025-03-19T15:56:46+00:00\",\"dateModified\":\"2025-03-19T15:56:46+00:00\",\"breadcrumb\":{\"@id\":\"https:\/\/somo-sam.com\/?product=centralina-electronique-de-commande-pour-electro-serrures-motorisees#breadcrumb\"},\"inLanguage\":\"fr-FR\",\"potentialAction\":[{\"@type\":\"ReadAction\",\"target\":[\"https:\/\/somo-sam.com\/?product=centralina-electronique-de-commande-pour-electro-serrures-motorisees\"]}]},{\"@type\":\"ImageObject\",\"inLanguage\":\"fr-FR\",\"@id\":\"https:\/\/somo-sam.com\/?product=centralina-electronique-de-commande-pour-electro-serrures-motorisees#primaryimage\",\"url\":\"https:\/\/somo-sam.com\/wp-content\/uploads\/2025\/03\/Design-sans-titre-7-1.png\",\"contentUrl\":\"https:\/\/somo-sam.com\/wp-content\/uploads\/2025\/03\/Design-sans-titre-7-1.png\",\"width\":1080,\"height\":1080},{\"@type\":\"BreadcrumbList\",\"@id\":\"https:\/\/somo-sam.com\/?product=centralina-electronique-de-commande-pour-electro-serrures-motorisees#breadcrumb\",\"itemListElement\":[{\"@type\":\"ListItem\",\"position\":1,\"name\":\"Accueil\",\"item\":\"https:\/\/somo-sam.com\/\"},{\"@type\":\"ListItem\",\"position\":2,\"name\":\"Shop\",\"item\":\"https:\/\/somo-sam.com\/?page_id=413\"},{\"@type\":\"ListItem\",\"position\":3,\"name\":\"Centralina \u00e9lectronique de commande \u2013 Pour \u00e9lectro-serrures motoris\u00e9es\"}]},{\"@type\":\"WebSite\",\"@id\":\"https:\/\/somo-sam.com\/#website\",\"url\":\"https:\/\/somo-sam.com\/\",\"name\":\"SOMO S.A.M\",\"description\":\"Votre partenaire en \u00e9quipements h\u00f4teliers et de restauration\",\"potentialAction\":[{\"@type\":\"SearchAction\",\"target\":{\"@type\":\"EntryPoint\",\"urlTemplate\":\"https:\/\/somo-sam.com\/?s={search_term_string}\"},\"query-input\":{\"@type\":\"PropertyValueSpecification\",\"valueRequired\":true,\"valueName\":\"search_term_string\"}}],\"inLanguage\":\"fr-FR\"}]}<\/script>\n<!-- \/ Yoast SEO plugin. -->","yoast_head_json":{"title":"Centralina \u00e9lectronique de commande \u2013 Pour \u00e9lectro-serrures motoris\u00e9es - SOMO S.A.M","robots":{"index":"index","follow":"follow","max-snippet":"max-snippet:-1","max-image-preview":"max-image-preview:large","max-video-preview":"max-video-preview:-1"},"canonical":"https:\/\/somo-sam.com\/?product=centralina-electronique-de-commande-pour-electro-serrures-motorisees","og_locale":"fr_FR","og_type":"article","og_title":"Centralina \u00e9lectronique de commande \u2013 Pour \u00e9lectro-serrures motoris\u00e9es - SOMO S.A.M","og_description":"Centralina \u00e9lectronique de commande \u2013 Pour \u00e9lectro-serrures motoris\u00e9es Alimentation : 10 Vac \/ 12 Vdc \u2013 1,5 W en veille,","og_url":"https:\/\/somo-sam.com\/?product=centralina-electronique-de-commande-pour-electro-serrures-motorisees","og_site_name":"SOMO S.A.M","og_image":[{"width":1080,"height":1080,"url":"https:\/\/somo-sam.com\/wp-content\/uploads\/2025\/03\/Design-sans-titre-7-1.png","type":"image\/png"}],"twitter_card":"summary_large_image","twitter_misc":{"Dur\u00e9e de lecture estim\u00e9e":"1 minute"},"schema":{"@context":"https:\/\/schema.org","@graph":[{"@type":"WebPage","@id":"https:\/\/somo-sam.com\/?product=centralina-electronique-de-commande-pour-electro-serrures-motorisees","url":"https:\/\/somo-sam.com\/?product=centralina-electronique-de-commande-pour-electro-serrures-motorisees","name":"Centralina \u00e9lectronique de commande \u2013 Pour \u00e9lectro-serrures motoris\u00e9es - SOMO S.A.M","isPartOf":{"@id":"https:\/\/somo-sam.com\/#website"},"primaryImageOfPage":{"@id":"https:\/\/somo-sam.com\/?product=centralina-electronique-de-commande-pour-electro-serrures-motorisees#primaryimage"},"image":{"@id":"https:\/\/somo-sam.com\/?product=centralina-electronique-de-commande-pour-electro-serrures-motorisees#primaryimage"},"thumbnailUrl":"https:\/\/somo-sam.com\/wp-content\/uploads\/2025\/03\/Design-sans-titre-7-1.png","datePublished":"2025-03-19T15:56:46+00:00","dateModified":"2025-03-19T15:56:46+00:00","breadcrumb":{"@id":"https:\/\/somo-sam.com\/?product=centralina-electronique-de-commande-pour-electro-serrures-motorisees#breadcrumb"},"inLanguage":"fr-FR","potentialAction":[{"@type":"ReadAction","target":["https:\/\/somo-sam.com\/?product=centralina-electronique-de-commande-pour-electro-serrures-motorisees"]}]},{"@type":"ImageObject","inLanguage":"fr-FR","@id":"https:\/\/somo-sam.com\/?product=centralina-electronique-de-commande-pour-electro-serrures-motorisees#primaryimage","url":"https:\/\/somo-sam.com\/wp-content\/uploads\/2025\/03\/Design-sans-titre-7-1.png","contentUrl":"https:\/\/somo-sam.com\/wp-content\/uploads\/2025\/03\/Design-sans-titre-7-1.png","width":1080,"height":1080},{"@type":"BreadcrumbList","@id":"https:\/\/somo-sam.com\/?product=centralina-electronique-de-commande-pour-electro-serrures-motorisees#breadcrumb","itemListElement":[{"@type":"ListItem","position":1,"name":"Accueil","item":"https:\/\/somo-sam.com\/"},{"@type":"ListItem","position":2,"name":"Shop","item":"https:\/\/somo-sam.com\/?page_id=413"},{"@type":"ListItem","position":3,"name":"Centralina \u00e9lectronique de commande \u2013 Pour \u00e9lectro-serrures motoris\u00e9es"}]},{"@type":"WebSite","@id":"https:\/\/somo-sam.com\/#website","url":"https:\/\/somo-sam.com\/","name":"SOMO S.A.M","description":"Votre partenaire en \u00e9quipements h\u00f4teliers et de restauration","potentialAction":[{"@type":"SearchAction","target":{"@type":"EntryPoint","urlTemplate":"https:\/\/somo-sam.com\/?s={search_term_string}"},"query-input":{"@type":"PropertyValueSpecification","valueRequired":true,"valueName":"search_term_string"}}],"inLanguage":"fr-FR"}]}},"_links":{"self":[{"href":"https:\/\/somo-sam.com\/index.php?rest_route=\/wp\/v2\/product\/30633","targetHints":{"allow":["GET"]}}],"collection":[{"href":"https:\/\/somo-sam.com\/index.php?rest_route=\/wp\/v2\/product"}],"about":[{"href":"https:\/\/somo-sam.com\/index.php?rest_route=\/wp\/v2\/types\/product"}],"version-history":[{"count":1,"href":"https:\/\/somo-sam.com\/index.php?rest_route=\/wp\/v2\/product\/30633\/revisions"}],"predecessor-version":[{"id":30636,"href":"https:\/\/somo-sam.com\/index.php?rest_route=\/wp\/v2\/product\/30633\/revisions\/30636"}],"wp:featuredmedia":[{"embeddable":true,"href":"https:\/\/somo-sam.com\/index.php?rest_route=\/wp\/v2\/media\/30634"}],"wp:attachment":[{"href":"https:\/\/somo-sam.com\/index.php?rest_route=%2Fwp%2Fv2%2Fmedia&parent=30633"}],"wp:term":[{"taxonomy":"product_brand","embeddable":true,"href":"https:\/\/somo-sam.com\/index.php?rest_route=%2Fwp%2Fv2%2Fproduct_brand&post=30633"},{"taxonomy":"product_cat","embeddable":true,"href":"https:\/\/somo-sam.com\/index.php?rest_route=%2Fwp%2Fv2%2Fproduct_cat&post=30633"},{"taxonomy":"product_tag","embeddable":true,"href":"https:\/\/somo-sam.com\/index.php?rest_route=%2Fwp%2Fv2%2Fproduct_tag&post=30633"}],"curies":[{"name":"wp","href":"https:\/\/api.w.org\/{rel}","templated":true}]}}