{"id":30840,"date":"2025-03-20T17:08:25","date_gmt":"2025-03-20T16:08:25","guid":{"rendered":"https:\/\/somo-sam.com\/?post_type=product&#038;p=30840"},"modified":"2025-03-20T17:08:26","modified_gmt":"2025-03-20T16:08:26","slug":"academy-pro-2400-eq-seche-cheveux-professionnel-2200-w","status":"publish","type":"product","link":"https:\/\/somo-sam.com\/?product=academy-pro-2400-eq-seche-cheveux-professionnel-2200-w","title":{"rendered":"Academy Pro 2400 eQ s\u00e8che-cheveux professionnel 2200 W"},"content":{"rendered":"<h2>Long\u00e9vit\u00e9 maximale<\/h2>\n<p>Le s\u00e8che-cheveux ACADEMY PRO 2400 eQ, gr\u00e2ce \u00e0 son moteur num\u00e9rique sans balais, offre des performances de s\u00e9chage in\u00e9gal\u00e9es, pour une dur\u00e9e de vie du moteur jusqu&#8217;\u00e0 10.000 heures. Le grand s\u00e8che-cheveux au format compact.<\/p>\n<p>Les s\u00e8che-cheveux professionnels de la ligne Academy Pro pr\u00e9sentent toutes les caract\u00e9ristiques innovantes de Valera Salon Exclusive. Avec la Smart Airflow Technology int\u00e9gr\u00e9e, ces appareils pratiques sont puissants et silencieux. Leurs fonctions intelligentes assurent contr\u00f4le, s\u00e9curit\u00e9 et bien-\u00eatre maximal au salon. Le s\u00e8che-cheveux professionnel Academy Pro 2400 eQ \u00e0 moteur num\u00e9rique sans balais offre des performances de s\u00e9chage exceptionnelles (50\u00a0% plus rapide que les appareils similaires), avec une dur\u00e9e de vie du moteur atteignant 10\u00a0000 heures. Il est \u00e9quip\u00e9 d&#8217;eQ-AIRcontroller, syst\u00e8me de diagnostic intelligent du flux d&#8217;air, qui surveille en continu le bon fonctionnement de l&#8217;appareil. Ce petit s\u00e8che-cheveux compact est puissant, l\u00e9ger et parfaitement ergonomique.<\/p>\n","protected":false},"excerpt":{"rendered":"<p>Long\u00e9vit\u00e9 maximale Le s\u00e8che-cheveux ACADEMY PRO 2400 eQ, gr\u00e2ce \u00e0 son moteur num\u00e9rique sans balais, offre des performances de s\u00e9chage<\/p>\n","protected":false},"featured_media":30841,"template":"","meta":{"_acf_changed":false,"_monsterinsights_skip_tracking":false,"_monsterinsights_sitenote_active":false,"_monsterinsights_sitenote_note":"","_monsterinsights_sitenote_category":0},"product_brand":[279],"product_cat":[273,274],"product_tag":[],"class_list":{"0":"post-30840","1":"product","2":"type-product","3":"status-publish","4":"has-post-thumbnail","6":"product_brand-valera","7":"product_cat-salon-coiffure-exslusive","8":"product_cat-seche-cheveux-pro","10":"first","11":"instock","12":"taxable","13":"shipping-taxable","14":"purchasable","15":"product-type-simple","16":"add-to-wishlist-after_add_to_cart"},"acf":[],"yoast_head":"<!-- This site is optimized with the Yoast SEO plugin v23.6 - https:\/\/yoast.com\/wordpress\/plugins\/seo\/ -->\n<title>Academy Pro 2400 eQ s\u00e8che-cheveux professionnel 2200 W - SOMO S.A.M<\/title>\n<meta name=\"robots\" content=\"index, follow, max-snippet:-1, max-image-preview:large, max-video-preview:-1\" \/>\n<link rel=\"canonical\" href=\"https:\/\/somo-sam.com\/?product=academy-pro-2400-eq-seche-cheveux-professionnel-2200-w\" \/>\n<meta property=\"og:locale\" content=\"fr_FR\" \/>\n<meta property=\"og:type\" content=\"article\" \/>\n<meta property=\"og:title\" content=\"Academy Pro 2400 eQ s\u00e8che-cheveux professionnel 2200 W - SOMO S.A.M\" \/>\n<meta property=\"og:description\" content=\"Long\u00e9vit\u00e9 maximale Le s\u00e8che-cheveux ACADEMY PRO 2400 eQ, gr\u00e2ce \u00e0 son moteur num\u00e9rique sans balais, offre des performances de s\u00e9chage\" \/>\n<meta property=\"og:url\" content=\"https:\/\/somo-sam.com\/?product=academy-pro-2400-eq-seche-cheveux-professionnel-2200-w\" \/>\n<meta property=\"og:site_name\" content=\"SOMO S.A.M\" \/>\n<meta property=\"article:modified_time\" content=\"2025-03-20T16:08:26+00:00\" \/>\n<meta property=\"og:image\" content=\"https:\/\/somo-sam.com\/wp-content\/uploads\/2025\/03\/Design-sans-titre-4-4.png\" \/>\n\t<meta property=\"og:image:width\" content=\"1080\" \/>\n\t<meta property=\"og:image:height\" content=\"1080\" \/>\n\t<meta property=\"og:image:type\" content=\"image\/png\" \/>\n<meta name=\"twitter:card\" content=\"summary_large_image\" \/>\n<meta name=\"twitter:label1\" content=\"Dur\u00e9e de lecture estim\u00e9e\" \/>\n\t<meta name=\"twitter:data1\" content=\"1 minute\" \/>\n<script type=\"application\/ld+json\" class=\"yoast-schema-graph\">{\"@context\":\"https:\/\/schema.org\",\"@graph\":[{\"@type\":\"WebPage\",\"@id\":\"https:\/\/somo-sam.com\/?product=academy-pro-2400-eq-seche-cheveux-professionnel-2200-w\",\"url\":\"https:\/\/somo-sam.com\/?product=academy-pro-2400-eq-seche-cheveux-professionnel-2200-w\",\"name\":\"Academy Pro 2400 eQ s\u00e8che-cheveux professionnel 2200 W - SOMO S.A.M\",\"isPartOf\":{\"@id\":\"http:\/\/somo-sam.com\/#website\"},\"primaryImageOfPage\":{\"@id\":\"https:\/\/somo-sam.com\/?product=academy-pro-2400-eq-seche-cheveux-professionnel-2200-w#primaryimage\"},\"image\":{\"@id\":\"https:\/\/somo-sam.com\/?product=academy-pro-2400-eq-seche-cheveux-professionnel-2200-w#primaryimage\"},\"thumbnailUrl\":\"https:\/\/somo-sam.com\/wp-content\/uploads\/2025\/03\/Design-sans-titre-4-4.png\",\"datePublished\":\"2025-03-20T16:08:25+00:00\",\"dateModified\":\"2025-03-20T16:08:26+00:00\",\"breadcrumb\":{\"@id\":\"https:\/\/somo-sam.com\/?product=academy-pro-2400-eq-seche-cheveux-professionnel-2200-w#breadcrumb\"},\"inLanguage\":\"fr-FR\",\"potentialAction\":[{\"@type\":\"ReadAction\",\"target\":[\"https:\/\/somo-sam.com\/?product=academy-pro-2400-eq-seche-cheveux-professionnel-2200-w\"]}]},{\"@type\":\"ImageObject\",\"inLanguage\":\"fr-FR\",\"@id\":\"https:\/\/somo-sam.com\/?product=academy-pro-2400-eq-seche-cheveux-professionnel-2200-w#primaryimage\",\"url\":\"https:\/\/somo-sam.com\/wp-content\/uploads\/2025\/03\/Design-sans-titre-4-4.png\",\"contentUrl\":\"https:\/\/somo-sam.com\/wp-content\/uploads\/2025\/03\/Design-sans-titre-4-4.png\",\"width\":1080,\"height\":1080},{\"@type\":\"BreadcrumbList\",\"@id\":\"https:\/\/somo-sam.com\/?product=academy-pro-2400-eq-seche-cheveux-professionnel-2200-w#breadcrumb\",\"itemListElement\":[{\"@type\":\"ListItem\",\"position\":1,\"name\":\"Accueil\",\"item\":\"http:\/\/somo-sam.com\/\"},{\"@type\":\"ListItem\",\"position\":2,\"name\":\"Shop\",\"item\":\"https:\/\/somo-sam.com\/?page_id=413\"},{\"@type\":\"ListItem\",\"position\":3,\"name\":\"Academy Pro 2400 eQ s\u00e8che-cheveux professionnel 2200 W\"}]},{\"@type\":\"WebSite\",\"@id\":\"http:\/\/somo-sam.com\/#website\",\"url\":\"http:\/\/somo-sam.com\/\",\"name\":\"SOMO S.A.M\",\"description\":\"Votre partenaire en \u00e9quipements h\u00f4teliers et de restauration\",\"potentialAction\":[{\"@type\":\"SearchAction\",\"target\":{\"@type\":\"EntryPoint\",\"urlTemplate\":\"http:\/\/somo-sam.com\/?s={search_term_string}\"},\"query-input\":{\"@type\":\"PropertyValueSpecification\",\"valueRequired\":true,\"valueName\":\"search_term_string\"}}],\"inLanguage\":\"fr-FR\"}]}<\/script>\n<!-- \/ Yoast SEO plugin. -->","yoast_head_json":{"title":"Academy Pro 2400 eQ s\u00e8che-cheveux professionnel 2200 W - SOMO S.A.M","robots":{"index":"index","follow":"follow","max-snippet":"max-snippet:-1","max-image-preview":"max-image-preview:large","max-video-preview":"max-video-preview:-1"},"canonical":"https:\/\/somo-sam.com\/?product=academy-pro-2400-eq-seche-cheveux-professionnel-2200-w","og_locale":"fr_FR","og_type":"article","og_title":"Academy Pro 2400 eQ s\u00e8che-cheveux professionnel 2200 W - SOMO S.A.M","og_description":"Long\u00e9vit\u00e9 maximale Le s\u00e8che-cheveux ACADEMY PRO 2400 eQ, gr\u00e2ce \u00e0 son moteur num\u00e9rique sans balais, offre des performances de s\u00e9chage","og_url":"https:\/\/somo-sam.com\/?product=academy-pro-2400-eq-seche-cheveux-professionnel-2200-w","og_site_name":"SOMO S.A.M","article_modified_time":"2025-03-20T16:08:26+00:00","og_image":[{"width":1080,"height":1080,"url":"https:\/\/somo-sam.com\/wp-content\/uploads\/2025\/03\/Design-sans-titre-4-4.png","type":"image\/png"}],"twitter_card":"summary_large_image","twitter_misc":{"Dur\u00e9e de lecture estim\u00e9e":"1 minute"},"schema":{"@context":"https:\/\/schema.org","@graph":[{"@type":"WebPage","@id":"https:\/\/somo-sam.com\/?product=academy-pro-2400-eq-seche-cheveux-professionnel-2200-w","url":"https:\/\/somo-sam.com\/?product=academy-pro-2400-eq-seche-cheveux-professionnel-2200-w","name":"Academy Pro 2400 eQ s\u00e8che-cheveux professionnel 2200 W - SOMO S.A.M","isPartOf":{"@id":"http:\/\/somo-sam.com\/#website"},"primaryImageOfPage":{"@id":"https:\/\/somo-sam.com\/?product=academy-pro-2400-eq-seche-cheveux-professionnel-2200-w#primaryimage"},"image":{"@id":"https:\/\/somo-sam.com\/?product=academy-pro-2400-eq-seche-cheveux-professionnel-2200-w#primaryimage"},"thumbnailUrl":"https:\/\/somo-sam.com\/wp-content\/uploads\/2025\/03\/Design-sans-titre-4-4.png","datePublished":"2025-03-20T16:08:25+00:00","dateModified":"2025-03-20T16:08:26+00:00","breadcrumb":{"@id":"https:\/\/somo-sam.com\/?product=academy-pro-2400-eq-seche-cheveux-professionnel-2200-w#breadcrumb"},"inLanguage":"fr-FR","potentialAction":[{"@type":"ReadAction","target":["https:\/\/somo-sam.com\/?product=academy-pro-2400-eq-seche-cheveux-professionnel-2200-w"]}]},{"@type":"ImageObject","inLanguage":"fr-FR","@id":"https:\/\/somo-sam.com\/?product=academy-pro-2400-eq-seche-cheveux-professionnel-2200-w#primaryimage","url":"https:\/\/somo-sam.com\/wp-content\/uploads\/2025\/03\/Design-sans-titre-4-4.png","contentUrl":"https:\/\/somo-sam.com\/wp-content\/uploads\/2025\/03\/Design-sans-titre-4-4.png","width":1080,"height":1080},{"@type":"BreadcrumbList","@id":"https:\/\/somo-sam.com\/?product=academy-pro-2400-eq-seche-cheveux-professionnel-2200-w#breadcrumb","itemListElement":[{"@type":"ListItem","position":1,"name":"Accueil","item":"http:\/\/somo-sam.com\/"},{"@type":"ListItem","position":2,"name":"Shop","item":"https:\/\/somo-sam.com\/?page_id=413"},{"@type":"ListItem","position":3,"name":"Academy Pro 2400 eQ s\u00e8che-cheveux professionnel 2200 W"}]},{"@type":"WebSite","@id":"http:\/\/somo-sam.com\/#website","url":"http:\/\/somo-sam.com\/","name":"SOMO S.A.M","description":"Votre partenaire en \u00e9quipements h\u00f4teliers et de restauration","potentialAction":[{"@type":"SearchAction","target":{"@type":"EntryPoint","urlTemplate":"http:\/\/somo-sam.com\/?s={search_term_string}"},"query-input":{"@type":"PropertyValueSpecification","valueRequired":true,"valueName":"search_term_string"}}],"inLanguage":"fr-FR"}]}},"_links":{"self":[{"href":"https:\/\/somo-sam.com\/index.php?rest_route=\/wp\/v2\/product\/30840","targetHints":{"allow":["GET"]}}],"collection":[{"href":"https:\/\/somo-sam.com\/index.php?rest_route=\/wp\/v2\/product"}],"about":[{"href":"https:\/\/somo-sam.com\/index.php?rest_route=\/wp\/v2\/types\/product"}],"version-history":[{"count":1,"href":"https:\/\/somo-sam.com\/index.php?rest_route=\/wp\/v2\/product\/30840\/revisions"}],"predecessor-version":[{"id":30847,"href":"https:\/\/somo-sam.com\/index.php?rest_route=\/wp\/v2\/product\/30840\/revisions\/30847"}],"wp:featuredmedia":[{"embeddable":true,"href":"https:\/\/somo-sam.com\/index.php?rest_route=\/wp\/v2\/media\/30841"}],"wp:attachment":[{"href":"https:\/\/somo-sam.com\/index.php?rest_route=%2Fwp%2Fv2%2Fmedia&parent=30840"}],"wp:term":[{"taxonomy":"product_brand","embeddable":true,"href":"https:\/\/somo-sam.com\/index.php?rest_route=%2Fwp%2Fv2%2Fproduct_brand&post=30840"},{"taxonomy":"product_cat","embeddable":true,"href":"https:\/\/somo-sam.com\/index.php?rest_route=%2Fwp%2Fv2%2Fproduct_cat&post=30840"},{"taxonomy":"product_tag","embeddable":true,"href":"https:\/\/somo-sam.com\/index.php?rest_route=%2Fwp%2Fv2%2Fproduct_tag&post=30840"}],"curies":[{"name":"wp","href":"https:\/\/api.w.org\/{rel}","templated":true}]}}