{"id":30888,"date":"2025-03-20T17:51:24","date_gmt":"2025-03-20T16:51:24","guid":{"rendered":"https:\/\/somo-sam.com\/?post_type=product&#038;p=30888"},"modified":"2025-03-20T18:08:08","modified_gmt":"2025-03-20T17:08:08","slug":"sq-volume-100-fer-a-creper-professionnel-fin","status":"publish","type":"product","link":"https:\/\/somo-sam.com\/?product=sq-volume-100-fer-a-creper-professionnel-fin","title":{"rendered":"SQ Volume 100 fer \u00e0 cr\u00eaper professionnel fin"},"content":{"rendered":"<h2>Pour du volume d\u00e8s la racine<\/h2>\n<p>SQ Volume 100 est un fer \u00e0 cr\u00eaper professionnel extra fin. Avec son profil particulier, ainsi que sa temp\u00e9rature stable de 230 \u00b0C, il conf\u00e8re un volume remarquable, en soulevant les cheveux \u00e0 la racine.<\/p>\n<p>M\u00eame les cheveux lisses peuvent avoir du volume gr\u00e2ce \u00e0 SQ Volume 100, la plaque volumisante pour cheveux avec des plaques ultrafines \u00e0 vagues. Ce fer \u00e0 cr\u00eaper sp\u00e9cial vous permet de cr\u00e9er un maximum de volume et de tenue \u00e0 la racine en un tour de main. Le cr\u00eapage \u00e0 la racine des m\u00e8ches du dessous donne du volume aux m\u00e8ches du dessus, de mani\u00e8re insoup\u00e7onnable. Le syst\u00e8me \u00abAdaptive Heat Control\u00bb \u00e0 r\u00e9gulation automatique assure une gestion constante de la chaleur pendant l&#8217;utilisation du fer \u00e0 cr\u00eaper. Ceci permet de maintenir une temp\u00e9rature de fonctionnement de 230\u00a0\u00b0C. Gr\u00e2ce \u00e0 la temp\u00e9rature stable des plaques, vous avez l&#8217;assurance d&#8217;obtenir une mise en plis impeccable et uniforme.<\/p>\n<p>Vendu par lot de 6<\/p>\n","protected":false},"excerpt":{"rendered":"<p>Pour du volume d\u00e8s la racine SQ Volume 100 est un fer \u00e0 cr\u00eaper professionnel extra fin. Avec son profil<\/p>\n","protected":false},"featured_media":30889,"template":"","meta":{"_acf_changed":false,"_monsterinsights_skip_tracking":false,"_monsterinsights_sitenote_active":false,"_monsterinsights_sitenote_note":"","_monsterinsights_sitenote_category":0},"product_brand":[279],"product_cat":[275,273],"product_tag":[],"class_list":{"0":"post-30888","1":"product","2":"type-product","3":"status-publish","4":"has-post-thumbnail","6":"product_brand-valera","7":"product_cat-lisseurs","8":"product_cat-salon-coiffure-exslusive","10":"first","11":"instock","12":"taxable","13":"shipping-taxable","14":"purchasable","15":"product-type-simple","16":"add-to-wishlist-after_add_to_cart"},"acf":[],"yoast_head":"<!-- This site is optimized with the Yoast SEO plugin v23.6 - https:\/\/yoast.com\/wordpress\/plugins\/seo\/ -->\n<title>SQ Volume 100 fer \u00e0 cr\u00eaper professionnel fin - SOMO S.A.M<\/title>\n<meta name=\"robots\" content=\"index, follow, max-snippet:-1, max-image-preview:large, max-video-preview:-1\" \/>\n<link rel=\"canonical\" href=\"https:\/\/somo-sam.com\/?product=sq-volume-100-fer-a-creper-professionnel-fin\" \/>\n<meta property=\"og:locale\" content=\"fr_FR\" \/>\n<meta property=\"og:type\" content=\"article\" \/>\n<meta property=\"og:title\" content=\"SQ Volume 100 fer \u00e0 cr\u00eaper professionnel fin - SOMO S.A.M\" \/>\n<meta property=\"og:description\" content=\"Pour du volume d\u00e8s la racine SQ Volume 100 est un fer \u00e0 cr\u00eaper professionnel extra fin. Avec son profil\" \/>\n<meta property=\"og:url\" content=\"https:\/\/somo-sam.com\/?product=sq-volume-100-fer-a-creper-professionnel-fin\" \/>\n<meta property=\"og:site_name\" content=\"SOMO S.A.M\" \/>\n<meta property=\"article:modified_time\" content=\"2025-03-20T17:08:08+00:00\" \/>\n<meta property=\"og:image\" content=\"https:\/\/somo-sam.com\/wp-content\/uploads\/2025\/03\/Design-sans-titre-7-3.png\" \/>\n\t<meta property=\"og:image:width\" content=\"1080\" \/>\n\t<meta property=\"og:image:height\" content=\"1080\" \/>\n\t<meta property=\"og:image:type\" content=\"image\/png\" \/>\n<meta name=\"twitter:card\" content=\"summary_large_image\" \/>\n<meta name=\"twitter:label1\" content=\"Dur\u00e9e de lecture estim\u00e9e\" \/>\n\t<meta name=\"twitter:data1\" content=\"2 minutes\" \/>\n<script type=\"application\/ld+json\" class=\"yoast-schema-graph\">{\"@context\":\"https:\/\/schema.org\",\"@graph\":[{\"@type\":\"WebPage\",\"@id\":\"https:\/\/somo-sam.com\/?product=sq-volume-100-fer-a-creper-professionnel-fin\",\"url\":\"https:\/\/somo-sam.com\/?product=sq-volume-100-fer-a-creper-professionnel-fin\",\"name\":\"SQ Volume 100 fer \u00e0 cr\u00eaper professionnel fin - SOMO S.A.M\",\"isPartOf\":{\"@id\":\"https:\/\/somo-sam.com\/#website\"},\"primaryImageOfPage\":{\"@id\":\"https:\/\/somo-sam.com\/?product=sq-volume-100-fer-a-creper-professionnel-fin#primaryimage\"},\"image\":{\"@id\":\"https:\/\/somo-sam.com\/?product=sq-volume-100-fer-a-creper-professionnel-fin#primaryimage\"},\"thumbnailUrl\":\"https:\/\/somo-sam.com\/wp-content\/uploads\/2025\/03\/Design-sans-titre-7-3.png\",\"datePublished\":\"2025-03-20T16:51:24+00:00\",\"dateModified\":\"2025-03-20T17:08:08+00:00\",\"breadcrumb\":{\"@id\":\"https:\/\/somo-sam.com\/?product=sq-volume-100-fer-a-creper-professionnel-fin#breadcrumb\"},\"inLanguage\":\"fr-FR\",\"potentialAction\":[{\"@type\":\"ReadAction\",\"target\":[\"https:\/\/somo-sam.com\/?product=sq-volume-100-fer-a-creper-professionnel-fin\"]}]},{\"@type\":\"ImageObject\",\"inLanguage\":\"fr-FR\",\"@id\":\"https:\/\/somo-sam.com\/?product=sq-volume-100-fer-a-creper-professionnel-fin#primaryimage\",\"url\":\"https:\/\/somo-sam.com\/wp-content\/uploads\/2025\/03\/Design-sans-titre-7-3.png\",\"contentUrl\":\"https:\/\/somo-sam.com\/wp-content\/uploads\/2025\/03\/Design-sans-titre-7-3.png\",\"width\":1080,\"height\":1080},{\"@type\":\"BreadcrumbList\",\"@id\":\"https:\/\/somo-sam.com\/?product=sq-volume-100-fer-a-creper-professionnel-fin#breadcrumb\",\"itemListElement\":[{\"@type\":\"ListItem\",\"position\":1,\"name\":\"Accueil\",\"item\":\"https:\/\/somo-sam.com\/\"},{\"@type\":\"ListItem\",\"position\":2,\"name\":\"Shop\",\"item\":\"https:\/\/somo-sam.com\/?page_id=413\"},{\"@type\":\"ListItem\",\"position\":3,\"name\":\"SQ Volume 100 fer \u00e0 cr\u00eaper professionnel fin\"}]},{\"@type\":\"WebSite\",\"@id\":\"https:\/\/somo-sam.com\/#website\",\"url\":\"https:\/\/somo-sam.com\/\",\"name\":\"SOMO S.A.M\",\"description\":\"Votre partenaire en \u00e9quipements h\u00f4teliers et de restauration\",\"potentialAction\":[{\"@type\":\"SearchAction\",\"target\":{\"@type\":\"EntryPoint\",\"urlTemplate\":\"https:\/\/somo-sam.com\/?s={search_term_string}\"},\"query-input\":{\"@type\":\"PropertyValueSpecification\",\"valueRequired\":true,\"valueName\":\"search_term_string\"}}],\"inLanguage\":\"fr-FR\"}]}<\/script>\n<!-- \/ Yoast SEO plugin. -->","yoast_head_json":{"title":"SQ Volume 100 fer \u00e0 cr\u00eaper professionnel fin - SOMO S.A.M","robots":{"index":"index","follow":"follow","max-snippet":"max-snippet:-1","max-image-preview":"max-image-preview:large","max-video-preview":"max-video-preview:-1"},"canonical":"https:\/\/somo-sam.com\/?product=sq-volume-100-fer-a-creper-professionnel-fin","og_locale":"fr_FR","og_type":"article","og_title":"SQ Volume 100 fer \u00e0 cr\u00eaper professionnel fin - SOMO S.A.M","og_description":"Pour du volume d\u00e8s la racine SQ Volume 100 est un fer \u00e0 cr\u00eaper professionnel extra fin. Avec son profil","og_url":"https:\/\/somo-sam.com\/?product=sq-volume-100-fer-a-creper-professionnel-fin","og_site_name":"SOMO S.A.M","article_modified_time":"2025-03-20T17:08:08+00:00","og_image":[{"width":1080,"height":1080,"url":"https:\/\/somo-sam.com\/wp-content\/uploads\/2025\/03\/Design-sans-titre-7-3.png","type":"image\/png"}],"twitter_card":"summary_large_image","twitter_misc":{"Dur\u00e9e de lecture estim\u00e9e":"2 minutes"},"schema":{"@context":"https:\/\/schema.org","@graph":[{"@type":"WebPage","@id":"https:\/\/somo-sam.com\/?product=sq-volume-100-fer-a-creper-professionnel-fin","url":"https:\/\/somo-sam.com\/?product=sq-volume-100-fer-a-creper-professionnel-fin","name":"SQ Volume 100 fer \u00e0 cr\u00eaper professionnel fin - SOMO S.A.M","isPartOf":{"@id":"https:\/\/somo-sam.com\/#website"},"primaryImageOfPage":{"@id":"https:\/\/somo-sam.com\/?product=sq-volume-100-fer-a-creper-professionnel-fin#primaryimage"},"image":{"@id":"https:\/\/somo-sam.com\/?product=sq-volume-100-fer-a-creper-professionnel-fin#primaryimage"},"thumbnailUrl":"https:\/\/somo-sam.com\/wp-content\/uploads\/2025\/03\/Design-sans-titre-7-3.png","datePublished":"2025-03-20T16:51:24+00:00","dateModified":"2025-03-20T17:08:08+00:00","breadcrumb":{"@id":"https:\/\/somo-sam.com\/?product=sq-volume-100-fer-a-creper-professionnel-fin#breadcrumb"},"inLanguage":"fr-FR","potentialAction":[{"@type":"ReadAction","target":["https:\/\/somo-sam.com\/?product=sq-volume-100-fer-a-creper-professionnel-fin"]}]},{"@type":"ImageObject","inLanguage":"fr-FR","@id":"https:\/\/somo-sam.com\/?product=sq-volume-100-fer-a-creper-professionnel-fin#primaryimage","url":"https:\/\/somo-sam.com\/wp-content\/uploads\/2025\/03\/Design-sans-titre-7-3.png","contentUrl":"https:\/\/somo-sam.com\/wp-content\/uploads\/2025\/03\/Design-sans-titre-7-3.png","width":1080,"height":1080},{"@type":"BreadcrumbList","@id":"https:\/\/somo-sam.com\/?product=sq-volume-100-fer-a-creper-professionnel-fin#breadcrumb","itemListElement":[{"@type":"ListItem","position":1,"name":"Accueil","item":"https:\/\/somo-sam.com\/"},{"@type":"ListItem","position":2,"name":"Shop","item":"https:\/\/somo-sam.com\/?page_id=413"},{"@type":"ListItem","position":3,"name":"SQ Volume 100 fer \u00e0 cr\u00eaper professionnel fin"}]},{"@type":"WebSite","@id":"https:\/\/somo-sam.com\/#website","url":"https:\/\/somo-sam.com\/","name":"SOMO S.A.M","description":"Votre partenaire en \u00e9quipements h\u00f4teliers et de restauration","potentialAction":[{"@type":"SearchAction","target":{"@type":"EntryPoint","urlTemplate":"https:\/\/somo-sam.com\/?s={search_term_string}"},"query-input":{"@type":"PropertyValueSpecification","valueRequired":true,"valueName":"search_term_string"}}],"inLanguage":"fr-FR"}]}},"_links":{"self":[{"href":"https:\/\/somo-sam.com\/index.php?rest_route=\/wp\/v2\/product\/30888","targetHints":{"allow":["GET"]}}],"collection":[{"href":"https:\/\/somo-sam.com\/index.php?rest_route=\/wp\/v2\/product"}],"about":[{"href":"https:\/\/somo-sam.com\/index.php?rest_route=\/wp\/v2\/types\/product"}],"version-history":[{"count":2,"href":"https:\/\/somo-sam.com\/index.php?rest_route=\/wp\/v2\/product\/30888\/revisions"}],"predecessor-version":[{"id":30920,"href":"https:\/\/somo-sam.com\/index.php?rest_route=\/wp\/v2\/product\/30888\/revisions\/30920"}],"wp:featuredmedia":[{"embeddable":true,"href":"https:\/\/somo-sam.com\/index.php?rest_route=\/wp\/v2\/media\/30889"}],"wp:attachment":[{"href":"https:\/\/somo-sam.com\/index.php?rest_route=%2Fwp%2Fv2%2Fmedia&parent=30888"}],"wp:term":[{"taxonomy":"product_brand","embeddable":true,"href":"https:\/\/somo-sam.com\/index.php?rest_route=%2Fwp%2Fv2%2Fproduct_brand&post=30888"},{"taxonomy":"product_cat","embeddable":true,"href":"https:\/\/somo-sam.com\/index.php?rest_route=%2Fwp%2Fv2%2Fproduct_cat&post=30888"},{"taxonomy":"product_tag","embeddable":true,"href":"https:\/\/somo-sam.com\/index.php?rest_route=%2Fwp%2Fv2%2Fproduct_tag&post=30888"}],"curies":[{"name":"wp","href":"https:\/\/api.w.org\/{rel}","templated":true}]}}