{"id":31286,"date":"2025-03-25T16:28:00","date_gmt":"2025-03-25T15:28:00","guid":{"rendered":"https:\/\/somo-sam.com\/?post_type=product&#038;p=31286"},"modified":"2025-03-25T16:28:01","modified_gmt":"2025-03-25T15:28:01","slug":"super-3600-et-super-4000","status":"publish","type":"product","link":"https:\/\/somo-sam.com\/?product=super-3600-et-super-4000","title":{"rendered":"SUPER 3600 ET SUPER 4000"},"content":{"rendered":"<div class=\"elem\">\n<ul>\n<li>SUPER 3600 et SUPER 4000 sont une exceptionnelle unit\u00e9 de puissance \u00e0 l\u2019int\u00e9rieur de laquelle se trouvent le moteur \u00e9lectrique ventil\u00e9 prot\u00e9g\u00e9 par des capteurs thermiques, le r\u00e9ducteur avec ses composants m\u00e9caniques immerg\u00e9s en bain d\u2019huile et un syst\u00e8me de fins de course \u00e0 r\u00e9glage microm\u00e9trique de haute pr\u00e9cision qui g\u00e8re une portail long jusqu\u2019\u00e0 13,5 m.<\/li>\n<li>Gr\u00e2ce \u00e0 sa m\u00e9canique les mod\u00e8les SUPER permettent une utilisation intense.<\/li>\n<li>En 45 ans d\u2019histoire, SUPER n\u2019a subi que des variations minimes et reste actuellement l\u2019un des produits RIB les PLUS connus \u00e0 travers le monde.<\/li>\n<\/ul>\n<\/div>\n<div class=\"elem\">\n<ul>\n<li>Dans le tableau L1\/R2-CRX integr\u00e9 la m\u00e9moire des codes des t\u00e9l\u00e9commandes peut \u00eatre extraite pour une maintenance plus simple.<\/li>\n<li>Le tableau L1\/R2-CRX peut g\u00e9rer jusqu\u2019\u00e0 1000 entre t\u00e9l\u00e9commandes SUN ou SUN PRO.<\/li>\n<li>Le tableau L1\/R2-CRX peut \u00eatre g\u00e9r\u00e9 avec la carte Bluetooth APP ou la carte APP+.<\/li>\n<\/ul>\n<\/div>\n","protected":false},"excerpt":{"rendered":"<h3>SUPER 3600 ET SUPER 4000 OP\u00c9RATEUR IRR\u00c9VERSIBLE<br \/>\nPOUR PORTAILS COULISSANTS INDUSTRIELS<\/h3>\n","protected":false},"featured_media":31291,"template":"","meta":{"_acf_changed":false,"_monsterinsights_skip_tracking":false,"_monsterinsights_sitenote_active":false,"_monsterinsights_sitenote_note":"","_monsterinsights_sitenote_category":0},"product_brand":[290],"product_cat":[134,135],"product_tag":[],"class_list":{"0":"post-31286","1":"product","2":"type-product","3":"status-publish","4":"has-post-thumbnail","6":"product_brand-rib","7":"product_cat-automatisme","8":"product_cat-portails-coulissant","10":"first","11":"instock","12":"taxable","13":"shipping-taxable","14":"purchasable","15":"product-type-variable","16":"add-to-wishlist-after_add_to_cart"},"acf":[],"yoast_head":"<!-- This site is optimized with the Yoast SEO plugin v23.6 - https:\/\/yoast.com\/wordpress\/plugins\/seo\/ -->\n<title>SUPER 3600 ET SUPER 4000 - SOMO S.A.M<\/title>\n<meta name=\"robots\" content=\"index, follow, max-snippet:-1, max-image-preview:large, max-video-preview:-1\" \/>\n<link rel=\"canonical\" href=\"https:\/\/somo-sam.com\/?product=super-3600-et-super-4000\" \/>\n<meta property=\"og:locale\" content=\"fr_FR\" \/>\n<meta property=\"og:type\" content=\"article\" \/>\n<meta property=\"og:title\" content=\"SUPER 3600 ET SUPER 4000 - SOMO S.A.M\" \/>\n<meta property=\"og:description\" content=\"SUPER 3600 ET SUPER 4000 OP\u00c9RATEUR IRR\u00c9VERSIBLE POUR PORTAILS COULISSANTS INDUSTRIELS\" \/>\n<meta property=\"og:url\" content=\"https:\/\/somo-sam.com\/?product=super-3600-et-super-4000\" \/>\n<meta property=\"og:site_name\" content=\"SOMO S.A.M\" \/>\n<meta property=\"article:modified_time\" content=\"2025-03-25T15:28:01+00:00\" \/>\n<meta property=\"og:image\" content=\"https:\/\/somo-sam.com\/wp-content\/uploads\/2025\/03\/super-fast-3000.png\" \/>\n\t<meta property=\"og:image:width\" content=\"322\" \/>\n\t<meta property=\"og:image:height\" content=\"249\" \/>\n\t<meta property=\"og:image:type\" content=\"image\/png\" \/>\n<meta name=\"twitter:card\" content=\"summary_large_image\" \/>\n<meta name=\"twitter:label1\" content=\"Dur\u00e9e de lecture estim\u00e9e\" \/>\n\t<meta name=\"twitter:data1\" content=\"1 minute\" \/>\n<script type=\"application\/ld+json\" class=\"yoast-schema-graph\">{\"@context\":\"https:\/\/schema.org\",\"@graph\":[{\"@type\":\"WebPage\",\"@id\":\"https:\/\/somo-sam.com\/?product=super-3600-et-super-4000\",\"url\":\"https:\/\/somo-sam.com\/?product=super-3600-et-super-4000\",\"name\":\"SUPER 3600 ET SUPER 4000 - SOMO S.A.M\",\"isPartOf\":{\"@id\":\"http:\/\/somo-sam.com\/#website\"},\"primaryImageOfPage\":{\"@id\":\"https:\/\/somo-sam.com\/?product=super-3600-et-super-4000#primaryimage\"},\"image\":{\"@id\":\"https:\/\/somo-sam.com\/?product=super-3600-et-super-4000#primaryimage\"},\"thumbnailUrl\":\"https:\/\/somo-sam.com\/wp-content\/uploads\/2025\/03\/super-fast-3000.png\",\"datePublished\":\"2025-03-25T15:28:00+00:00\",\"dateModified\":\"2025-03-25T15:28:01+00:00\",\"breadcrumb\":{\"@id\":\"https:\/\/somo-sam.com\/?product=super-3600-et-super-4000#breadcrumb\"},\"inLanguage\":\"fr-FR\",\"potentialAction\":[{\"@type\":\"ReadAction\",\"target\":[\"https:\/\/somo-sam.com\/?product=super-3600-et-super-4000\"]}]},{\"@type\":\"ImageObject\",\"inLanguage\":\"fr-FR\",\"@id\":\"https:\/\/somo-sam.com\/?product=super-3600-et-super-4000#primaryimage\",\"url\":\"https:\/\/somo-sam.com\/wp-content\/uploads\/2025\/03\/super-fast-3000.png\",\"contentUrl\":\"https:\/\/somo-sam.com\/wp-content\/uploads\/2025\/03\/super-fast-3000.png\",\"width\":322,\"height\":249},{\"@type\":\"BreadcrumbList\",\"@id\":\"https:\/\/somo-sam.com\/?product=super-3600-et-super-4000#breadcrumb\",\"itemListElement\":[{\"@type\":\"ListItem\",\"position\":1,\"name\":\"Accueil\",\"item\":\"http:\/\/somo-sam.com\/\"},{\"@type\":\"ListItem\",\"position\":2,\"name\":\"Shop\",\"item\":\"https:\/\/somo-sam.com\/?page_id=413\"},{\"@type\":\"ListItem\",\"position\":3,\"name\":\"SUPER 3600 ET SUPER 4000\"}]},{\"@type\":\"WebSite\",\"@id\":\"http:\/\/somo-sam.com\/#website\",\"url\":\"http:\/\/somo-sam.com\/\",\"name\":\"SOMO S.A.M\",\"description\":\"Votre partenaire en \u00e9quipements h\u00f4teliers et de restauration\",\"potentialAction\":[{\"@type\":\"SearchAction\",\"target\":{\"@type\":\"EntryPoint\",\"urlTemplate\":\"http:\/\/somo-sam.com\/?s={search_term_string}\"},\"query-input\":{\"@type\":\"PropertyValueSpecification\",\"valueRequired\":true,\"valueName\":\"search_term_string\"}}],\"inLanguage\":\"fr-FR\"}]}<\/script>\n<!-- \/ Yoast SEO plugin. -->","yoast_head_json":{"title":"SUPER 3600 ET SUPER 4000 - SOMO S.A.M","robots":{"index":"index","follow":"follow","max-snippet":"max-snippet:-1","max-image-preview":"max-image-preview:large","max-video-preview":"max-video-preview:-1"},"canonical":"https:\/\/somo-sam.com\/?product=super-3600-et-super-4000","og_locale":"fr_FR","og_type":"article","og_title":"SUPER 3600 ET SUPER 4000 - SOMO S.A.M","og_description":"SUPER 3600 ET SUPER 4000 OP\u00c9RATEUR IRR\u00c9VERSIBLE POUR PORTAILS COULISSANTS INDUSTRIELS","og_url":"https:\/\/somo-sam.com\/?product=super-3600-et-super-4000","og_site_name":"SOMO S.A.M","article_modified_time":"2025-03-25T15:28:01+00:00","og_image":[{"width":322,"height":249,"url":"https:\/\/somo-sam.com\/wp-content\/uploads\/2025\/03\/super-fast-3000.png","type":"image\/png"}],"twitter_card":"summary_large_image","twitter_misc":{"Dur\u00e9e de lecture estim\u00e9e":"1 minute"},"schema":{"@context":"https:\/\/schema.org","@graph":[{"@type":"WebPage","@id":"https:\/\/somo-sam.com\/?product=super-3600-et-super-4000","url":"https:\/\/somo-sam.com\/?product=super-3600-et-super-4000","name":"SUPER 3600 ET SUPER 4000 - SOMO S.A.M","isPartOf":{"@id":"http:\/\/somo-sam.com\/#website"},"primaryImageOfPage":{"@id":"https:\/\/somo-sam.com\/?product=super-3600-et-super-4000#primaryimage"},"image":{"@id":"https:\/\/somo-sam.com\/?product=super-3600-et-super-4000#primaryimage"},"thumbnailUrl":"https:\/\/somo-sam.com\/wp-content\/uploads\/2025\/03\/super-fast-3000.png","datePublished":"2025-03-25T15:28:00+00:00","dateModified":"2025-03-25T15:28:01+00:00","breadcrumb":{"@id":"https:\/\/somo-sam.com\/?product=super-3600-et-super-4000#breadcrumb"},"inLanguage":"fr-FR","potentialAction":[{"@type":"ReadAction","target":["https:\/\/somo-sam.com\/?product=super-3600-et-super-4000"]}]},{"@type":"ImageObject","inLanguage":"fr-FR","@id":"https:\/\/somo-sam.com\/?product=super-3600-et-super-4000#primaryimage","url":"https:\/\/somo-sam.com\/wp-content\/uploads\/2025\/03\/super-fast-3000.png","contentUrl":"https:\/\/somo-sam.com\/wp-content\/uploads\/2025\/03\/super-fast-3000.png","width":322,"height":249},{"@type":"BreadcrumbList","@id":"https:\/\/somo-sam.com\/?product=super-3600-et-super-4000#breadcrumb","itemListElement":[{"@type":"ListItem","position":1,"name":"Accueil","item":"http:\/\/somo-sam.com\/"},{"@type":"ListItem","position":2,"name":"Shop","item":"https:\/\/somo-sam.com\/?page_id=413"},{"@type":"ListItem","position":3,"name":"SUPER 3600 ET SUPER 4000"}]},{"@type":"WebSite","@id":"http:\/\/somo-sam.com\/#website","url":"http:\/\/somo-sam.com\/","name":"SOMO S.A.M","description":"Votre partenaire en \u00e9quipements h\u00f4teliers et de restauration","potentialAction":[{"@type":"SearchAction","target":{"@type":"EntryPoint","urlTemplate":"http:\/\/somo-sam.com\/?s={search_term_string}"},"query-input":{"@type":"PropertyValueSpecification","valueRequired":true,"valueName":"search_term_string"}}],"inLanguage":"fr-FR"}]}},"_links":{"self":[{"href":"https:\/\/somo-sam.com\/index.php?rest_route=\/wp\/v2\/product\/31286","targetHints":{"allow":["GET"]}}],"collection":[{"href":"https:\/\/somo-sam.com\/index.php?rest_route=\/wp\/v2\/product"}],"about":[{"href":"https:\/\/somo-sam.com\/index.php?rest_route=\/wp\/v2\/types\/product"}],"version-history":[{"count":1,"href":"https:\/\/somo-sam.com\/index.php?rest_route=\/wp\/v2\/product\/31286\/revisions"}],"predecessor-version":[{"id":31299,"href":"https:\/\/somo-sam.com\/index.php?rest_route=\/wp\/v2\/product\/31286\/revisions\/31299"}],"wp:featuredmedia":[{"embeddable":true,"href":"https:\/\/somo-sam.com\/index.php?rest_route=\/wp\/v2\/media\/31291"}],"wp:attachment":[{"href":"https:\/\/somo-sam.com\/index.php?rest_route=%2Fwp%2Fv2%2Fmedia&parent=31286"}],"wp:term":[{"taxonomy":"product_brand","embeddable":true,"href":"https:\/\/somo-sam.com\/index.php?rest_route=%2Fwp%2Fv2%2Fproduct_brand&post=31286"},{"taxonomy":"product_cat","embeddable":true,"href":"https:\/\/somo-sam.com\/index.php?rest_route=%2Fwp%2Fv2%2Fproduct_cat&post=31286"},{"taxonomy":"product_tag","embeddable":true,"href":"https:\/\/somo-sam.com\/index.php?rest_route=%2Fwp%2Fv2%2Fproduct_tag&post=31286"}],"curies":[{"name":"wp","href":"https:\/\/api.w.org\/{rel}","templated":true}]}}