{"id":31513,"date":"2025-03-27T12:00:32","date_gmt":"2025-03-27T11:00:32","guid":{"rendered":"https:\/\/somo-sam.com\/?post_type=product&#038;p=31513"},"modified":"2025-03-27T12:00:32","modified_gmt":"2025-03-27T11:00:32","slug":"president","status":"publish","type":"product","link":"https:\/\/somo-sam.com\/?product=president","title":{"rendered":"PRESIDENT"},"content":{"rendered":"<div class=\"elem\">\n<ul>\n<li>Barri\u00e8re automatique avec syst\u00e8me de d\u00e9tection d\u2019obstacle \u00e0 codeur magn\u00e9tique avec inversion du mouvement. Conform\u00e9ment \u00e0 la norme EN 60335-2-103 relative aux barri\u00e8res automatiques<\/li>\n<li>PRESIDENT inverse son mouvement m\u00eame dans les 5 derniers centim\u00e8tres de course<\/li>\n<li>Corps en aluminium et acier<\/li>\n<li>Ralentissement en ouverture et en fermeture. La bo\u00eete comprend la plaque \u00e0 enterrer, la lisse t\u00e9lescopique de 3 ou 4 m\u00e8tres et les adh\u00e9sifs pour la lisse<\/li>\n<li>L\u2019installation est simplifi\u00e9e, sans besoin de r\u00e9gler les ressorts d\u2019\u00e9quilibrage ou le positionnement des fins de course<\/li>\n<li>D\u00e9blocage avec cl\u00e9 personnalis\u00e9e<\/li>\n<\/ul>\n<\/div>\n<div class=\"elem\">\n<ul>\n<li>Tableau \u00e9lectronique P1 24V-CRX int\u00e9gr\u00e9e, pr\u00e9dispos\u00e9e pour denombreuses fonctions activables<\/li>\n<li>Possibilit\u00e9 de raccorder la carte de recharge ACG4774, les batteries tampon ACG9511 (180 cycles) et l\u2019un des r\u00e9cepteurs radio.<\/li>\n<li>Dans le tableau P1 24-CRX integr\u00e9 la m\u00e9moire des codes des t\u00e9l\u00e9commandes peut \u00eatre extraite pour une maintenance plus simple.<\/li>\n<li>Le tableau P1 24V-CRX peut g\u00e9rer jusqu\u2019\u00e0 1000 entre t\u00e9l\u00e9commandes SUN ou SUN PRO.<\/li>\n<li>Le tableau P1 24V-CRX peut \u00eatre g\u00e9r\u00e9 avec la carte Bluetooth APP ou la carte APP+.<\/li>\n<li>Produit brevet\u00e9 &#8211; 0000252055 -EP1295992.<\/li>\n<\/ul>\n<\/div>\n","protected":false},"excerpt":{"rendered":"<h3>PRESIDENT Operateur pour contr\u00f4le des acc\u00e8s avec tableau \u00e9lectronique (lisse longue jusqu&#8217;\u00e0 4 m &#8211; ouvre en 3 secondes)<\/h3>\n","protected":false},"featured_media":31536,"template":"","meta":{"_acf_changed":false,"_monsterinsights_skip_tracking":false,"_monsterinsights_sitenote_active":false,"_monsterinsights_sitenote_note":"","_monsterinsights_sitenote_category":0},"product_brand":[290],"product_cat":[134,300,301],"product_tag":[],"class_list":{"0":"post-31513","1":"product","2":"type-product","3":"status-publish","4":"has-post-thumbnail","6":"product_brand-rib","7":"product_cat-automatisme","8":"product_cat-barrieres","9":"product_cat-barrieres-automatique","11":"first","12":"instock","13":"taxable","14":"shipping-taxable","15":"purchasable","16":"product-type-variable","17":"add-to-wishlist-after_add_to_cart"},"acf":[],"yoast_head":"<!-- This site is optimized with the Yoast SEO plugin v23.6 - https:\/\/yoast.com\/wordpress\/plugins\/seo\/ -->\n<title>PRESIDENT - SOMO S.A.M<\/title>\n<meta name=\"robots\" content=\"index, follow, max-snippet:-1, max-image-preview:large, max-video-preview:-1\" \/>\n<link rel=\"canonical\" href=\"https:\/\/somo-sam.com\/?product=president\" \/>\n<meta property=\"og:locale\" content=\"fr_FR\" \/>\n<meta property=\"og:type\" content=\"article\" \/>\n<meta property=\"og:title\" content=\"PRESIDENT - SOMO S.A.M\" \/>\n<meta property=\"og:description\" content=\"PRESIDENT Operateur pour contr\u00f4le des acc\u00e8s avec tableau \u00e9lectronique (lisse longue jusqu&#039;\u00e0 4 m - ouvre en 3 secondes)\" \/>\n<meta property=\"og:url\" content=\"https:\/\/somo-sam.com\/?product=president\" \/>\n<meta property=\"og:site_name\" content=\"SOMO S.A.M\" \/>\n<meta property=\"og:image\" content=\"https:\/\/somo-sam.com\/wp-content\/uploads\/2025\/03\/Design-sans-titre-1-16.png\" \/>\n\t<meta property=\"og:image:width\" content=\"1080\" \/>\n\t<meta property=\"og:image:height\" content=\"1080\" \/>\n\t<meta property=\"og:image:type\" content=\"image\/png\" \/>\n<meta name=\"twitter:card\" content=\"summary_large_image\" \/>\n<meta name=\"twitter:label1\" content=\"Dur\u00e9e de lecture estim\u00e9e\" \/>\n\t<meta name=\"twitter:data1\" content=\"2 minutes\" \/>\n<script type=\"application\/ld+json\" class=\"yoast-schema-graph\">{\"@context\":\"https:\/\/schema.org\",\"@graph\":[{\"@type\":\"WebPage\",\"@id\":\"https:\/\/somo-sam.com\/?product=president\",\"url\":\"https:\/\/somo-sam.com\/?product=president\",\"name\":\"PRESIDENT - SOMO S.A.M\",\"isPartOf\":{\"@id\":\"http:\/\/somo-sam.com\/#website\"},\"primaryImageOfPage\":{\"@id\":\"https:\/\/somo-sam.com\/?product=president#primaryimage\"},\"image\":{\"@id\":\"https:\/\/somo-sam.com\/?product=president#primaryimage\"},\"thumbnailUrl\":\"https:\/\/somo-sam.com\/wp-content\/uploads\/2025\/03\/Design-sans-titre-1-16.png\",\"datePublished\":\"2025-03-27T11:00:32+00:00\",\"dateModified\":\"2025-03-27T11:00:32+00:00\",\"breadcrumb\":{\"@id\":\"https:\/\/somo-sam.com\/?product=president#breadcrumb\"},\"inLanguage\":\"fr-FR\",\"potentialAction\":[{\"@type\":\"ReadAction\",\"target\":[\"https:\/\/somo-sam.com\/?product=president\"]}]},{\"@type\":\"ImageObject\",\"inLanguage\":\"fr-FR\",\"@id\":\"https:\/\/somo-sam.com\/?product=president#primaryimage\",\"url\":\"https:\/\/somo-sam.com\/wp-content\/uploads\/2025\/03\/Design-sans-titre-1-16.png\",\"contentUrl\":\"https:\/\/somo-sam.com\/wp-content\/uploads\/2025\/03\/Design-sans-titre-1-16.png\",\"width\":1080,\"height\":1080},{\"@type\":\"BreadcrumbList\",\"@id\":\"https:\/\/somo-sam.com\/?product=president#breadcrumb\",\"itemListElement\":[{\"@type\":\"ListItem\",\"position\":1,\"name\":\"Accueil\",\"item\":\"http:\/\/somo-sam.com\/\"},{\"@type\":\"ListItem\",\"position\":2,\"name\":\"Shop\",\"item\":\"https:\/\/somo-sam.com\/?page_id=413\"},{\"@type\":\"ListItem\",\"position\":3,\"name\":\"PRESIDENT\"}]},{\"@type\":\"WebSite\",\"@id\":\"http:\/\/somo-sam.com\/#website\",\"url\":\"http:\/\/somo-sam.com\/\",\"name\":\"SOMO S.A.M\",\"description\":\"Votre partenaire en \u00e9quipements h\u00f4teliers et de restauration\",\"potentialAction\":[{\"@type\":\"SearchAction\",\"target\":{\"@type\":\"EntryPoint\",\"urlTemplate\":\"http:\/\/somo-sam.com\/?s={search_term_string}\"},\"query-input\":{\"@type\":\"PropertyValueSpecification\",\"valueRequired\":true,\"valueName\":\"search_term_string\"}}],\"inLanguage\":\"fr-FR\"}]}<\/script>\n<!-- \/ Yoast SEO plugin. -->","yoast_head_json":{"title":"PRESIDENT - SOMO S.A.M","robots":{"index":"index","follow":"follow","max-snippet":"max-snippet:-1","max-image-preview":"max-image-preview:large","max-video-preview":"max-video-preview:-1"},"canonical":"https:\/\/somo-sam.com\/?product=president","og_locale":"fr_FR","og_type":"article","og_title":"PRESIDENT - SOMO S.A.M","og_description":"PRESIDENT Operateur pour contr\u00f4le des acc\u00e8s avec tableau \u00e9lectronique (lisse longue jusqu'\u00e0 4 m - ouvre en 3 secondes)","og_url":"https:\/\/somo-sam.com\/?product=president","og_site_name":"SOMO S.A.M","og_image":[{"width":1080,"height":1080,"url":"https:\/\/somo-sam.com\/wp-content\/uploads\/2025\/03\/Design-sans-titre-1-16.png","type":"image\/png"}],"twitter_card":"summary_large_image","twitter_misc":{"Dur\u00e9e de lecture estim\u00e9e":"2 minutes"},"schema":{"@context":"https:\/\/schema.org","@graph":[{"@type":"WebPage","@id":"https:\/\/somo-sam.com\/?product=president","url":"https:\/\/somo-sam.com\/?product=president","name":"PRESIDENT - SOMO S.A.M","isPartOf":{"@id":"http:\/\/somo-sam.com\/#website"},"primaryImageOfPage":{"@id":"https:\/\/somo-sam.com\/?product=president#primaryimage"},"image":{"@id":"https:\/\/somo-sam.com\/?product=president#primaryimage"},"thumbnailUrl":"https:\/\/somo-sam.com\/wp-content\/uploads\/2025\/03\/Design-sans-titre-1-16.png","datePublished":"2025-03-27T11:00:32+00:00","dateModified":"2025-03-27T11:00:32+00:00","breadcrumb":{"@id":"https:\/\/somo-sam.com\/?product=president#breadcrumb"},"inLanguage":"fr-FR","potentialAction":[{"@type":"ReadAction","target":["https:\/\/somo-sam.com\/?product=president"]}]},{"@type":"ImageObject","inLanguage":"fr-FR","@id":"https:\/\/somo-sam.com\/?product=president#primaryimage","url":"https:\/\/somo-sam.com\/wp-content\/uploads\/2025\/03\/Design-sans-titre-1-16.png","contentUrl":"https:\/\/somo-sam.com\/wp-content\/uploads\/2025\/03\/Design-sans-titre-1-16.png","width":1080,"height":1080},{"@type":"BreadcrumbList","@id":"https:\/\/somo-sam.com\/?product=president#breadcrumb","itemListElement":[{"@type":"ListItem","position":1,"name":"Accueil","item":"http:\/\/somo-sam.com\/"},{"@type":"ListItem","position":2,"name":"Shop","item":"https:\/\/somo-sam.com\/?page_id=413"},{"@type":"ListItem","position":3,"name":"PRESIDENT"}]},{"@type":"WebSite","@id":"http:\/\/somo-sam.com\/#website","url":"http:\/\/somo-sam.com\/","name":"SOMO S.A.M","description":"Votre partenaire en \u00e9quipements h\u00f4teliers et de restauration","potentialAction":[{"@type":"SearchAction","target":{"@type":"EntryPoint","urlTemplate":"http:\/\/somo-sam.com\/?s={search_term_string}"},"query-input":{"@type":"PropertyValueSpecification","valueRequired":true,"valueName":"search_term_string"}}],"inLanguage":"fr-FR"}]}},"_links":{"self":[{"href":"https:\/\/somo-sam.com\/index.php?rest_route=\/wp\/v2\/product\/31513","targetHints":{"allow":["GET"]}}],"collection":[{"href":"https:\/\/somo-sam.com\/index.php?rest_route=\/wp\/v2\/product"}],"about":[{"href":"https:\/\/somo-sam.com\/index.php?rest_route=\/wp\/v2\/types\/product"}],"version-history":[{"count":1,"href":"https:\/\/somo-sam.com\/index.php?rest_route=\/wp\/v2\/product\/31513\/revisions"}],"predecessor-version":[{"id":31540,"href":"https:\/\/somo-sam.com\/index.php?rest_route=\/wp\/v2\/product\/31513\/revisions\/31540"}],"wp:featuredmedia":[{"embeddable":true,"href":"https:\/\/somo-sam.com\/index.php?rest_route=\/wp\/v2\/media\/31536"}],"wp:attachment":[{"href":"https:\/\/somo-sam.com\/index.php?rest_route=%2Fwp%2Fv2%2Fmedia&parent=31513"}],"wp:term":[{"taxonomy":"product_brand","embeddable":true,"href":"https:\/\/somo-sam.com\/index.php?rest_route=%2Fwp%2Fv2%2Fproduct_brand&post=31513"},{"taxonomy":"product_cat","embeddable":true,"href":"https:\/\/somo-sam.com\/index.php?rest_route=%2Fwp%2Fv2%2Fproduct_cat&post=31513"},{"taxonomy":"product_tag","embeddable":true,"href":"https:\/\/somo-sam.com\/index.php?rest_route=%2Fwp%2Fv2%2Fproduct_tag&post=31513"}],"curies":[{"name":"wp","href":"https:\/\/api.w.org\/{rel}","templated":true}]}}